{"text_format":"1","workbook":"xlsx","n_sheets":8,"sheets":["Basic Details","Basic Details old","Result AAP","Result KeyFactorwise AAP","Input","Result KeyFactorwise","Result","Scoring Rules"],"not_rendered":{"charts":0,"images":0,"macros":1,"external_links":0,"defined_names":13,"comments":0,"pivot_tables":0},"unopened":[],"bounds":{"document_bytes":16777216,"sheet_cells":100000,"rows_first":2000,"rows_last":500,"rows_between":2000,"halvings":0,"cell_chars":16384,"cell_head_chars":4096},"cells_cut":0,"cells_raw":0,"read":"whole","date_system":"1900"}

{"sheet":"Basic Details","index":0,"n_rows":51,"n_cols":20,"rows_kept":51,"cut":false,"hidden":false,"merged":[[46,3,46,8],[47,3,47,8],[48,3,48,8],[49,3,49,8],[50,3,50,8],[45,3,45,8],[30,3,30,8],[31,0,31,4],[34,0,34,8],[36,3,36,8],[37,6,38,8],[39,3,39,8],[40,3,40,8],[41,3,41,8],[42,3,42,8],[43,3,43,8],[44,3,44,8],[22,3,22,8],[23,3,23,8],[24,3,24,8],[25,3,25,8],[26,0,29,0],[26,3,26,8],[27,3,27,8],[28,3,28,8],[29,3,29,8],[19,0,20,0],[19,1,20,1],[19,3,19,4],[19,5,19,6],[19,7,19,8],[21,3,21,8],[13,3,13,8],[14,3,14,8],[15,3,15,8],[16,3,16,8],[17,3,17,8],[18,3,18,8],[12,3,12,8],[7,0,7,8],[8,3,8,8],[9,3,9,8],[10,3,10,8],[11,3,11,8],[6,0,6,8],[0,0,0,8],[1,0,1,8],[2,0,2,8],[3,0,3,8],[5,0,5,8]]}
["Government of Rajasthan",null,null,null,null,null,null,null,null,"Version : 20220316",null,null,null,null,null,null,"2019-20","1-July-2018 to 30-June-2019","1-April-2018 to 31-March-2019",2019]
["Department of College Education, Rajasthan"]
["Assessment Matrix for Annual Auditing Programme 2021-22"]
["(An initiative in compliance of the Budget Announcement February 2019, Point No 32)"]
[]
["Format-B"]
["Assessment of private Colleges"]
[" -:College Details :-",null,null,null,null,null,null,null,null,null,null,null,null,null,null,null,"2020-21","1-July-2019 to 30-June-2020","1-April-2019 to 31-March-2020",2020]
[1,"Full Name of College",":",null,null,null,null,null,null,null,null,null,null,null,null,null,"2021-22","1-July-2020 to 30-June-2021","1-April-2020 to 31-March-2021",2021]
[{"$f":"1+A9","v":2},"Full Address of College with Tehsil Name",":",null,null,null,null,null,null,null,null,null,null,null,null,null,"2022-23","1-July-2021 to 30-June-2022","1-April-2021 to 31-March-2022",2022]
[3,"Name of Nodal College with Full Address",":",null,null,null,null,null,null,null,null,null,null,null,null,null,"2023-24","1-July-2022 to 30-June-2023","1-April-2022 to 31-March-2023",2023]
[4,"Year of Establishment",":"]
[5,"Type of Affiliation",":"]
[6,"If PNOC then from the year",":"]
[7,"Year of seeking 2f from UGC",":"]
[8,"Year of seeking 12B from UGC",":"]
[9,"AISHE Code of the college",":"]
[10,"Whether Management body is elected",":"]
[11,"Wheather Accredited for NAAC",":"]
[12,"If Yes, mention Date & Score",null,"Cylce-I :",null,"Cycle-2 :",null,"Cycle-3 :"]
[]
[13,"Name of Principal",":"]
[14,"Mobile Number of Principal",":"]
[15,"Name of IQAC Coordinator",":"]
[16,"Mobile Number of IQAC Coordinator",":"]
[17,"e-mail ID of College",":"]
[{"$f":"1+A26","v":18},"Session for which AAP form is being filled",":","2022-23"]
[null,"Assessment Period will be",":",{"$f":"IF(D27=\"\",\"\",VLOOKUP(D27,Q1:T11,2))","v":"1-July-2021 to 30-June-2022"}]
[null,"Financial Period will be",":",{"$f":"IF(D27=\"\",\"\",VLOOKUP(D27,Q1:T11,3))","v":"1-April-2021 to 31-March-2022"}]
[null,"Examination Year will be",":",{"$f":"IF(D27=\"\",\"\",VLOOKUP(D27,Q1:T11,4))","v":2022}]
[19,"Report Type",":","Draft"]
["This AAP xls File must be saved as :-"]
[]
[]
["-: Inspection & Team Details :- \n(Applicable during Physical Verification only)"]
[]
[1,"Phase of Inspection",":"]
[{"$f":"1+A37","v":2},"First Date of Inspection",":"]
[3,"Second Date of Inspection",":"]
[4,"Name of Coordinator",":"]
[5,"Mobile Number :",":"]
[6,"College Name",":"]
[7,"College City",":"]
[8,"Name of Co-Coordinator",":"]
[9,"Mobile Number :",":"]
[10,"College Name",":"]
[11,"College City",":"]
[12,"Name of Member",":"]
[13,"Mobile Number :",":"]
[14,"College Name",":"]
[15,"College City",":"]

{"sheet":"Basic Details old","index":1,"n_rows":46,"n_cols":24,"rows_kept":46,"cut":false,"hidden":true,"merged":[[19,3,19,8],[21,3,21,8],[26,0,26,8],[29,0,29,8],[20,3,20,8],[24,3,24,8],[25,3,25,8],[20,0,23,0],[22,3,22,8],[23,3,23,8],[34,3,34,8],[35,3,35,8],[36,3,36,8],[37,3,37,8],[31,3,31,8],[32,6,33,8],[38,3,38,8],[45,3,45,8],[39,3,39,8],[40,3,40,8],[41,3,41,8],[42,3,42,8],[43,3,43,8],[44,3,44,8],[1,0,1,8],[2,3,2,8],[3,3,3,8],[7,3,7,8],[8,3,8,8],[4,3,4,8],[5,3,5,8],[6,3,6,8],[9,3,9,8],[13,3,13,8],[14,3,14,8],[15,3,15,8],[18,3,18,8],[10,3,10,8],[11,3,11,8],[12,3,12,8],[16,0,17,0],[16,1,17,1],[16,3,16,4],[16,5,16,6],[16,7,16,8]]}
[null,null,null,null,null,null,null,null,null,null,null,null,null,null,null,null,"2019-20","1-July-2018 to 30-June-2019","1-April-2018 to 31-March-2019",2019,null,null,null,{"$f":"IF(+D21=\"\",\"-----\",D21)","v":"2020-21"}]
[" -: College Details :-",null,null,null,null,null,null,null,null,null,null,null,null,null,null,null,"2020-21","1-July-2019 to 30-June-2020","1-April-2019 to 31-March-2020",2020]
[1,"Full Name of College",":",null,null,null,null,null,null,null,null,null,null,null,null,null,"2021-22","1-July-2020 to 30-June-2021","1-April-2020 to 31-March-2021",2021]
[{"$f":"1+A3","v":2},"Address of the  College",":",null,null,null,null,null,null,null,null,null,null,null,null,null,"2022-23","1-July-2021 to 30-June-2022","1-April-2021 to 31-March-2022",2022]
[3,"e-mail ID of College",":",null,null,null,null,null,null,null,null,null,null,null,null,null,"2023-24","1-July-2022 to 30-June-2023","1-April-2022 to 31-March-2023",2023]
[4,"Phone No",":"]
[5,"Year of Establishment",":"]
[6,"AISHE Code",":"]
[7,"Name of Principal",":"]
[8,"Mobile Number  ",":"]
[9,"e-mail ID",":"]
[10,"Name of IQAC coordinator",":"]
[11,"Mobile Number  ",":"]
[12,"e-mail ID",":"]
[13,"Year of Establishment",":"]
[14,"Wheather Accredited for NAAC",":"]
[15,"If Yes, mention Date & Score",":","Cylce-I :",null,"Cycle-2 :",null,"Cycle-3 :"]
[null,null,":"]
[{"$f":"1+A17","v":16},"Wheather Accredited for AAP",":"]
[17,"If Yes, mention Score ",":"]
[18,"Session for which AAP form is being filled",":","2020-21"]
[null,"Assessment Period will be",":",{"$f":"IF(D21=\"\",\"\",VLOOKUP(D21,Q1:T5,2))","v":"1-July-2019 to 30-June-2020"}]
[null,"Financial Period will be",":",{"$f":"IF(D21=\"\",\"\",VLOOKUP(D21,Q1:T5,3))","v":"1-April-2019 to 31-March-2020"}]
[null,"Examination Year will be",":",{"$f":"IF(D21=\"\",\"\",VLOOKUP(D21,Q1:T5,4))","v":2020}]
[19,"Report Type",":","Draft"]
[20,null,":"]
[]
[]
[]
["-: Inspection & Team Details :-"]
[]
[1,"Phase of Inspection",":"]
[{"$f":"1+A32","v":2},"First Day of Inspection (Date)",":",2,"APR"]
[3,"Second Day of Inspection (Date)",":",3]
[4,"Name of Team Leader",":"]
[5,"Mobile Number :",":"]
[6,"College Name",":"]
[7,"College City",":"]
[8,"Name of Co-in-Charge",":"]
[9,"Mobile Number :",":"]
[10,"College Name",":"]
[11,"College City",":"]
[12,"Name of Member",":"]
[13,"Mobile Number :",":"]
[14,"College Name",":"]
[15,"College City",":"]

{"sheet":"Result AAP","index":2,"n_rows":21,"n_cols":30,"rows_kept":21,"cut":false,"hidden":false,"merged":[[12,1,12,2],[3,7,3,9],[0,1,0,9],[1,1,1,9],[2,1,2,9],[14,1,14,3],[18,1,18,3],[15,1,15,3],[16,1,16,3],[17,1,17,6],[18,5,18,6]]}
[null,{"$f":"CONCATENATE(UPPER('Basic Details'!D9),\" \",'Basic Details'!D10)","v":" "},null,null,null,null,null,null,null,null,null,null,null,null,null,null,null,null,null,null,null,0,"D",null,null,null,null,"Range of institutional CGPA","Letter Grade","Performance Descriptor"]
[null,{"$f":"CONCATENATE(\"Assessment Matrix for Annual Auditing Programe : \",'Basic Details'!D30,\" Report\")","v":"Assessment Matrix for Annual Auditing Programe : 2022 Report"},null,null,null,null,null,null,null,null,null,null,null,null,null,null,null,null,null,null,null,1.5,"D",null,null,null,null,"3.51 – 4.00","A++","Accredited"]
[null,{"$f":"CONCATENATE(\"Inspection Phase : \",'Basic Details'!D37,\"(\",'Basic Details'!D31,\") for Session : \",'Basic Details'!X1,\" and Inspection Dates : \",'Basic Details'!D38,\"-\",'Basic Details'!H38,\"-\",'Basic Details'!I38,\" and \",'Basic Details'!D39,\"-\",'Basic Details'!H39,\"-\",'Basic Details'!I39)","v":"Inspection Phase : (Draft) for Session :  and Inspection Dates : -- and --"},null,null,null,null,null,null,null,null,null,null,null,null,null,null,null,null,null,null,null,1.5001,"C",null,null,null,null,"3.26 – 3.50","A+","Accredited"]
[null,"Performance Criteria","Weights","Criteria-wise Grade Points","Maximum Weighted Credits","Criteria-wise Grade Points Averages","Crietria-wise Grade","Supporting Document Seq. Number",null,null,null,null,null,"Delete Input Values",null,null,null,null,null,null,null,2,"C",null,null,null,null,"3.01 – 3.25","A","Accredited"]
[null,{"$f":"+Input!A7","v":"A. Teaching and Learning"},{"$f":"SUM('Result KeyFactorwise AAP'!C5:C9)","v":31.25},{"$f":"SUM('Result KeyFactorwise AAP'!D5:D9)","v":0},{"$f":"SUM('Result KeyFactorwise AAP'!E5:E9)","v":125},{"$f":"IF(C5=\"\",\"\",ROUND(D5/C5,3))","v":0},{"$f":"IF(F5=0,\"D\",VLOOKUP(F5,$V$1:$W$21,2))","v":"D"},{"$f":"+'Result KeyFactorwise AAP'!I5","v":0},"-",{"$f":"+'Result KeyFactorwise AAP'!K9","v":0},null,null,null,"A",null,null,null,null,null,null,null,2.0009999999999999,"B",null,null,null,null,"2.76 – 3.00","B++","Accredited"]
[null,{"$f":"+Input!A49","v":"B. Research and Professional Practices"},{"$f":"SUM('Result KeyFactorwise AAP'!C10:C11)","v":18.5},{"$f":"SUM('Result KeyFactorwise AAP'!D10:D11)","v":0},{"$f":"SUM('Result KeyFactorwise AAP'!E10:E11)","v":74},{"$f":"IF(C6=\"\",\"\",ROUND(D6/C6,3))","v":0},"D",{"$f":"+'Result KeyFactorwise AAP'!I10","v":0},"-",{"$f":"+'Result KeyFactorwise AAP'!K11","v":0},null,null,null,"B",null,null,null,null,null,null,null,2.5,"B",null,null,null,null,"2.51 – 2.75","B+","Accredited"]
[null,{"$f":"+Input!A65","v":"C. Infrastructure and Learning Resources"},{"$f":"SUM('Result KeyFactorwise AAP'!C12:C13)","v":17},{"$f":"SUM('Result KeyFactorwise AAP'!D12:D13)","v":0},{"$f":"SUM('Result KeyFactorwise AAP'!E12:E13)","v":68},0,"D",{"$f":"+'Result KeyFactorwise AAP'!I12","v":0},"-",{"$f":"+'Result KeyFactorwise AAP'!K13","v":0},null,null,null,"C",null,null,null,null,null,null,null,2.5001000000000002,"B+",null,null,null,null,"2.01 – 2.50","B","Accredited"]
[null,{"$f":"+Input!A94","v":"D. Student Support and participation"},{"$f":"SUM('Result KeyFactorwise AAP'!C14:C15)","v":13.5},{"$f":"SUM('Result KeyFactorwise AAP'!D14:D15)","v":0},{"$f":"SUM('Result KeyFactorwise AAP'!E14:E15)","v":54},0,"D",{"$f":"+'Result KeyFactorwise AAP'!I14","v":0},"-",{"$f":"+'Result KeyFactorwise AAP'!K15","v":0},null,null,null,"D",null,null,null,null,null,null,null,2.75,"B+",null,null,null,null,"1.51 – 2.00","C","Accredited"]
[null,{"$f":"+Input!A133","v":"E. Financial Resources and Utilisation"},{"$f":"SUM('Result KeyFactorwise AAP'!C16:C17)","v":5.25},{"$f":"SUM('Result KeyFactorwise AAP'!D16:D17)","v":0},{"$f":"SUM('Result KeyFactorwise AAP'!E16:E17)","v":21},0,"D",{"$f":"+'Result KeyFactorwise AAP'!I16","v":0},"-",{"$f":"+'Result KeyFactorwise AAP'!K17","v":0},null,null,null,"E",null,null,null,null,null,null,null,2.7501000000000002,"B++",null,null,null,null,"≤ 1.50","D","Not Accredited"]
[null,{"$f":"+Input!A142","v":"F. Commitment, Leadership and Management"},{"$f":"SUM('Result KeyFactorwise AAP'!C18:C22)","v":14.5},{"$f":"SUM('Result KeyFactorwise AAP'!D18:D22)","v":0},{"$f":"SUM('Result KeyFactorwise AAP'!E18:E22)","v":58},0,"D",{"$f":"+'Result KeyFactorwise AAP'!I18","v":0},"-",{"$f":"+'Result KeyFactorwise AAP'!K22","v":0},null,null,null,"F",null,null,null,null,null,null,null,3,"B++"]
[null,"TOTAL",{"$f":"IF(SUM(C5:C10)=0,\"\",SUM(C5:C10))","v":100},{"$f":"IF(SUM(D5:D10)=0,\"\",SUM(D5:D10))","v":""},{"$f":"IF(SUM(E5:E10)=0,\"\",SUM(E5:E10))","v":400},{"$f":"IF(SUM(F5:F10)=0,\"\",SUM(F5:F10))","v":""},null,null,null,null,null,null,null,null,null,null,null,null,null,null,null,3.0009999999999999,"A"]
[null,null,null,null,null,null,null,null,null,null,null,null,null,null,null,null,null,null,null,null,null,3.25,"A"]
[null,{"$f":"IF(D13=\"\",\"\",\"Institutional CGPA & GRADE\")","v":""},null,{"$f":"IF(F11=\"\",\"\",ROUND(D11/C11,4))","v":""},null,{"$f":"IF(D13=\"\",\"\",VLOOKUP(D13,V1:W21,2))","v":""},null,null,null,null,null,null,null,null,null,null,null,null,null,null,null,3.2501000000000002,"A+"]
[]
[null,{"$f":"CONCATENATE(\"1. \",UPPER('Basic Details'!D40),\", Principal, \",'Basic Details'!D42,\", \",'Basic Details'!D43,\", Mobile No. : \",'Basic Details'!D41)","v":"1. , Principal, , , Mobile No. : "},null,null,null,"Coordinator"]
[null,{"$f":"CONCATENATE(\"2. \",UPPER('Basic Details'!D44),\", Associate Professor, \",'Basic Details'!D46,\", \",'Basic Details'!D47,\", Mobile No. : \",'Basic Details'!D45)","v":"2. , Associate Professor, , , Mobile No. : "},null,null,null,"Co-coordinator"]
[null,{"$f":"CONCATENATE(\"3. \",UPPER('Basic Details'!D48),\", Assistant Professor, \",'Basic Details'!D50,\", \",'Basic Details'!D51,\", Mobile No. : \",'Basic Details'!D49)","v":"3. , Assistant Professor, , , Mobile No. : "},null,null,null,"Member"]
[null,"Despatch No. and Date :"]
[null,{"$f":"CONCATENATE(UPPER('Basic Details'!D22),\", Principal, \",UPPER('Basic Details'!D9),\", \",'Basic Details'!D10,\" Mobile No. : \",'Basic Details'!D23)","v":", Principal, ,  Mobile No. : "}]
[null,null,null,null,null,null,null,null,null,null,null,null,null,null,null,null,null,null,null,null,null,3.5009999999999999,"A++"]
[null,null,null,null,null,null,null,null,null,null,null,null,null,null,null,null,null,null,null,null,null,4,"A++"]

{"sheet":"Result KeyFactorwise AAP","index":3,"n_rows":30,"n_cols":22,"rows_kept":30,"cut":false,"hidden":false,"merged":[[25,0,25,2],[26,0,26,2],[27,0,27,2],[28,0,28,3],[29,0,29,3],[3,8,3,10],[0,0,0,10],[1,0,1,10],[2,0,2,10],[13,0,14,0],[15,0,16,0],[17,0,21,0],[4,0,8,0],[9,0,10,0],[11,0,12,0]]}
[{"$f":"+Result!B1","v":" "},null,null,null,null,null,null,null,null,null,null,null,null,null,null,null,null,null,null,null,0,"D"]
[{"$f":"+'Result AAP'!B2","v":"Assessment Matrix for Annual Auditing Programe : 2022 Report"},null,null,null,null,null,null,null,null,null,null,null,null,null,null,null,null,null,null,null,1.5,"D"]
[{"$f":"+'Result AAP'!B3","v":"Inspection Phase : (Draft) for Session :  and Inspection Dates : -- and --"},null,null,null,null,null,null,null,null,null,null,null,null,null,null,null,null,null,null,null,1.5001,"C"]
["Crteria","Key Factors Criteria","Weights","Criteria-wise Grade Points","Maximum Weighted Credits","Criteria-wise Grade Points Averages","Crietria-wise Grade","Delete Input Values Key Factor ","Supporting Document Seq. Number",null,null,null,null,null,null,null,null,null,null,null,2,"C"]
["A. Teaching  and  Learning","A-1 Student Strength",{"$f":"SUMIF(Input!$BM$7:$BM$187,O5,Input!$J$7:$J$187)","v":3.5},{"$f":"SUMIF(Input!$BM$7:$BM$187,O5,Input!$K$7:$K$187)","v":0},{"$f":"SUMIF(Input!$BM$7:$BM$187,O5,Input!$BQ$7:$BQ$187)","v":14},{"$f":"IF(C5=\"\",\"\",ROUND(D5/C5,3))","v":0},{"$f":"IF(F5=0,\"D\",VLOOKUP(F5,$U$1:$V$16,2))","v":"D"},null,{"$f":"+Input!AB7","v":0},"-",{"$f":"+Input!AD8","v":0},null,null,null,"A-1",null,null,null,null,null,2.0009999999999999,"B"]
[null,"A-2 Inclusivity",{"$f":"SUMIF(Input!$BM$7:$BM$187,O6,Input!$J$7:$J$187)","v":3.25},{"$f":"SUMIF(Input!$BM$7:$BM$187,O6,Input!$K$7:$K$187)","v":0},{"$f":"SUMIF(Input!$BM$7:$BM$187,O6,Input!$BQ$7:$BQ$187)","v":13},{"$f":"IF(C6=\"\",\"\",ROUND(D6/C6,3))","v":0},"D",null,{"$f":"+Input!AB9","v":0},"-",{"$f":"+Input!AD19","v":0},null,null,null,"A-2",null,null,null,null,null,2.5,"B"]
[null,"A-3 Choices",{"$f":"SUMIF(Input!$BM$7:$BM$187,O7,Input!$J$7:$J$187)","v":6.5},{"$f":"SUMIF(Input!$BM$7:$BM$187,O7,Input!$K$7:$K$187)","v":0},{"$f":"SUMIF(Input!$BM$7:$BM$187,O7,Input!$BQ$7:$BQ$187)","v":26},0,"D",null,{"$f":"+Input!AB20","v":0},"-",{"$f":"+Input!AD25","v":0},null,null,null,"A-3",null,null,null,null,null,2.5001000000000002,"B+"]
[null,"A-4 Faculty-Portrayal",{"$f":"SUMIF(Input!$BM$7:$BM$187,O8,Input!$J$7:$J$187)","v":11.5},{"$f":"SUMIF(Input!$BM$7:$BM$187,O8,Input!$K$7:$K$187)","v":0},{"$f":"SUMIF(Input!$BM$7:$BM$187,O8,Input!$BQ$7:$BQ$187)","v":46},0,"D",null,{"$f":"+Input!AB34","v":0},"-",{"$f":"+Input!AD42","v":0},null,null,null,"A-4",null,null,null,null,null,2.75,"B+"]
[null,"A-5 Student performance and learning outcomes",{"$f":"SUMIF(Input!$BM$7:$BM$187,O9,Input!$J$7:$J$187)","v":6.5},{"$f":"SUMIF(Input!$BM$7:$BM$187,O9,Input!$K$7:$K$187)","v":0},{"$f":"SUMIF(Input!$BM$7:$BM$187,O9,Input!$BQ$7:$BQ$187)","v":26},0,"D",null,{"$f":"+Input!AB45","v":0},"-",{"$f":"+Input!AD48","v":0},null,null,null,"A-5",null,null,null,null,null,2.7501000000000002,"B++"]
["B. Research and Professional Practices","B-1 Research Output",{"$f":"SUMIF(Input!$BM$7:$BM$187,O10,Input!$J$7:$J$187)","v":14.5},{"$f":"SUMIF(Input!$BM$7:$BM$187,O10,Input!$K$7:$K$187)","v":0},{"$f":"SUMIF(Input!$BM$7:$BM$187,O10,Input!$BQ$7:$BQ$187)","v":58},0,"D",null,{"$f":"+Input!AB49","v":0},"-",{"$f":"+Input!AD59","v":0},null,null,null,"B-1",null,null,null,null,null,3,"B++"]
[null,"B-2 Academic Enrichment",{"$f":"SUMIF(Input!$BM$7:$BM$187,O11,Input!$J$7:$J$187)","v":4},{"$f":"SUMIF(Input!$BM$7:$BM$187,O11,Input!$K$7:$K$187)","v":0},{"$f":"SUMIF(Input!$BM$7:$BM$187,O11,Input!$BQ$7:$BQ$187)","v":16},0,"D",null,{"$f":"+Input!AB60","v":0},"-",{"$f":"+Input!AD62","v":0},null,null,null,"B-2",null,null,null,null,null,3.0009999999999999,"A"]
["C. Infrastructure and Learning Resources","C-1 Physical Assets",{"$f":"SUMIF(Input!$BM$7:$BM$187,O12,Input!$J$7:$J$187)","v":14.25},{"$f":"SUMIF(Input!$BM$7:$BM$187,O12,Input!$K$7:$K$187)","v":0},{"$f":"SUMIF(Input!$BM$7:$BM$187,O12,Input!$BQ$7:$BQ$187)","v":57},0,"D","C",{"$f":"+Input!AB65","v":0},"-",{"$f":"+Input!AD89","v":0},null,null,null,"C-1",null,null,null,null,null,3.25,"A"]
[null,"C-2 Office Setup",{"$f":"SUMIF(Input!$BM$7:$BM$187,O13,Input!$J$7:$J$187)","v":2.75},{"$f":"SUMIF(Input!$BM$7:$BM$187,O13,Input!$K$7:$K$187)","v":0},{"$f":"SUMIF(Input!$BM$7:$BM$187,O13,Input!$BQ$7:$BQ$187)","v":11},0,"D",null,{"$f":"+Input!AB90","v":0},"-",{"$f":"+Input!AD93","v":0},null,null,null,"C-2",null,null,null,null,null,3.2501000000000002,"A+"]
["D. Student Support and participation","D-1 Learning Support",{"$f":"SUMIF(Input!$BM$7:$BM$187,O14,Input!$J$7:$J$187)","v":3.75},{"$f":"SUMIF(Input!$BM$7:$BM$187,O14,Input!$K$7:$K$187)","v":0},{"$f":"SUMIF(Input!$BM$7:$BM$187,O14,Input!$BQ$7:$BQ$187)","v":15},0,"D","D",{"$f":"+Input!AB94","v":0},"-",{"$f":"+Input!AD104","v":0},null,null,null,"D-1",null,null,null,null,null,3.5,"A+"]
[null,"D-2 Counseling and Mentoring",{"$f":"SUMIF(Input!$BM$7:$BM$187,O15,Input!$J$7:$J$187)","v":9.75},{"$f":"SUMIF(Input!$BM$7:$BM$187,O15,Input!$K$7:$K$187)","v":0},{"$f":"SUMIF(Input!$BM$7:$BM$187,O15,Input!$BQ$7:$BQ$187)","v":39},0,"D",null,{"$f":"+Input!AB105","v":0},"-",{"$f":"+Input!AD132","v":0},null,null,null,"D-2",null,null,null,null,null,3.5009999999999999,"A++"]
["E. Financial Resources and Utilisation","E-1 Financial Management",{"$f":"SUMIF(Input!$BM$7:$BM$187,O16,Input!$J$7:$J$187)","v":4},{"$f":"SUMIF(Input!$BM$7:$BM$187,O16,Input!$K$7:$K$187)","v":0},{"$f":"SUMIF(Input!$BM$7:$BM$187,O16,Input!$BQ$7:$BQ$187)","v":16},0,"D",null,{"$f":"+Input!AB133","v":0},"-",{"$f":"+Input!AD136","v":0},null,null,null,"E-1",null,null,null,null,null,4,"A++"]
[null,"E-2 Self Financing Efforts",{"$f":"SUMIF(Input!$BM$7:$BM$187,O17,Input!$J$7:$J$187)","v":1.25},{"$f":"SUMIF(Input!$BM$7:$BM$187,O17,Input!$K$7:$K$187)","v":0},{"$f":"SUMIF(Input!$BM$7:$BM$187,O17,Input!$BQ$7:$BQ$187)","v":5},0,"D",null,{"$f":"+Input!AB141","v":0},"-",{"$f":"+Input!AD141","v":0},null,null,null,"E-2"]
["F. Commitment, Leadership and Management","F-1 Societal Footprint",{"$f":"SUMIF(Input!$BM$7:$BM$187,O18,Input!$J$7:$J$187)","v":1.25},{"$f":"SUMIF(Input!$BM$7:$BM$187,O18,Input!$K$7:$K$187)","v":0},{"$f":"SUMIF(Input!$BM$7:$BM$187,O18,Input!$BQ$7:$BQ$187)","v":5},0,"D",null,{"$f":"+Input!AB142","v":0},"-",{"$f":"+Input!AD144","v":0},null,null,null,"F-1"]
[null,"F-2 Innovations",{"$f":"SUMIF(Input!$BM$7:$BM$187,O19,Input!$J$7:$J$187)","v":2.5},{"$f":"SUMIF(Input!$BM$7:$BM$187,O19,Input!$K$7:$K$187)","v":0},{"$f":"SUMIF(Input!$BM$7:$BM$187,O19,Input!$BQ$7:$BQ$187)","v":10},0,"D",null,{"$f":"+Input!AB146","v":0},"-",{"$f":"+Input!AD152","v":0},null,null,null,"F-2"]
[null,"F-3 Effective Implementatin of Govt. Schemes",{"$f":"SUMIF(Input!$BM$7:$BM$187,O20,Input!$J$7:$J$187)","v":1.5},{"$f":"SUMIF(Input!$BM$7:$BM$187,O20,Input!$K$7:$K$187)","v":0},{"$f":"SUMIF(Input!$BM$7:$BM$187,O20,Input!$BQ$7:$BQ$187)","v":6},0,"D",null,{"$f":"+Input!AB153","v":0},"-",{"$f":"+Input!AD157","v":0},null,null,null,"F-3"]
[null,"F-4 Strengthening the bond",{"$f":"SUMIF(Input!$BM$7:$BM$187,O21,Input!$J$7:$J$187)","v":1.75},{"$f":"SUMIF(Input!$BM$7:$BM$187,O21,Input!$K$7:$K$187)","v":0},{"$f":"SUMIF(Input!$BM$7:$BM$187,O21,Input!$BQ$7:$BQ$187)","v":7},0,{"$f":"IF(F21=0,\"D\",VLOOKUP(F21,$U$1:$V$16,2))","v":"D"},null,{"$f":"+Input!AB158","v":0},"-",{"$f":"+Input!AD164","v":0},null,null,null,"F-4"]
[null,"F-5 Institutional Values and Best Pratices",{"$f":"SUMIF(Input!$BM$7:$BM$187,O22,Input!$J$7:$J$187)","v":7.5},{"$f":"SUMIF(Input!$BM$7:$BM$187,O22,Input!$K$7:$K$187)","v":0},{"$f":"SUMIF(Input!$BM$7:$BM$187,O22,Input!$BQ$7:$BQ$187)","v":30},0,"D",null,{"$f":"+Input!AB165","v":0},"-",{"$f":"+Input!AD187","v":0},null,null,null,"F-5"]
[null,"TOTAL",{"$f":"IF(SUM(C5:C22)=0,\"\",SUM(C5:C22))","v":100},{"$f":"IF(SUM(D5:D22)=0,\"\",SUM(D5:D22))","v":""}]
[null,"Average",{"$f":"IF(C23=\"\",\"\",ROUND(C23/4,2))","v":25},{"$f":"IF(D23=\"\",\"\",ROUND(D23/4,4))","v":""}]
[]
[{"$f":"+'Result AAP'!B15","v":"1. , Principal, , , Mobile No. : "},null,null,"Team Leader"]
[{"$f":"+'Result AAP'!B16","v":"2. , Associate Professor, , , Mobile No. : "},null,null,"Co    Incharge"]
[{"$f":"+'Result AAP'!B17","v":"3. , Assistant Professor, , , Mobile No. : "},null,null,"Member"]
["Despatch No. and Date :"]
[{"$f":"+'Result AAP'!B19","v":", Principal, ,  Mobile No. : "}]

{"sheet":"Input","index":4,"n_rows":193,"n_cols":78,"rows_kept":193,"cut":false,"hidden":false,"merged":[[88,5,88,6],[86,5,86,6],[104,1,112,1],[113,0,121,0],[167,14,168,14],[167,15,168,15],[167,16,168,16],[167,17,168,17],[52,0,56,0],[52,1,56,1],[74,1,83,1],[113,1,121,1],[108,5,108,6],[109,5,109,6],[110,5,110,6],[111,5,111,6],[129,5,129,6],[74,0,83,0],[84,1,88,1],[84,0,92,0],[89,1,92,1],[93,1,103,1],[93,0,103,0],[104,0,112,0],[91,5,91,6],[93,5,93,6],[87,5,87,6],[92,5,92,6],[184,33,184,52],[185,33,185,52],[186,33,186,52],[170,33,170,52],[171,33,171,52],[172,33,172,52],[173,33,173,52],[174,33,174,52],[175,33,175,52],[176,33,176,52],[177,33,177,52],[181,33,181,52],[179,33,179,52],[178,33,178,52],[180,33,180,52],[182,33,182,52],[183,33,183,52],[165,53,166,53],[167,53,168,53],[156,33,156,52],[157,33,157,52],[158,33,158,52],[159,33,159,52],[136,33,136,52],[137,33,137,52],[138,33,138,52],[139,33,139,52],[144,33,144,51],[147,33,147,52],[149,33,149,52],[150,33,150,52],[151,33,151,52],[162,33,162,52],[163,33,163,52],[164,33,164,52],[165,33,166,52],[167,33,168,52],[172,0,181,0],[182,0,186,0],[182,1,186,1],[167,29,168,29],[167,10,168,10],[167,11,168,11],[167,12,168,12],[165,25,166,25],[165,26,166,26],[165,27,166,27],[165,28,166,28],[165,29,166,29],[165,7,166,7],[165,8,166,8],[165,9,166,9],[165,10,166,10],[165,11,166,11],[165,12,166,12],[165,13,166,13],[165,14,166,14],[165,15,166,15],[165,20,166,20],[165,21,166,21],[172,1,181,1],[0,0,0,29],[1,0,1,29],[2,0,2,29],[3,0,3,29],[80,5,80,6],[77,5,77,6],[81,5,81,6],[83,5,83,6],[85,5,85,6],[4,10,5,10],[4,11,5,11],[4,12,5,12],[4,13,5,13],[47,5,47,6],[82,5,82,6],[30,5,30,6],[31,5,31,6],[32,5,32,6],[25,5,25,6],[26,5,26,6],[62,5,62,6],[63,5,63,6],[4,1,5,1],[4,2,5,2],[122,5,122,6],[128,5,128,6],[116,5,116,6],[119,5,119,6],[120,5,120,6],[167,27,168,27],[165,32,166,32],[165,19,166,19],[167,31,168,31],[145,5,145,6],[146,5,146,6],[148,5,148,6],[162,5,162,6],[126,5,126,6],[127,5,127,6],[156,5,156,6],[147,5,147,6],[130,5,130,6],[131,5,131,6],[123,5,123,6],[124,5,124,6],[125,5,125,6],[167,32,168,32],[167,13,168,13],[152,5,152,6],[165,16,166,16],[165,17,166,17],[165,18,166,18],[136,1,140,1],[144,5,144,6],[135,5,135,6],[140,5,140,6],[141,5,141,6],[158,5,158,6],[159,5,159,6],[160,5,160,6],[161,5,161,6],[149,5,149,6],[150,5,150,6],[164,5,164,6],[136,5,136,6],[137,5,137,6],[138,5,138,6],[139,5,139,6],[155,5,155,6],[153,5,153,6],[143,5,143,6],[169,33,169,52],[163,5,163,6],[183,5,183,6],[184,5,184,6],[167,7,168,7],[167,8,168,8],[178,5,178,6],[181,5,181,6],[182,5,182,6],[175,5,175,6],[180,5,180,6],[167,9,168,9],[167,19,168,19],[167,20,168,20],[167,21,168,21],[169,5,169,6],[170,5,170,6],[171,5,171,6],[172,5,172,6],[174,5,174,6],[176,5,176,6],[165,22,166,22],[165,23,166,23],[165,24,166,24],[78,33,78,52],[82,33,82,52],[79,33,79,52],[80,33,80,52],[81,33,81,52],[62,33,62,51],[63,33,63,51],[25,33,25,51],[26,33,26,51],[27,33,27,51],[28,33,28,51],[29,33,29,51],[30,33,30,51],[31,33,31,51],[32,33,32,51],[41,33,41,52],[44,33,44,52],[36,33,36,52],[37,33,37,52],[38,33,38,52],[45,33,45,52],[46,33,46,52],[48,33,48,52],[49,33,49,52],[4,53,5,53],[157,1,163,1],[132,0,140,0],[4,4,5,4],[4,9,5,9],[4,7,5,7],[4,27,5,29],[8,33,8,52],[9,33,9,52],[10,33,10,52],[11,33,11,52],[6,1,7,1],[6,0,16,0],[13,33,13,52],[14,33,14,52],[16,33,16,52],[17,33,17,52],[19,33,19,52],[20,33,20,52],[21,33,21,52],[33,33,33,52],[34,33,34,52],[39,33,39,52],[40,33,40,52],[192,8,192,29],[192,0,192,6],[188,0,188,4],[189,0,189,4],[190,0,190,4],[188,5,188,6],[188,8,188,29],[189,5,189,6],[189,8,189,29],[190,5,190,6],[190,8,190,29],[191,0,191,29],[106,5,106,6],[117,5,117,6],[118,5,118,6],[121,5,121,6],[107,5,107,6],[114,5,114,6],[112,5,112,6],[113,5,113,6],[94,5,94,6],[115,5,115,6],[100,5,100,6],[105,5,105,6],[103,5,103,6],[4,8,5,8],[8,2,9,2],[8,9,9,9],[4,0,5,0],[19,5,19,6],[73,5,73,6],[8,1,16,1],[17,1,18,1],[33,1,34,1],[9,5,9,6],[20,5,20,6],[44,1,47,1],[64,0,73,0],[17,0,25,0],[64,1,73,1],[26,0,34,0],[19,1,25,1],[26,1,32,1],[35,1,43,1],[35,0,43,0],[48,0,51,0],[48,1,51,1],[0,30,0,33],[1,30,1,33],[2,30,3,33],[4,30,5,30],[4,31,5,31],[4,32,5,32],[0,34,1,34],[2,34,3,34],[0,35,3,35],[4,33,5,52],[6,33,6,52],[7,33,7,52],[15,33,15,52],[18,33,18,52],[22,33,22,52],[23,33,23,52],[24,33,24,52],[12,33,12,52],[35,33,35,52],[50,33,50,52],[51,33,51,52],[52,33,52,52],[42,33,42,51],[43,33,43,51],[53,33,53,52],[54,33,54,52],[47,33,47,52],[55,33,55,52],[57,33,57,52],[58,33,58,52],[59,33,59,52],[60,33,60,52],[61,33,61,52],[64,33,64,52],[65,33,65,52],[66,33,66,52],[56,33,56,52],[67,33,67,52],[68,33,68,52],[69,33,69,52],[70,33,70,52],[74,33,74,52],[108,33,108,52],[127,33,127,52],[75,33,75,52],[76,33,76,52],[77,33,77,52],[71,33,71,52],[73,33,73,52],[72,33,72,52],[90,33,90,52],[91,33,91,52],[93,33,93,52],[88,33,88,52],[83,33,83,52],[84,33,84,52],[85,33,85,52],[89,33,89,52],[86,33,86,52],[87,33,87,52],[92,33,92,52],[103,33,103,52],[111,33,111,52],[112,33,112,52],[113,33,113,52],[99,33,99,52],[117,33,117,52],[118,33,118,52],[121,33,121,52],[122,33,122,52],[100,33,100,52],[101,33,101,52],[102,33,102,52],[104,33,104,52],[105,33,105,52],[106,33,106,52],[107,33,107,52],[123,33,123,52],[114,33,114,52],[115,33,115,52],[116,33,116,52],[119,33,119,52],[120,33,120,52],[185,5,185,6],[186,5,186,6],[132,33,132,52],[133,33,133,52],[134,33,134,52],[135,33,135,52],[140,33,140,52],[141,33,141,52],[142,33,142,52],[143,33,143,52],[145,33,145,52],[160,33,160,52],[161,33,161,52],[152,33,152,52],[153,33,153,52],[154,33,154,52],[155,33,155,52],[157,5,157,6],[4,16,4,25],[4,3,5,3],[8,3,9,3],[165,3,166,3],[167,3,168,3],[56,5,56,6],[72,5,72,6],[54,5,54,6],[55,5,55,6],[58,5,58,6],[61,5,61,6],[64,5,64,6],[74,5,74,6],[75,5,75,6],[79,5,79,6],[4,5,5,6],[4,15,5,15],[5,22,5,23],[5,24,5,25],[5,16,5,17],[4,14,5,14],[95,5,95,6],[101,5,101,6],[98,5,98,6],[126,33,126,52],[129,33,129,52],[146,33,146,52],[148,33,148,52],[5,18,5,19],[5,20,5,21],[21,5,21,6],[22,5,22,6],[122,0,131,0],[122,1,131,1],[132,1,135,1],[142,5,142,6],[130,33,130,52],[131,33,131,52],[124,33,124,52],[125,33,125,52],[94,33,94,52],[95,33,95,52],[96,33,96,52],[97,33,97,52],[98,33,98,52],[128,33,128,52],[109,33,109,52],[110,33,110,52],[167,2,168,2],[167,28,168,28],[165,30,166,30],[167,30,168,30],[165,31,166,31],[165,69,166,69],[167,66,168,66],[167,67,168,67],[167,68,168,68],[167,69,168,69],[165,64,166,64],[167,64,168,64],[165,66,166,66],[165,67,166,67],[165,68,166,68],[165,2,166,2],[167,22,168,22],[167,23,168,23],[167,24,168,24],[167,25,168,25],[167,26,168,26],[165,5,166,6],[167,5,168,6],[167,18,168,18],[152,1,155,1],[149,1,151,1],[149,0,155,0],[156,0,164,0],[165,0,171,0],[165,1,171,1],[0,55,3,59],[4,55,4,59],[44,0,47,0],[57,0,63,0],[59,1,63,1],[141,1,144,1],[145,1,148,1],[141,0,148,0],[165,55,166,55],[167,55,168,55],[165,56,166,56],[167,56,168,56],[165,57,166,57],[167,57,168,57],[165,58,166,58],[167,58,168,58],[165,59,166,59],[167,59,168,59]]}
[{"$f":"+'Result AAP'!B1","v":" "},null,null,null,null,null,null,null,null,null,null,null,null,null,null,null,null,null,null,null,null,null,null,null,null,null,null,null,null,null,"PRADEEP MODI",null,null,null,"AAP Version B  : 20220316",123456,null,null,null,null,null,null,{"$f":"IF(LEFT($AJ$1,1)=\"\",0,INT(LEFT($AJ$1,1)))","v":1},{"$f":"IF(MID($AJ$1,5,1)=\"\",0,INT(MID($AJ$1,5,1)))","v":5},{"$f":"IF(SUM(AT1:AZ4)<>600,0,21)","v":21},{"$f":"IF(COUNTIF($AQ$1:$AR$4,\"=1\")=1,100,0)","v":100},null,null,null,null,null,{"$f":"IF(COUNTIF($AQ$1:$AR$4,\"=5\")=1,100,0)","v":100},null,null,null,"Scoring Rules"]
[{"$f":"+'Result AAP'!B2","v":"Assessment Matrix for Annual Auditing Programe : 2022 Report"},null,null,null,null,null,null,null,null,null,null,null,null,null,null,null,null,null,null,null,null,null,null,null,null,null,null,null,null,null,9413307717,null,null,null,null,null,null,null,null,null,null,null,{"$f":"IF(MID($AJ$1,2,1)=\"\",0,INT(MID($AJ$1,2,1)))","v":2},{"$f":"IF(RIGHT($AJ$1,1)=\"\",0,INT(RIGHT($AJ$1,1)))","v":6},null,{"$f":"IF(COUNTIF($AQ$1:$AR$4,\"=2\")=1,100,0)","v":100},null,null,null,null,null,{"$f":"IF(COUNTIF($AQ$1:$AR$4,\"=6\")=1,100,0)","v":100},null,null,null,null,null,null,null,null,null,null,null,null,null,null,null,null,null,null,null,null,null,null,null,null,null,"Assessment Matrix for Annual Auditing Programme (Revised) - For Private Colleges"]
[{"$f":"+'Result AAP'!B3","v":"Inspection Phase : (Draft) for Session :  and Inspection Dates : -- and --"},null,null,null,null,null,null,null,null,null,null,null,null,null,null,null,null,null,null,null,null,null,null,null,null,null,null,null,null,null,"pradeepjimodi@gmail.com",null,null,null,null,null,null,null,null,null,null,null,{"$f":"IF(MID($AJ$1,3,1)=\"\",0,INT(MID($AJ$1,3,1)))","v":3},null,null,{"$f":"IF(COUNTIF($AQ$1:$AR$4,\"=3\")=1,100,0)","v":100}]
["Detailed Report",null,null,null,null,null,null,null,null,null,null,null,null,null,null,null,null,null,null,null,null,null,null,null,null,null,null,null,null,null,null,null,null,null,null,null,null,null,null,null,null,null,{"$f":"IF(MID($AJ$1,4,1)=\"\",0,INT(MID($AJ$1,4,1)))","v":4},null,null,{"$f":"IF(COUNTIF($AQ$1:$AR$4,\"=4\")=1,100,0)","v":100},null,null,null,null,null,null,null,null,null,null,null,null,null,null,null,null,null,null,null,null,null,null,null,null,null,null,null,null,null,null,null,"Detailed Rules for Scoring Credits with Weightage"]
["Crtieria","Key Indicators","SN","S. No. old","Parameters","Input Values",null,"Percentage or Ratio points","Credits","Weights","Weighted Credits",0,1,2,3,4,"Credits",null,null,null,null,null,null,null,null,null,null,"Supporting Documents Seq. Number",null,null,"Proof Available ?","Team Verification",null,"Supporting Documents/Proofs",null,null,null,null,null,null,null,null,null,null,null,null,null,null,null,null,null,null,null,"Error Message",null,"Credits"]
[null,null,null,null,null,null,null,null,null,null,null,null,null,null,null,null,0,null,1,null,2,null,3,null,4,null,null,null,null,null,null,null,null,null,null,null,null,null,null,null,null,null,null,null,null,null,null,null,null,null,null,null,null,null,null,0,1,2,3,4,null,null,null,null,null,null,{"$f":"SUM(BO7:BO187)","v":716},100,400,0,93,0,372,93,0,372]
["A. Teaching and Learning","A-1 Student Strength",1,1,"Actual Student Strength as percentage of Sanctioned Strength.",null,null,{"$f":"IF(F7=\"\",\"\",ROUND(F7/G7,4))","v":""},{"$f":"IF(OR(F7=\"\",G7=\"\",G7=0),\"\",SUM(L7:P7))","v":""},2,{"$f":"IF(I7=\"\",\"\",+I7*J7*AA7)","v":""},{"$f":"IF($H7<$S7%,$L$5,\"\")","v":""},{"$f":"IF(AND($H7<$U7%,$H7>$R7%),$M$5,\"\")","v":""},{"$f":"IF(AND($H7<$W7%,$H7>$T7%),$N$5,\"\")","v":""},{"$f":"IF(AND($H7<$Y7%,$H7>$V7%),$O$5,\"\")","v":""},{"$f":"IF(AND($H7<Z7%,H7>X7%),$P$5,\"\")","v":""},0,20,20.0001,40,40.000100000000003,60,60.000100000000003,80,80.000100000000003,10000,{"$f":"IF(OR(AND(AE7=\"YES\",AF7=\"PHYSICALLY VERIFIED\"),AND(AE7=\"YES\",AF7=\"DOCUMENT VERIFIED\"),AND(AE7=\"YES\",'Basic Details'!$D$31=\"Self Assessment\"),AND(AE7=\"YES\",'Basic Details'!$D$31=\"Draft\")),1*IF(BB7=\"ERROR INPUT\",0+1,1),0)","v":0},0,{"$f":"IF(AB7=\"\",\"\",\"-\")","v":"-"},0,null,null,null,"College Statistical booklet / AISHE DCF / Online data verified from nodal login",null,null,null,null,null,null,null,null,null,null,null,null,null,null,null,null,null,null,null,{"$f":"IF(F7>G7,\"ERROR INPUT\",\"\")","v":""},null,"0-20","20-40","40-60","60-80","80-100",null,null,null,null,"A-1",{"$f":"+C7","v":1},4,{"$f":"+J7","v":2},{"$f":"+BO7*BP7","v":8},{"$f":"IF(K7=\"\",0,+K7)","v":0}]
[null,null,{"$f":"1+C7","v":2},1,"No. of Applications received as the ratio of Sanctioned seats in UG Part-I and PG (Prev. ).",null,null,{"$f":"IF(F8=0,\"\",ROUND(F8/G8,4))","v":""},{"$f":"IF(OR(F8=\"\",G8=\"\",G8=0),\"\",SUM(L8:P8))","v":""},1.5,{"$f":"IF(I8=\"\",\"\",+I8*J8*AA8)","v":""},{"$f":"IF($H8<$S8,$L$5,\"\")","v":""},{"$f":"IF(AND($H8<$U8,$H8>$R8),$M$5,\"\")","v":""},{"$f":"IF(AND($H8<$W8,$H8>$T8),$N$5,\"\")","v":""},{"$f":"IF(AND($H8<$Y8,$H8>$V8),$O$5,\"\")","v":""},{"$f":"IF(AND($H8<Z8,H8>X8),$P$5,\"\")","v":""},0,0.19989999999999999,0.2,0.99990000000000001,1,1.4999,1.5,1.9999,2,10000,{"$f":"IF(OR(AND(AE8=\"YES\",AF8=\"PHYSICALLY VERIFIED\"),AND(AE8=\"YES\",AF8=\"DOCUMENT VERIFIED\"),AND(AE8=\"YES\",'Basic Details'!$D$31=\"Self Assessment\"),AND(AE8=\"YES\",'Basic Details'!$D$31=\"Draft\")),1*IF(BB8=\"ERROR INPUT\",0+1,1),0)","v":0},null,{"$f":"IF(AB8=\"\",\"\",\"-\")","v":""},null,null,null,null,"From College Admission Nodal login",null,null,null,null,null,null,null,null,null,null,null,null,null,null,null,null,null,null,null,null,null,"0.0-0.2","0.2-1.0","1.0-1.5","1.5-2.0","2.0 & Above",null,null,null,null,"A-1",2,4,{"$f":"+J8","v":1.5},{"$f":"+BO8*BP8","v":6},{"$f":"IF(K8=\"\",0,+K8)","v":0},{"$f":"+BP8+BP7","v":3.5},{"$f":"+BR8+BR7","v":0},{"$f":"+BQ8+BQ7","v":14}]
[null,"A-2 Inclusivity",{"$f":"1+C8","v":3},1,"Percentage of Girls in case of (a) Co Ed. College.",null,{"$f":"IF(F10=\"yes\",\"\",IF(F9=\"\",\"\",+$F$7))","v":""},{"$f":"IF(F9=\"\",\"\",ROUND(F9/G9,4))","v":""},{"$f":"IF(OR(F9=\"\",G9=\"\",G9=0),\"\",IF(F10=\"yes\",0,SUM(L9:P9)))","v":""},1,{"$f":"IF(I9=\"\",\"\",+I9*J9*AA9)","v":""},{"$f":"IF($H9<$S9%,$L$5,\"\")","v":""},{"$f":"IF(AND($H9<$U9%,$H9>$R9%),$M$5,\"\")","v":""},{"$f":"IF(AND($H9<$W9%,$H9>$T9%),$N$5,\"\")","v":""},{"$f":"IF(AND($H9<$Y9%,$H9>$V9%),$O$5,\"\")","v":""},{"$f":"IF(AND($H9<Z9%,H9>X9%),$P$5,\"\")","v":""},0,9.9990000000000006,10,19.998999999999999,20,29.998999999999999,30,49.999000000000002,50,10000,{"$f":"IF(OR(AND(AE9=\"YES\",AF9=\"PHYSICALLY VERIFIED\"),AND(AE9=\"YES\",AF9=\"DOCUMENT VERIFIED\"),AND(AE9=\"YES\",'Basic Details'!$D$31=\"Self Assessment\"),AND(AE9=\"YES\",'Basic Details'!$D$31=\"Draft\")),1*IF(BB9=\"ERROR INPUT\",0+1,1),0)","v":0},null,"",null,null,null,null,"College Statistical booklet/AISHE DCF / Online data verified from nodal login",null,null,null,null,null,null,null,null,null,null,null,null,null,null,null,null,null,null,null,{"$f":"IF(F9>G9,\"ERROR INPUT\",\"\")","v":""},null,"0-10","10-20","20-30","30-50","50 & Above",null,null,null,null,"A-2",3,4,1,4,0]
[null,null,4,null,"Percentage of Girls in case of  (b) Girls College.",null,null,{"$f":"+F10","v":0},{"$f":"IF(I7=\"\",\"\",IF(H10=\"\",0,SUM(L10:P10)))","v":""},null,{"$f":"IF(I10=\"\",\"\",+I10*J9*AA10)","v":""},{"$f":"IF(OR(H10=\"\",H10=\"NO\"),$L$5,\"\")","v":""},{"$f":"IF(AND($H10<$U10%,$H10>$R10%),$M$5,\"\")","v":""},{"$f":"IF(AND($H10<$W10%,$H10>$T10%),$N$5,\"\")","v":""},{"$f":"IF(AND($H10<$Y10%,$H10>$V10%),$O$5,\"\")","v":""},{"$f":"IF(H10=\"YES\",$P$5,\"\")","v":""},null,null,null,null,null,null,null,null,null,null,{"$f":"IF(OR(AND(AE10=\"YES\",AF10=\"PHYSICALLY VERIFIED\"),AND(AE10=\"YES\",AF10=\"DOCUMENT VERIFIED\"),AND(AE10=\"YES\",'Basic Details'!$D$31=\"Self Assessment\"),AND(AE10=\"YES\",'Basic Details'!$D$31=\"Draft\")),1*IF(BB10=\"ERROR INPUT\",0+1,1),0)","v":0},null,"",null,null,null,null,"College Statistical booklet/AISHE DCF / Online data verified from nodal login",null,null,null,null,null,null,null,null,null,null,null,null,null,null,null,null,null,null,null,null,null,"NO",null,null,null,"Yes",null,null,null,null,"A-2",4,4,0,0,0]
[null,null,{"$f":"1+C9","v":4},1,"Percentage of SC.",null,{"$f":"IF(F11=\"\",\"\",+$F$7)","v":""},{"$f":"IF(F11=\"\",\"\",ROUND(F11/G11,4))","v":""},{"$f":"IF(OR(F11=\"\",G11=\"\",G11=0),\"\",SUM(L11:P11))","v":""},0.25,{"$f":"IF(I11=\"\",\"\",+I11*J11*AA11)","v":""},{"$f":"IF($H11<$S11%,$L$5,\"\")","v":""},{"$f":"IF(AND($H11<$U11%,$H11>$R11%),$M$5,\"\")","v":""},{"$f":"IF(AND($H11<$W11%,$H11>$T11%),$N$5,\"\")","v":""},{"$f":"IF(AND($H11<$Y11%,$H11>$V11%),$O$5,\"\")","v":""},{"$f":"IF(AND($H11<Z11%,H11>X11%),$P$5,\"\")","v":""},0,0,8.9999999999999998E-4,9.9999000000000002,10,19.998999999999999,20,29.998999999999999,30,10000,{"$f":"IF(OR(AND(AE11=\"YES\",AF11=\"PHYSICALLY VERIFIED\"),AND(AE11=\"YES\",AF11=\"DOCUMENT VERIFIED\"),AND(AE11=\"YES\",'Basic Details'!$D$31=\"Self Assessment\"),AND(AE11=\"YES\",'Basic Details'!$D$31=\"Draft\")),1*IF(BB11=\"ERROR INPUT\",0+1,1),0)","v":0},null,"",null,null,null,null,"College Statistical booklet/AISHE DCF / Online data verified from nodal login",null,null,null,null,null,null,null,null,null,null,null,null,null,null,null,null,null,null,null,{"$f":"IF(F11>G11,\"ERROR INPUT\",\"\")","v":""},null,0,"More than 0 but less than 10","10-20","20-30","30 & Above",null,null,null,null,"A-2",4,4,0.25,1,0]
[null,null,5,1,"Percentage of ST.",null,"","","",0.25,"","","","","","",0,0,8.9999999999999998E-4,9.9999000000000002,10,19.998999999999999,20,29.998999999999999,30,10000,{"$f":"IF(OR(AND(AE12=\"YES\",AF12=\"PHYSICALLY VERIFIED\"),AND(AE12=\"YES\",AF12=\"DOCUMENT VERIFIED\"),AND(AE12=\"YES\",'Basic Details'!$D$31=\"Self Assessment\"),AND(AE12=\"YES\",'Basic Details'!$D$31=\"Draft\")),1*IF(BB12=\"ERROR INPUT\",0+1,1),0)","v":0},null,"",null,null,null,null,"College Statistical booklet/AISHE DCF / Online data verified from nodal login",null,null,null,null,null,null,null,null,null,null,null,null,null,null,null,null,null,null,null,"",null,0,"More than 0 but less than 10","10-20","20-30","30 & Above",null,null,null,null,"A-2",5,4,0.25,1,0]
[null,null,6,1,"Percentage of OBC.",null,"","","",0.25,"","","","","","",0,0,8.9999999999999998E-4,14.999000000000001,15,29.998999999999999,30,44.999000000000002,45,10000,{"$f":"IF(OR(AND(AE13=\"YES\",AF13=\"PHYSICALLY VERIFIED\"),AND(AE13=\"YES\",AF13=\"DOCUMENT VERIFIED\"),AND(AE13=\"YES\",'Basic Details'!$D$31=\"Self Assessment\"),AND(AE13=\"YES\",'Basic Details'!$D$31=\"Draft\")),1*IF(BB13=\"ERROR INPUT\",0+1,1),0)","v":0},null,"",null,null,null,null,"College Statistical booklet/AISHE DCF / Online data verified from nodal login",null,null,null,null,null,null,null,null,null,null,null,null,null,null,null,null,null,null,null,"",null,0,"More than 0 but less than 15","15-20","30-45","45 & Above",null,null,null,null,"A-2",6,4,0.25,1,0]
[null,null,7,1,"Percentage of MBC.",null,"","","",0.25,"","","","","","",0,0,8.9999999999999998E-4,1.9990000000000001,2,3.9990000000000001,4,5.9989999999999997,6,10000,{"$f":"IF(OR(AND(AE14=\"YES\",AF14=\"PHYSICALLY VERIFIED\"),AND(AE14=\"YES\",AF14=\"DOCUMENT VERIFIED\"),AND(AE14=\"YES\",'Basic Details'!$D$31=\"Self Assessment\"),AND(AE14=\"YES\",'Basic Details'!$D$31=\"Draft\")),1*IF(BB14=\"ERROR INPUT\",0+1,1),0)","v":0},null,"",null,null,null,null,"From nodal (Admission login)",null,null,null,null,null,null,null,null,null,null,null,null,null,null,null,null,null,null,null,"",null,0,"More than 0 but less than 2","2-4","4-6","6 & Above",null,null,null,null,"A-2",7,4,0.25,1,0]
[null,null,8,1,"Percentage of EWS.",null,"","","",0.25,"","","","","","",0,0,8.9999999999999998E-4,1.9990000000000001,2,3.9990000000000001,4,5.9989999999999997,6,10000,{"$f":"IF(OR(AND(AE15=\"YES\",AF15=\"PHYSICALLY VERIFIED\"),AND(AE15=\"YES\",AF15=\"DOCUMENT VERIFIED\"),AND(AE15=\"YES\",'Basic Details'!$D$31=\"Self Assessment\"),AND(AE15=\"YES\",'Basic Details'!$D$31=\"Draft\")),1*IF(BB15=\"ERROR INPUT\",0+1,1),0)","v":0},null,"",null,null,null,null,"From nodal (Admission login)",null,null,null,null,null,null,null,null,null,null,null,null,null,null,null,null,null,null,null,"",null,0,"More than 0 but less than 2","2-4","4-6","6 & Above",null,null,null,null,"A-2",8,4,0.25,1,0]
[null,null,9,1,"Percentage of Minorities.",null,"","","",0.25,"","","","","","",0,0,8.9999999999999998E-4,0.999,1,1.9990000000000001,2,2.9990000000000001,3,10000,{"$f":"IF(OR(AND(AE16=\"YES\",AF16=\"PHYSICALLY VERIFIED\"),AND(AE16=\"YES\",AF16=\"DOCUMENT VERIFIED\"),AND(AE16=\"YES\",'Basic Details'!$D$31=\"Self Assessment\"),AND(AE16=\"YES\",'Basic Details'!$D$31=\"Draft\")),1*IF(BB16=\"ERROR INPUT\",0+1,1),0)","v":0},null,"",null,null,null,null,"College Statistical booklet/AISHE DCF / Online data verified from nodal login",null,null,null,null,null,null,null,null,null,null,null,null,null,null,null,null,null,null,null,"",null,0,"More than 0 but less than 1","1-2","2-3","3 & Above",null,null,null,null,"A-2",9,4,0.25,1,0]
[null,null,10,1,"Percentage of Students from other districts.",null,"","","",0.25,"","","","","","",0,0,8.9999999999999998E-4,1.9990000000000001,2,3.9990000000000001,4,5.9989999999999997,6,10000,{"$f":"IF(OR(AND(AE17=\"YES\",AF17=\"PHYSICALLY VERIFIED\"),AND(AE17=\"YES\",AF17=\"DOCUMENT VERIFIED\"),AND(AE17=\"YES\",'Basic Details'!$D$31=\"Self Assessment\"),AND(AE17=\"YES\",'Basic Details'!$D$31=\"Draft\")),1*IF(BB17=\"ERROR INPUT\",0+1,1),0)","v":0},null,"",null,null,null,null,"From nodal (Admission login)",null,null,null,null,null,null,null,null,null,null,null,null,null,null,null,null,null,null,null,"",null,0,"More than 0 but less than 2","2-4","4-6","6 & Above",null,null,null,null,"A-2",10,4,0.25,1,0]
["A. Teaching and Learning","A-2 Inclusivity",11,1,"Percentage of BPL Students.",null,"","","",0.25,"","","","","","",0,0,8.9999999999999998E-4,9.9999000000000002,10,19.998999999999999,20,29.998999999999999,30,10000,{"$f":"IF(OR(AND(AE18=\"YES\",AF18=\"PHYSICALLY VERIFIED\"),AND(AE18=\"YES\",AF18=\"DOCUMENT VERIFIED\"),AND(AE18=\"YES\",'Basic Details'!$D$31=\"Self Assessment\"),AND(AE18=\"YES\",'Basic Details'!$D$31=\"Draft\")),1*IF(BB18=\"ERROR INPUT\",0+1,1),0)","v":0},null,"",null,null,null,null,"From nodal (Admission login)",null,null,null,null,null,null,null,null,null,null,null,null,null,null,null,null,null,null,null,"",null,0,"More than 0 but less than 10","10-20","20-30","30 & Above",null,null,null,null,"A-2",11,4,0.25,1,0]
[null,null,12,1,"Percentage of Divyang students.",null,"","","",0.25,"","","","","","",0,0,8.9999999999999998E-4,9.9000000000000005E-2,0.1,0.19989999999999999,0.2,0.2999,0.3,10000,{"$f":"IF(OR(AND(AE19=\"YES\",AF19=\"PHYSICALLY VERIFIED\"),AND(AE19=\"YES\",AF19=\"DOCUMENT VERIFIED\"),AND(AE19=\"YES\",'Basic Details'!$D$31=\"Self Assessment\"),AND(AE19=\"YES\",'Basic Details'!$D$31=\"Draft\")),1*IF(BB19=\"ERROR INPUT\",0+1,1),0)","v":0},null,"",null,null,null,null,"From AISHE DSF / From nodal (Admission login)",null,null,null,null,null,null,null,null,null,null,null,null,null,null,null,null,null,null,null,"",null,0,"More than 0 but less than 0.1","0.1-0.2","0.2-0.3","0.3 & Above",null,null,null,null,"A-2",12,4,0.25,1,0,{"$f":"SUM(BP9:BP19)","v":3.25},{"$f":"SUM(BR9:BR19)","v":0},{"$f":"SUM(BQ9:BQ19)","v":13}]
[null,"A-3 Choices",13,1,"No. of Faculties (Arts, Science, Commerce, Agriculture, Law etc.).",null,null,{"$f":"+F20","v":0},{"$f":"IF(F20=\"\",\"\",SUM(L20:P20))","v":""},0.5,"",{"$f":"IF($H20<$S20,$L$5,\"\")","v":0},{"$f":"IF(AND($H20<$U20,$H20>$R20),$M$5,\"\")","v":""},{"$f":"IF(AND($H20<$W20,$H20>$T20),$N$5,\"\")","v":""},{"$f":"IF(AND($H20<$Y20,$H20>$V20),$O$5,\"\")","v":""},{"$f":"IF(AND($H20<Z20,H20>X20),$P$5,\"\")","v":""},0,0.999,1,1.9990000000000001,2,2.9990000000000001,3,3.9990000000000001,4,10000,{"$f":"IF(OR(AND(AE20=\"YES\",AF20=\"PHYSICALLY VERIFIED\"),AND(AE20=\"YES\",AF20=\"DOCUMENT VERIFIED\"),AND(AE20=\"YES\",'Basic Details'!$D$31=\"Self Assessment\"),AND(AE20=\"YES\",'Basic Details'!$D$31=\"Draft\")),1*IF(BB20=\"ERROR INPUT\",0+1,1),0)","v":0},null,"",null,null,null,null,"College Statistical booklet/AISHE DCF / Online data verified from nodal login",null,null,null,null,null,null,null,null,null,null,null,null,null,null,null,null,null,null,null,null,null,0,1,2,3,"4 & Above",null,null,null,null,"A-3",13,4,0.5,2,0]
[null,null,14,1,"No. of Subjects offered at UG Courses.",null,null,{"$f":"+F21","v":0},{"$f":"IF(F21=\"\",\"\",SUM(L21:P21))","v":""},1,"",{"$f":"IF($H21<$S21,$L$5,\"\")","v":0},{"$f":"IF(AND($H21<$U21,$H21>$R21),$M$5,\"\")","v":""},{"$f":"IF(AND($H21<$W21,$H21>$T21),$N$5,\"\")","v":""},{"$f":"IF(AND($H21<$Y21,$H21>$V21),$O$5,\"\")","v":""},{"$f":"IF(AND($H21<Z21,H21>X21),$P$5,\"\")","v":""},0,2,3,5,6,8,9,12,13,10000,{"$f":"IF(OR(AND(AE21=\"YES\",AF21=\"PHYSICALLY VERIFIED\"),AND(AE21=\"YES\",AF21=\"DOCUMENT VERIFIED\"),AND(AE21=\"YES\",'Basic Details'!$D$31=\"Self Assessment\"),AND(AE21=\"YES\",'Basic Details'!$D$31=\"Draft\")),1*IF(BB21=\"ERROR INPUT\",0+1,1),0)","v":0},null,"",null,null,null,null,"College Statistical booklet/AISHE DCF / Online data verified from nodal login",null,null,null,null,null,null,null,null,null,null,null,null,null,null,null,null,null,null,null,null,null,0,"3-5","6-8","9-12","13 & Above",null,null,null,null,"A-3",14,4,1,4,0]
[null,null,15,1,"No. of PG Courses offered.",null,null,0,"",0.5,"",{"$f":"IF($H22<$S22,$L$5,\"\")","v":0},{"$f":"IF(AND($H22<$U22,$H22>$R22),$M$5,\"\")","v":""},{"$f":"IF(AND($H22<$W22,$H22>$T22),$N$5,\"\")","v":""},{"$f":"IF(AND($H22<$Y22,$H22>$V22),$O$5,\"\")","v":""},{"$f":"IF(AND($H22<Z22,H22>X22),$P$5,\"\")","v":""},0,0,1,3,4,6,7,9,10,10000,{"$f":"IF(OR(AND(AE22=\"YES\",AF22=\"PHYSICALLY VERIFIED\"),AND(AE22=\"YES\",AF22=\"DOCUMENT VERIFIED\"),AND(AE22=\"YES\",'Basic Details'!$D$31=\"Self Assessment\"),AND(AE22=\"YES\",'Basic Details'!$D$31=\"Draft\")),1*IF(BB22=\"ERROR INPUT\",0+1,1),0)","v":0},null,"",null,null,null,null,"College Statistical booklet/AISHE DCF / Online data verified from nodal login",null,null,null,null,null,null,null,null,null,null,null,null,null,null,null,null,null,null,null,null,null,0,"1-3","4-6","7-9","10 & Above",null,null,null,null,"A-3",15,4,0.5,2,0]
[null,null,16,1,"No. of Vocational / Skill development Courses offered (RSLDC and Other agencies, including college level).",null,null,0,"",0.5,"",{"$f":"IF($H23<$S23,$L$5,\"\")","v":0},{"$f":"IF(AND($H23<$U23,$H23>$R23),$M$5,\"\")","v":""},{"$f":"IF(AND($H23<$W23,$H23>$T23),$N$5,\"\")","v":""},{"$f":"IF(AND($H23<$Y23,$H23>$V23),$O$5,\"\")","v":""},{"$f":"IF(AND($H23<Z23,H23>X23),$P$5,\"\")","v":""},0,0,1,5,6,10,11,15,16,10000,{"$f":"IF(OR(AND(AE23=\"YES\",AF23=\"PHYSICALLY VERIFIED\"),AND(AE23=\"YES\",AF23=\"DOCUMENT VERIFIED\"),AND(AE23=\"YES\",'Basic Details'!$D$31=\"Self Assessment\"),AND(AE23=\"YES\",'Basic Details'!$D$31=\"Draft\")),1*IF(BB23=\"ERROR INPUT\",0+1,1),0)","v":0},null,"",null,null,null,null,"Check from IGNOU / VMOU / Spoken Tutotrial Centre, whichever is applicable",null,null,null,null,null,null,null,null,null,null,null,null,null,null,null,null,null,null,null,null,null,0,"1-5","6-10","10-15","16 & Above",null,null,null,null,"A-3",16,4,0.5,2,0]
[null,null,17,1,"Percentage of students enrolled in Vocational / Skill development Courses.",null,{"$f":"IF(F24=\"\",\"\",+$F$7)","v":""},{"$f":"IF(F24=\"\",\"\",ROUND(F24/G24,4))","v":""},{"$f":"IF(OR(F24=\"\",G24=\"\",G24=0),\"\",SUM(L24:P24))","v":""},0.5,"",{"$f":"IF($H24<$S24%,$L$5,\"\")","v":""},{"$f":"IF(AND($H24<$U24%,$H24>$R24%),$M$5,\"\")","v":""},{"$f":"IF(AND($H24<$W24%,$H24>$T24%),$N$5,\"\")","v":""},{"$f":"IF(AND($H24<$Y24%,$H24>$V24%),$O$5,\"\")","v":""},{"$f":"IF(AND($H24<Z24%,H24>X24%),$P$5,\"\")","v":""},0,0.999,1,2.9990000000000001,3,5.9989999999999997,6,9.9990000000000006,10,10000,{"$f":"IF(OR(AND(AE24=\"YES\",AF24=\"PHYSICALLY VERIFIED\"),AND(AE24=\"YES\",AF24=\"DOCUMENT VERIFIED\"),AND(AE24=\"YES\",'Basic Details'!$D$31=\"Self Assessment\"),AND(AE24=\"YES\",'Basic Details'!$D$31=\"Draft\")),1*IF(BB24=\"ERROR INPUT\",0+1,1),0)","v":0},null,"",null,null,null,null,"Registration records of students enrolled in IGNOU/VMOU skill courses",null,null,null,null,null,null,null,null,null,null,null,null,null,null,null,null,null,null,null,{"$f":"IF(F24>G24,\"ERROR INPUT\",\"\")","v":""},null,"0-1","1-3","3-6","6-10","10 & Above",null,null,null,null,"A-3",17,4,0.5,2,0]
[null,null,18,1,"Percentage of Students passed in Vocational / Skill development Courses.",null,{"$f":"IF(F25=\"\",\"\",+F24)","v":""},{"$f":"IF(F25=\"\",\"\",ROUND(F25/G25,4))","v":""},{"$f":"IF(OR(F25=\"\",G25=\"\",G25=0),\"\",SUM(L25:P25))","v":""},1,"","","","","","",0,0.999,1,2.9990000000000001,3,5.9989999999999997,6,9.9990000000000006,10,10000,{"$f":"IF(OR(AND(AE25=\"YES\",AF25=\"PHYSICALLY VERIFIED\"),AND(AE25=\"YES\",AF25=\"DOCUMENT VERIFIED\"),AND(AE25=\"YES\",'Basic Details'!$D$31=\"Self Assessment\"),AND(AE25=\"YES\",'Basic Details'!$D$31=\"Draft\")),1*IF(BB25=\"ERROR INPUT\",0+1,1),0)","v":0},null,"",null,null,null,null,"List of enrolled Students / Attendance Register",null,null,null,null,null,null,null,null,null,null,null,null,null,null,null,null,null,null,null,{"$f":"IF(F25>G25,\"ERROR INPUT\",\"\")","v":""},null,"0-1","1-3","3-6","6-10","10 & Above",null,null,null,null,"A-3",18,4,1,4,0,{"$f":"SUM(BP20:BP25)","v":4},{"$f":"SUM(BR20:BR25)","v":0},{"$f":"SUM(BQ20:BQ25)","v":16}]
[null,null,19,null,"Number of subjects approved by the CCE",null,null,{"$f":"+F26","v":0},{"$f":"IF(F26=\"\",\"\",SUM(L26:P26))","v":""},0.5,"",{"$f":"IF($H26<$S26,$L$5,\"\")","v":0},{"$f":"IF(AND($H26<$U26,$H26>$R26),$M$5,\"\")","v":""},{"$f":"IF(AND($H26<$W26,$H26>$T26),$N$5,\"\")","v":""},{"$f":"IF(AND($H26<$Y26,$H26>$V26),$O$5,\"\")","v":""},{"$f":"IF(AND($H26<Z26,H26>X26),$P$5,\"\")","v":""},0,5,6,10,11,15,16,20,21,10000,{"$f":"IF(OR(AND(AE26=\"YES\",AF26=\"PHYSICALLY VERIFIED\"),AND(AE26=\"YES\",AF26=\"DOCUMENT VERIFIED\"),AND(AE26=\"YES\",'Basic Details'!$D$31=\"Self Assessment\"),AND(AE26=\"YES\",'Basic Details'!$D$31=\"Draft\")),1*IF(BB26=\"ERROR INPUT\",0+1,1),0)","v":0},null,"",null,null,null,null,null,null,null,null,null,null,null,null,null,null,null,null,null,null,null,null,null,null,null,null,null,null,"0-5","6-10","11-15","16-20","21 & Above",null,null,null,null,"A-3",{"$f":"+C26","v":19},4,{"$f":"+J26","v":0.5},{"$f":"+BO26*BP26","v":2},{"$f":"IF(K26=\"\",0,+K26)","v":0}]
["A. Teaching and Learning","A-3 Choices",20,null,"Number of subjects approved by the University",null,null,0,"",0.5,"",0,"","","","",0,5,6,10,11,15,16,20,21,10000,{"$f":"IF(OR(AND(AE27=\"YES\",AF27=\"PHYSICALLY VERIFIED\"),AND(AE27=\"YES\",AF27=\"DOCUMENT VERIFIED\"),AND(AE27=\"YES\",'Basic Details'!$D$31=\"Self Assessment\"),AND(AE27=\"YES\",'Basic Details'!$D$31=\"Draft\")),1*IF(BB27=\"ERROR INPUT\",0+1,1),0)","v":0},null,"",null,null,null,null,null,null,null,null,null,null,null,null,null,null,null,null,null,null,null,null,null,null,null,null,null,null,"0-5","6-10","11-15","16-20","21 & Above",null,null,null,null,"A-3",20,4,0.5,2,0]
[null,null,21,null,"Average number of students per class  (ARTS-UG-Part 1)",null,null,{"$f":"IF(F28=0,\"\",ROUND(F28/G28,4))","v":""},"",0.25,"","","","","","",0,0.99999000000000005,1,79.999899999999997,80,100000,100000000,100000000,100000000,100000000,{"$f":"IF(OR(AND(AE28=\"YES\",AF28=\"PHYSICALLY VERIFIED\"),AND(AE28=\"YES\",AF28=\"DOCUMENT VERIFIED\"),AND(AE28=\"YES\",'Basic Details'!$D$31=\"Self Assessment\"),AND(AE28=\"YES\",'Basic Details'!$D$31=\"Draft\")),1*IF(BB28=\"ERROR INPUT\",0+1,1),0)","v":0},null,"",null,null,null,null,null,null,null,null,null,null,null,null,null,null,null,null,null,null,null,null,null,null,null,null,null,null,"0","More than 0 but less than 80","80 & More",null,null,null,null,null,null,"A-3",21,4,0.25,1,0]
[null,null,22,null,"Average number of students per class  (COMMERCE, BBA-UG-Part 1)",null,null,{"$f":"IF(F29=0,\"\",ROUND(F29/G29,4))","v":""},"",0.25,"","","","","","",0,0.99999000000000005,1,79.999899999999997,80,100000,100000000,100000000,100000000,100000000,{"$f":"IF(OR(AND(AE29=\"YES\",AF29=\"PHYSICALLY VERIFIED\"),AND(AE29=\"YES\",AF29=\"DOCUMENT VERIFIED\"),AND(AE29=\"YES\",'Basic Details'!$D$31=\"Self Assessment\"),AND(AE29=\"YES\",'Basic Details'!$D$31=\"Draft\")),1*IF(BB29=\"ERROR INPUT\",0+1,1),0)","v":0},null,"",null,null,null,null,null,null,null,null,null,null,null,null,null,null,null,null,null,null,null,null,null,null,null,null,null,null,"0","More than 0 but less than 80","80 & More",null,null,null,null,null,null,"A-3",22,4,0.25,1,0]
[null,null,23,null,"Average number of students per class  (ALL SCIENCES-UG-Part 1)",null,null,{"$f":"IF(F30=0,\"\",ROUND(F30/G30,4))","v":""},"",0.25,"","","","","","",0,0.99999000000000005,1,69.999899999999997,70,100000,100000000,100000000,100000000,100000000,{"$f":"IF(OR(AND(AE30=\"YES\",AF30=\"PHYSICALLY VERIFIED\"),AND(AE30=\"YES\",AF30=\"DOCUMENT VERIFIED\"),AND(AE30=\"YES\",'Basic Details'!$D$31=\"Self Assessment\"),AND(AE30=\"YES\",'Basic Details'!$D$31=\"Draft\")),1*IF(BB30=\"ERROR INPUT\",0+1,1),0)","v":0},null,"",null,null,null,null,null,null,null,null,null,null,null,null,null,null,null,null,null,null,null,null,null,null,null,null,null,null,"0","More than 0 but less than 70","70 & More",null,null,null,null,null,null,"A-3",23,4,0.25,1,0]
[null,null,24,null,"Number of Working Subject Combinations in  (ARTS-UG)",null,null,{"$f":"+F31","v":0},"",0.25,"",0,"","","","",0,0,1,5,6,10,11,15,16,100,{"$f":"IF(OR(AND(AE31=\"YES\",AF31=\"PHYSICALLY VERIFIED\"),AND(AE31=\"YES\",AF31=\"DOCUMENT VERIFIED\"),AND(AE31=\"YES\",'Basic Details'!$D$31=\"Self Assessment\"),AND(AE31=\"YES\",'Basic Details'!$D$31=\"Draft\")),1*IF(BB31=\"ERROR INPUT\",0+1,1),0)","v":0},null,"",null,null,null,null,null,null,null,null,null,null,null,null,null,null,null,null,null,null,null,null,null,null,null,null,null,null,0,"1-5","6-10","11-15","16 & More",null,null,null,null,"A-3",24,4,0.25,1,0]
[null,null,25,null,"Number of Working Subject Combinations in  (COMMERCE,BBA-UG)",null,null,{"$f":"+F32","v":0},"",0.25,"",0,"","","","",0,0,1,1,2,2,3,3,4,100,{"$f":"IF(OR(AND(AE32=\"YES\",AF32=\"PHYSICALLY VERIFIED\"),AND(AE32=\"YES\",AF32=\"DOCUMENT VERIFIED\"),AND(AE32=\"YES\",'Basic Details'!$D$31=\"Self Assessment\"),AND(AE32=\"YES\",'Basic Details'!$D$31=\"Draft\")),1*IF(BB32=\"ERROR INPUT\",0+1,1),0)","v":0},null,"",null,null,null,null,null,null,null,null,null,null,null,null,null,null,null,null,null,null,null,null,null,null,null,null,null,null,0,"1","2","3","4 & More",null,null,null,null,"A-3",25,4,0.25,1,0]
[null,null,26,null,"Number of Working Subject Combinations in  (ALL SCIENCES-UG)",null,null,0,"",0.25,"",0,"","","","",0,0,1,2,3,3,4,4,5,100,{"$f":"IF(OR(AND(AE33=\"YES\",AF33=\"PHYSICALLY VERIFIED\"),AND(AE33=\"YES\",AF33=\"DOCUMENT VERIFIED\"),AND(AE33=\"YES\",'Basic Details'!$D$31=\"Self Assessment\"),AND(AE33=\"YES\",'Basic Details'!$D$31=\"Draft\")),1*IF(BB33=\"ERROR INPUT\",0+1,1),0)","v":0},null,"",null,null,null,null,null,null,null,null,null,null,null,null,null,null,null,null,null,null,null,null,null,null,null,null,null,null,0,"1-2",3,4,"5 & More",null,null,null,null,"A-3",26,4,0.25,1,0]
[null,"A-4 Faculty-Portrayal",{"$f":"1+C33","v":27},1,"Working faculty as percentage of posts- required-as-per-rules",null,null,{"$f":"IF(F34=\"\",\"\",ROUND(F34/G34,4))","v":""},"",1,"",{"$f":"IF($H34<$S34%,$L$5,\"\")","v":""},{"$f":"IF(AND($H34<$U34%,$H34>$R34%),$M$5,\"\")","v":""},{"$f":"IF(AND($H34<$W34%,$H34>$T34%),$N$5,\"\")","v":""},{"$f":"IF(AND($H34<$Y34%,$H34>$V34%),$O$5,\"\")","v":""},{"$f":"IF(AND($H34<Z34%,H34>X34%),$P$5,\"\")","v":""},0,19.998999999999999,20,39.999000000000002,40,59.999000000000002,60,79.998999999999995,80,10000,{"$f":"IF(OR(AND(AE34=\"YES\",AF34=\"PHYSICALLY VERIFIED\"),AND(AE34=\"YES\",AF34=\"DOCUMENT VERIFIED\"),AND(AE34=\"YES\",'Basic Details'!$D$31=\"Self Assessment\"),AND(AE34=\"YES\",'Basic Details'!$D$31=\"Draft\")),1*IF(BB34=\"ERROR INPUT\",0+1,1),0)","v":0},null,"",null,null,null,null,"Attendance Register / AISHE DCF",null,null,null,null,null,null,null,null,null,null,null,null,null,null,null,null,null,null,null,null,null,"0-20","20-40","40-60","60-80","80 & Above",null,null,null,null,"A-4",{"$f":"+C34","v":27},4,1,4,0]
[null,null,28,1,"Percentage of filled posts (regular appointments) against no. of posts-required-as-per-rules",null,{"$f":"IF(F35=\"\",\"\",+G34)","v":""},{"$f":"IF(F35=\"\",\"\",ROUND(F35/G35,4))","v":""},"",1,"","","","","","",0,19.998999999999999,20,39.999000000000002,40,59.999000000000002,60,79.998999999999995,80,10000,{"$f":"IF(OR(AND(AE35=\"YES\",AF35=\"PHYSICALLY VERIFIED\"),AND(AE35=\"YES\",AF35=\"DOCUMENT VERIFIED\"),AND(AE35=\"YES\",'Basic Details'!$D$31=\"Self Assessment\"),AND(AE35=\"YES\",'Basic Details'!$D$31=\"Draft\")),1*IF(BB35=\"ERROR INPUT\",0+1,1),0)","v":0},null,"",null,null,null,null,"Attendance Register / AISHE DCF",null,null,null,null,null,null,null,null,null,null,null,null,null,null,null,null,null,null,null,"",null,"0-20","20-40","40-60","60-80","80 & Above",null,null,null,null,"A-4",28,4,1,4,0]
["A. Teaching and Learning","A-4 Faculty-Portrayal",29,1,"Percentage of working faculty members having Ph.D Degree.",null,{"$f":"IF(F36=\"\",\"\",+$F$34)","v":""},{"$f":"IF(F36=\"\",\"\",ROUND(F36/G36,4))","v":""},"",1.5,"","","","","","",0,20,20.0001,40,40.000100000000003,60,60.000100000000003,80,80.000100000000003,10000,{"$f":"IF(OR(AND(AE36=\"YES\",AF36=\"PHYSICALLY VERIFIED\"),AND(AE36=\"YES\",AF36=\"DOCUMENT VERIFIED\"),AND(AE36=\"YES\",'Basic Details'!$D$31=\"Self Assessment\"),AND(AE36=\"YES\",'Basic Details'!$D$31=\"Draft\")),1*IF(BB36=\"ERROR INPUT\",0+1,1),0)","v":0},null,"",null,null,null,null,"AISHE DCF AND Ph. D. Certificate",null,null,null,null,null,null,null,null,null,null,null,null,null,null,null,null,null,null,null,"",null,"0-20","20-40","40-60","60-80","80 & Above",null,null,null,null,"A-4",29,4,1.5,6,0]
[null,null,30,1,"Percentage of working faculty members having M.Phil. Degree (other than Ph.D).",null,{"$f":"IF(F37=\"\",\"\",+$F$34)","v":""},"","",0.5,"","","","","","",0,1.9990000000000001,2,3.9990000000000001,4,5.9989999999999997,6,7.9989999999999997,8,10000,{"$f":"IF(OR(AND(AE37=\"YES\",AF37=\"PHYSICALLY VERIFIED\"),AND(AE37=\"YES\",AF37=\"DOCUMENT VERIFIED\"),AND(AE37=\"YES\",'Basic Details'!$D$31=\"Self Assessment\"),AND(AE37=\"YES\",'Basic Details'!$D$31=\"Draft\")),1*IF(BB37=\"ERROR INPUT\",0+1,1),0)","v":0},null,"",null,null,null,null,"AISHE DCF AND M.Phil. Certificate",null,null,null,null,null,null,null,null,null,null,null,null,null,null,null,null,null,null,null,"",null,"0-2","2-4","4-6","6-8","8 & Above",null,null,null,null,"A-4",30,4,0.5,2,0]
[null,null,31,1,"Percentage of working faculty members awarded PDF/D.Litt.",null,{"$f":"IF(F38=\"\",\"\",+$F$34)","v":""},"","",0.5,"","","","","","",0,1.9990000000000001,2,3.9990000000000001,4,5.9989999999999997,6,7.9989999999999997,8,10000,{"$f":"IF(OR(AND(AE38=\"YES\",AF38=\"PHYSICALLY VERIFIED\"),AND(AE38=\"YES\",AF38=\"DOCUMENT VERIFIED\"),AND(AE38=\"YES\",'Basic Details'!$D$31=\"Self Assessment\"),AND(AE38=\"YES\",'Basic Details'!$D$31=\"Draft\")),1*IF(BB38=\"ERROR INPUT\",0+1,1),0)","v":0},null,"",null,null,null,null,"Certificate from Personal File / Copy Provided",null,null,null,null,null,null,null,null,null,null,null,null,null,null,null,null,null,null,null,"",null,"0-2","2-4","4-6","6-8","8 & Above",null,null,null,null,"A-4",31,4,0.5,2,0]
[null,null,32,1,"Student-Teacher ratio as per posts-required-as-per-rules",{"$f":"IF(OR(G35=\"\",G35=0),\"\",+$F$7)","v":""},{"$f":"+G35","v":""},{"$f":"IF(F39=0,\"\",ROUND(F39/G39,4))","v":{"$error":"#VALUE!"}},"",2,"",{"$f":"IF($H39>$S39,$L$5,\"\")","v":{"$error":"#VALUE!"}},{"$f":"IF(AND($H39>$U39,$H39<$R39),$M$5,\"\")","v":{"$error":"#VALUE!"}},{"$f":"IF(AND($H39>$W39,$H39<$T39),$N$5,\"\")","v":{"$error":"#VALUE!"}},{"$f":"IF(AND($H39>$Y39,$H39<$V39),$O$5,\"\")","v":{"$error":"#VALUE!"}},{"$f":"IF(AND($H39>Z39,H39<X39),$P$5,\"\")","v":{"$error":"#VALUE!"}},1000,100.0001,100,80.000100000000003,80,60.000100000000003,60,40.000100000000003,40,1E-4,{"$f":"IF(OR(AND(AE39=\"YES\",AF39=\"PHYSICALLY VERIFIED\"),AND(AE39=\"YES\",AF39=\"DOCUMENT VERIFIED\"),AND(AE39=\"YES\",'Basic Details'!$D$31=\"Self Assessment\"),AND(AE39=\"YES\",'Basic Details'!$D$31=\"Draft\")),1*IF(BB39=\"ERROR INPUT\",0+1,1),0)","v":0},null,"",null,null,null,null,"College Statistical booklet/AISHE DCF ",null,null,null,null,null,null,null,null,null,null,null,null,null,null,null,null,null,null,null,null,null,"Above 1000","100-80","80-60","60-40","40 & Below",null,null,null,null,"A-4",32,4,2,8,0]
[null,null,33,1,"Student-Teacher ratio as per working no. of teachers",{"$f":"IF(G40=\"\",\"\",+$F$7)","v":""},{"$f":"IF(OR(F34=\"\",F34=0),\"\",+$F$34)","v":""},{"$f":"IF(F40=0,\"\",ROUND(F40/G40,4))","v":{"$error":"#VALUE!"}},"",2,"",{"$f":"IF($H40>$S40,$L$5,\"\")","v":{"$error":"#VALUE!"}},{"$f":"IF(AND($H40>$U40,$H40<$R40),$M$5,\"\")","v":{"$error":"#VALUE!"}},{"$f":"IF(AND($H40>$W40,$H40<$T40),$N$5,\"\")","v":{"$error":"#VALUE!"}},{"$f":"IF(AND($H40>$Y40,$H40<$V40),$O$5,\"\")","v":{"$error":"#VALUE!"}},{"$f":"IF(AND($H40>Z40,H40<X40),$P$5,\"\")","v":{"$error":"#VALUE!"}},1000,100.0001,100,80.000100000000003,80,60.000100000000003,60,40.000100000000003,40,1E-4,{"$f":"IF(OR(AND(AE40=\"YES\",AF40=\"PHYSICALLY VERIFIED\"),AND(AE40=\"YES\",AF40=\"DOCUMENT VERIFIED\"),AND(AE40=\"YES\",'Basic Details'!$D$31=\"Self Assessment\"),AND(AE40=\"YES\",'Basic Details'!$D$31=\"Draft\")),1*IF(BB40=\"ERROR INPUT\",0+1,1),0)","v":0},null,"",null,null,null,null,"College Statistical booklet/AISHE DCF ",null,null,null,null,null,null,null,null,null,null,null,null,null,null,null,null,null,null,null,null,null,"Above 1000","100-80","80-60","60-40","40 & Below",null,null,null,null,"A-4",33,4,2,8,0]
[null,null,34,1,"Target of content-wise teaching achieved in percentage.",null,null,{"$f":"IF(F41=\"\",\"\",ROUND(F41/G41,4))","v":""},"",1,"",{"$f":"IF($H41<$S41%,$L$5,\"\")","v":""},{"$f":"IF(AND($H41<$U41%,$H41>$R41%),$M$5,\"\")","v":""},{"$f":"IF(AND($H41<$W41%,$H41>$T41%),$N$5,\"\")","v":""},{"$f":"IF(AND($H41<$Y41%,$H41>$V41%),$O$5,\"\")","v":""},{"$f":"IF(AND($H41<Z41%,H41>X41%),$P$5,\"\")","v":""},0,19.998999999999999,20,39.999000000000002,40,59.999000000000002,60,79.998999999999995,80,10000,{"$f":"IF(OR(AND(AE41=\"YES\",AF41=\"PHYSICALLY VERIFIED\"),AND(AE41=\"YES\",AF41=\"DOCUMENT VERIFIED\"),AND(AE41=\"YES\",'Basic Details'!$D$31=\"Self Assessment\"),AND(AE41=\"YES\",'Basic Details'!$D$31=\"Draft\")),1*IF(BB41=\"ERROR INPUT\",0+1,1),0)","v":0},null,"",null,null,null,null,"Self Declaration by concerned faculty and if feasible then to be verified from students.",null,null,null,null,null,null,null,null,null,null,null,null,null,null,null,null,null,null,null,null,null,"0-20","20-40","40-60","60-80","80 & Above",null,null,null,null,"A-4",34,4,1,4,0]
[null,null,35,1,"Percentage of faculty members contributed to devlopment of E-content (which is being utilised in more than one institution).",null,{"$f":"IF(F42=\"\",\"\",+$F$34)","v":""},{"$f":"IF(F42=\"\",\"\",ROUND(F42/G42,4))","v":""},"",1,"","","","","","",0,0,1E-4,9.9999000000000002,10,19.9999,20,29.9999,30,10000,{"$f":"IF(OR(AND(AE42=\"YES\",AF42=\"PHYSICALLY VERIFIED\"),AND(AE42=\"YES\",AF42=\"DOCUMENT VERIFIED\"),AND(AE42=\"YES\",'Basic Details'!$D$31=\"Self Assessment\"),AND(AE42=\"YES\",'Basic Details'!$D$31=\"Draft\")),1*IF(BB42=\"ERROR INPUT\",0+1,1),0)","v":0},null,"",null,null,null,null,"CCE Orders AND Recordings / YouTube channel",null,null,null,null,null,null,null,null,null,null,null,null,null,null,null,null,null,null,null,{"$f":"IF(F42>G42,\"ERROR INPUT\",\"\")","v":""},null,0,"More than 0 but less than 10","10-20","20-30","30 & Above",null,null,null,null,"A-4",35,4,1,4,0,{"$f":"SUM(BP34:BP42)","v":10.5},{"$f":"SUM(BR34:BR42)","v":0},{"$f":"SUM(BQ34:BQ42)","v":42}]
[null,null,{"$f":"+C42+1","v":36},null,"Percentage of the working staff approved by the University",null,null,{"$f":"IF(F43=\"\",\"\",ROUND(F43/G43,4))","v":""},{"$f":"IF(F43=\"\",\"\",SUM(L43:P43))","v":""},0.5,"","","","","","",0,25,25.001000000000001,50,50.000999999999998,70,70.001000000000005,90,90.001000000000005,1000,{"$f":"IF(OR(AND(AE43=\"YES\",AF43=\"PHYSICALLY VERIFIED\"),AND(AE43=\"YES\",AF43=\"DOCUMENT VERIFIED\"),AND(AE43=\"YES\",'Basic Details'!$D$31=\"Self Assessment\"),AND(AE43=\"YES\",'Basic Details'!$D$31=\"Draft\")),1*IF(BB43=\"ERROR INPUT\",0+1,1),0)","v":0},null,"",null,null,null,null,null,null,null,null,null,null,null,null,null,null,null,null,null,null,null,null,null,null,null,null,null,null,"0-25","25-50","50-70","70-90","More than 90",null,null,null,null,"A-4",{"$f":"+C43","v":36},4,{"$f":"+J43","v":0.5},{"$f":"+BO43*BP43","v":2},{"$f":"IF(K43=\"\",0,+K43)","v":0}]
[null,null,{"$f":"+C43+1","v":37},null,"Percentage of the faculty members (including Principal) working in the college continuously for 5 years.",null,null,"",{"$f":"IF(F44=\"\",\"\",SUM(L44:P44))","v":""},0.5,{"$f":"IF(I44=\"\",\"\",+I44*J44*AA44)","v":""},"","","","","",0,25,25.001000000000001,50,50.000999999999998,70,70.001000000000005,90,90.001000000000005,1000,{"$f":"IF(OR(AND(AE44=\"YES\",AF44=\"PHYSICALLY VERIFIED\"),AND(AE44=\"YES\",AF44=\"DOCUMENT VERIFIED\"),AND(AE44=\"YES\",'Basic Details'!$D$31=\"Self Assessment\"),AND(AE44=\"YES\",'Basic Details'!$D$31=\"Draft\")),1*IF(BB44=\"ERROR INPUT\",0+1,1),0)","v":0},null,"",null,null,null,null,null,null,null,null,null,null,null,null,null,null,null,null,null,null,null,null,null,null,null,null,null,null,"0-25","25-50","50-70","70-90","More than 90",null,null,null,null,"A-4",37,4,0.5,2,0]
["A. Teaching and Learning","A-5 Student performance and learning outcomes",{"$f":"1+C44","v":38},2,"Pass percentage in last University result.",null,null,"","",3,"","","","","","",0,20,20.0001,40,40.000100000000003,60,60.000100000000003,80,80.000100000000003,10000,{"$f":"IF(OR(AND(AE45=\"YES\",AF45=\"PHYSICALLY VERIFIED\"),AND(AE45=\"YES\",AF45=\"DOCUMENT VERIFIED\"),AND(AE45=\"YES\",'Basic Details'!$D$31=\"Self Assessment\"),AND(AE45=\"YES\",'Basic Details'!$D$31=\"Draft\")),1*IF(BB45=\"ERROR INPUT\",0+1,1),0)","v":0},null,"",null,null,null,null,"TR of all courses AND AISHE DCF AND to be randomly verified by team (Only Final UG and Final PG)",null,null,null,null,null,null,null,null,null,null,null,null,null,null,null,null,null,null,null,{"$f":"IF(F45>G45,\"ERROR INPUT\",\"\")","v":""},null,"0-20","20-40","40-60","60-80","80-100",null,null,null,null,"A-5",{"$f":"+C45","v":38},4,3,12,0]
[null,null,39,2,"Percentage of Students scored 60% and above in University result.",null,{"$f":"IF(F46=\"\",\"\",+$G$45)","v":""},"","",2,"","","","","","",0,9.9990000000000006,10,19.998999999999999,20,29.998999999999999,30,39.999000000000002,40,10000,{"$f":"IF(OR(AND(AE46=\"YES\",AF46=\"PHYSICALLY VERIFIED\"),AND(AE46=\"YES\",AF46=\"DOCUMENT VERIFIED\"),AND(AE46=\"YES\",'Basic Details'!$D$31=\"Self Assessment\"),AND(AE46=\"YES\",'Basic Details'!$D$31=\"Draft\")),1*IF(BB46=\"ERROR INPUT\",0+1,1),0)","v":0},null,"",null,null,null,null,"To be calculated from TR AND to be randomly verified by team",null,null,null,null,null,null,null,null,null,null,null,null,null,null,null,null,null,null,null,{"$f":"IF(F46>G46,\"ERROR INPUT\",\"\")","v":""},null,"0-10","10-20","20-30","30-40","40 & Above",null,null,null,null,"A-5",39,4,2,8,0]
[null,null,40,2,"Percentage of Students scored 75% and above in University result.",null,{"$f":"IF(F47=\"\",\"\",+$G$45)","v":""},"","",1,"",{"$f":"IF($H47<$S47%,$L$5,\"\")","v":""},{"$f":"IF(AND($H47<$U47%,$H47>$R47%),$M$5,\"\")","v":""},{"$f":"IF(AND($H47<$W47%,$H47>$T47%),$N$5,\"\")","v":""},{"$f":"IF(AND($H47<$Y47%,$H47>$V47%),$O$5,\"\")","v":""},{"$f":"IF(AND($H47<Z47%,H47>X47%),$P$5,\"\")","v":""},0,5.0000000000000002E-5,1E-4,4.9989999999999997,5,9.9990000000000006,10,14.9999,15,10000,{"$f":"IF(OR(AND(AE47=\"YES\",AF47=\"PHYSICALLY VERIFIED\"),AND(AE47=\"YES\",AF47=\"DOCUMENT VERIFIED\"),AND(AE47=\"YES\",'Basic Details'!$D$31=\"Self Assessment\"),AND(AE47=\"YES\",'Basic Details'!$D$31=\"Draft\")),1*IF(BB47=\"ERROR INPUT\",0+1,1),0)","v":0},null,"",null,null,null,null,"To be calculated from TR AND to be randomly verified by team",null,null,null,null,null,null,null,null,null,null,null,null,null,null,null,null,null,null,null,{"$f":"IF(F47>G47,\"ERROR INPUT\",\"\")","v":""},null,0,"More than 0 but less than 5","5-10","10-15","15 & Above",null,null,null,null,"A-5",40,4,1,4,0]
[null,null,41,2,"Number of students who won Gold Medal in University exam.",null,null,{"$f":"+F48","v":0},{"$f":"IF(F48=\"\",\"\",SUM(L48:P48))","v":""},0.5,"",{"$f":"IF($H48<$S48,$L$5,\"\")","v":0},{"$f":"IF(AND($H48<$U48,$H48>$R48),$M$5,\"\")","v":""},{"$f":"IF(AND($H48<$W48,$H48>$T48),$N$5,\"\")","v":""},{"$f":"IF(AND($H48<$Y48,$H48>$V48),$O$5,\"\")","v":""},{"$f":"IF(AND($H48<Z48,H48>X48),$P$5,\"\")","v":""},0,0,1,1,2,2,3,3,4,100,{"$f":"IF(OR(AND(AE48=\"YES\",AF48=\"PHYSICALLY VERIFIED\"),AND(AE48=\"YES\",AF48=\"DOCUMENT VERIFIED\"),AND(AE48=\"YES\",'Basic Details'!$D$31=\"Self Assessment\"),AND(AE48=\"YES\",'Basic Details'!$D$31=\"Draft\")),1*IF(BB48=\"ERROR INPUT\",0+1,1),0)","v":0},null,"",null,null,null,null,null,null,null,null,null,null,null,null,null,null,null,null,null,null,null,null,null,null,null,null,null,null,0,1,2,3,"4 & Above",null,null,null,null,"A-5",41,4,0.5,2,0,{"$f":"SUM(BP45:BP48)","v":6.5},{"$f":"SUM(BR45:BR48)","v":0},{"$f":"SUM(BQ45:BQ48)","v":26},{"$f":"SUM(BS7:BS48)","v":27.75},{"$f":"SUM(BT7:BT48)","v":0},{"$f":"SUM(BU7:BU48)","v":111}]
["B. Research and Professional Practices","B-1 Research Output",42,1,"Percentage of faculty members having research papers published in UGC care list  journals or in peer reviewd journals with ISSN  during last 3 years.",null,{"$f":"IF(F49=\"\",\"\",+$F$34)","v":""},{"$f":"IF(F49=\"\",\"\",ROUND(F49/G49,4))","v":""},"",1.5,"",{"$f":"IF($H49<$S49%,$L$5,\"\")","v":""},{"$f":"IF(AND($H49<$U49%,$H49>$R49%),$M$5,\"\")","v":""},{"$f":"IF(AND($H49<$W49%,$H49>$T49%),$N$5,\"\")","v":""},{"$f":"IF(AND($H49<$Y49%,$H49>$V49%),$O$5,\"\")","v":""},{"$f":"IF(AND($H49<Z49%,H49>X49%),$P$5,\"\")","v":""},0,0,1.0000000000000001E-5,1.9999,2,2.9998999999999998,3,3.9998999999999998,4,10000,{"$f":"IF(OR(AND(AE49=\"YES\",AF49=\"PHYSICALLY VERIFIED\"),AND(AE49=\"YES\",AF49=\"DOCUMENT VERIFIED\"),AND(AE49=\"YES\",'Basic Details'!$D$31=\"Self Assessment\"),AND(AE49=\"YES\",'Basic Details'!$D$31=\"Draft\")),1*IF(BB49=\"ERROR INPUT\",0+1,1),0)","v":0},null,"",null,null,null,null,"URL of Journal/Peer Reviewed/UGC Notified  Copies of all publications. (Make a separate file with list)",null,null,null,null,null,null,null,null,null,null,null,null,null,null,null,null,null,null,null,{"$f":"IF(F49>G49,\"ERROR INPUT\",\"\")","v":""},null,0,"More than 0 but less than 2","2-3","3-4","4 & Above",null,null,null,null,"B-1",42,4,1.5,6,0]
[null,null,43,1,"Percentage of faculty members authored/co-authored at least one book with ISBN / Chapter in a Book (with ISBN).during last 3 years.",null,"","","",1.5,"","","","","","",0,0,1.0000000000000001E-5,1.9999,2,2.9998999999999998,3,3.9998999999999998,4,10000,{"$f":"IF(OR(AND(AE50=\"YES\",AF50=\"PHYSICALLY VERIFIED\"),AND(AE50=\"YES\",AF50=\"DOCUMENT VERIFIED\"),AND(AE50=\"YES\",'Basic Details'!$D$31=\"Self Assessment\"),AND(AE50=\"YES\",'Basic Details'!$D$31=\"Draft\")),1*IF(BB50=\"ERROR INPUT\",0+1,1),0)","v":0},null,"",null,null,null,null,"Copies of all books/Chapter published (Make a separate file with list)",null,null,null,null,null,null,null,null,null,null,null,null,null,null,null,null,null,null,null,"",null,0,"More than 0 but less than 2","2-3","3-4","4 & Above",null,null,null,null,"B-1",43,4,1.5,6,0]
[null,null,44,1,"Percentage of faculty members recognized as research supervisor.",null,"","","",1.5,"","","","","","",0,0,1.0000000000000001E-5,1.9999,2,2.9998999999999998,3,3.9998999999999998,4,10000,{"$f":"IF(OR(AND(AE51=\"YES\",AF51=\"PHYSICALLY VERIFIED\"),AND(AE51=\"YES\",AF51=\"DOCUMENT VERIFIED\"),AND(AE51=\"YES\",'Basic Details'!$D$31=\"Self Assessment\"),AND(AE51=\"YES\",'Basic Details'!$D$31=\"Draft\")),1*IF(BB51=\"ERROR INPUT\",0+1,1),0)","v":0},null,"",null,null,null,null,"Copies of research guide registration letter (Make a list)",null,null,null,null,null,null,null,null,null,null,null,null,null,null,null,null,null,null,null,"",null,0,"More than 0 but less than 2","2-3","3-4","4 & Above",null,null,null,null,"B-1",44,4,1.5,6,0]
[null,null,45,1,"Percentage of faculty members under whom at least one scholar is awarded Ph.D..",null,"","","",1,"","","","","","",0,0,1.0000000000000001E-5,1.9999,2,2.9998999999999998,3,3.9998999999999998,4,10000,{"$f":"IF(OR(AND(AE52=\"YES\",AF52=\"PHYSICALLY VERIFIED\"),AND(AE52=\"YES\",AF52=\"DOCUMENT VERIFIED\"),AND(AE52=\"YES\",'Basic Details'!$D$31=\"Self Assessment\"),AND(AE52=\"YES\",'Basic Details'!$D$31=\"Draft\")),1*IF(BB52=\"ERROR INPUT\",0+1,1),0)","v":0},null,"",null,null,null,null,"Copies of registeration letter of scholer (Make a list of such scholars)",null,null,null,null,null,null,null,null,null,null,null,null,null,null,null,null,null,null,null,"",null,0,"More than 0 but less than 2","2-3","3-4","4 & Above",null,null,null,null,"B-1",45,4,1,4,0]
["B. Research and Professional Practices","B-1 Research Output",46,1,"Percentage of faculty members presented at least 2 papers in international seminars / conferences / E Conferences during last 3 years.",null,"","","",1,"","","","","","",0,0,1.0000000000000001E-5,9.9999000000000002,10,19.9999,20,29.9999,30,10000,{"$f":"IF(OR(AND(AE53=\"YES\",AF53=\"PHYSICALLY VERIFIED\"),AND(AE53=\"YES\",AF53=\"DOCUMENT VERIFIED\"),AND(AE53=\"YES\",'Basic Details'!$D$31=\"Self Assessment\"),AND(AE53=\"YES\",'Basic Details'!$D$31=\"Draft\")),1*IF(BB53=\"ERROR INPUT\",0+1,1),0)","v":0},null,"",null,null,null,null,"Copies of certificate of presentation (Make a list of such staff members)",null,null,null,null,null,null,null,null,null,null,null,null,null,null,null,null,null,null,null,"",null,0,"More than 0 but less than 10","10-20","20-30","30 & Above",null,null,null,null,"B-1",46,4,1,4,0]
[null,null,47,1,"Percentage faculty members presented at least 3 papers in national seminars / conferences / E Conference during last 3 years.",null,"","","",1.5,"","","","","","",0,0,1.0000000000000001E-5,19.9999,20,29.9999,30,39.999899999999997,40,10000,{"$f":"IF(OR(AND(AE54=\"YES\",AF54=\"PHYSICALLY VERIFIED\"),AND(AE54=\"YES\",AF54=\"DOCUMENT VERIFIED\"),AND(AE54=\"YES\",'Basic Details'!$D$31=\"Self Assessment\"),AND(AE54=\"YES\",'Basic Details'!$D$31=\"Draft\")),1*IF(BB54=\"ERROR INPUT\",0+1,1),0)","v":0},null,"",null,null,null,null,"Copies of certificate of presentation (Make a list of such staff members)",null,null,null,null,null,null,null,null,null,null,null,null,null,null,null,null,null,null,null,"",null,0,"More than 0 but less than 20","20-30","30-40","40 & Above",null,null,null,null,"B-1",47,4,1.5,6,0]
[null,null,48,1,"No. of International/National seminars / conferences/workshops / E Conference organized during last 5 years.",null,null,{"$f":"+F55","v":0},{"$f":"IF(F55=\"\",\"\",SUM(L55:P55))","v":""},1.5,"",{"$f":"IF($H55<$S55,$L$5,\"\")","v":0},{"$f":"IF(AND($H55<$U55,$H55>$R55),$M$5,\"\")","v":""},{"$f":"IF(AND($H55<$W55,$H55>$T55),$N$5,\"\")","v":""},{"$f":"IF(AND($H55<$Y55,$H55>$V55),$O$5,\"\")","v":""},{"$f":"IF(AND($H55<Z55,H55>X55),$P$5,\"\")","v":""},0,0,1,1,2,2,3,3,4,10000,{"$f":"IF(OR(AND(AE55=\"YES\",AF55=\"PHYSICALLY VERIFIED\"),AND(AE55=\"YES\",AF55=\"DOCUMENT VERIFIED\"),AND(AE55=\"YES\",'Basic Details'!$D$31=\"Self Assessment\"),AND(AE55=\"YES\",'Basic Details'!$D$31=\"Draft\")),1*IF(BB55=\"ERROR INPUT\",0+1,1),0)","v":0},null,"",null,null,null,null,"Copies of brochurs, photographs and proceedings of conference (Make a list of such events)",null,null,null,null,null,null,null,null,null,null,null,null,null,null,null,null,null,null,null,null,null,0,1,2,3,"4 & Above",null,null,null,null,"B-1",48,4,1.5,6,0]
[null,null,49,1,"No. of faculty members who have acted as convener / Organizing secretary in national seminar / conferences / E Conference during last 5 years.",null,null,0,"",1.5,"",{"$f":"IF($H56<$S56,$L$5,\"\")","v":0},{"$f":"IF(AND($H56<$U56,$H56>$R56),$M$5,\"\")","v":""},{"$f":"IF(AND($H56<$W56,$H56>$T56),$N$5,\"\")","v":""},{"$f":"IF(AND($H56<$Y56,$H56>$V56),$O$5,\"\")","v":""},{"$f":"IF(AND($H56<Z56,H56>X56),$P$5,\"\")","v":""},0,0,1,1,2,2,3,3,4,10000,{"$f":"IF(OR(AND(AE56=\"YES\",AF56=\"PHYSICALLY VERIFIED\"),AND(AE56=\"YES\",AF56=\"DOCUMENT VERIFIED\"),AND(AE56=\"YES\",'Basic Details'!$D$31=\"Self Assessment\"),AND(AE56=\"YES\",'Basic Details'!$D$31=\"Draft\")),1*IF(BB56=\"ERROR INPUT\",0+1,1),0)","v":0},null,"",null,null,null,null,"Copies of brochurs, photographs and certificates (Make a list of such staff members)",null,null,null,null,null,null,null,null,null,null,null,null,null,null,null,null,null,null,null,null,null,0,1,2,3,"4 & Above",null,null,null,null,"B-1",49,4,1.5,6,0]
[null,null,50,1,"No. of Faculty members delivered Keynote / Plenary / Invited Lecture in  Regional / National/ International Seminars / E-Conference (during last 3 years).",null,null,{"$f":"+F57","v":0},{"$f":"IF(F57=\"\",\"\",SUM(L57:P57))","v":""},1.5,{"$f":"IF(I57=\"\",\"\",+I57*J57*AA57)","v":""},{"$f":"IF($H57<$S57,$L$5,\"\")","v":0},{"$f":"IF(AND($H57<$U57,$H57>$R57),$M$5,\"\")","v":""},{"$f":"IF(AND($H57<$W57,$H57>$T57),$N$5,\"\")","v":""},{"$f":"IF(AND($H57<$Y57,$H57>$V57),$O$5,\"\")","v":""},{"$f":"IF(AND($H57<Z57,H57>X57),$P$5,\"\")","v":""},0,0,1,1,2,2,3,3,4,10000,{"$f":"IF(OR(AND(AE57=\"YES\",AF57=\"PHYSICALLY VERIFIED\"),AND(AE57=\"YES\",AF57=\"DOCUMENT VERIFIED\"),AND(AE57=\"YES\",'Basic Details'!$D$31=\"Self Assessment\"),AND(AE57=\"YES\",'Basic Details'!$D$31=\"Draft\")),1*IF(BB57=\"ERROR INPUT\",0+1,1),0)","v":0},null,"",null,null,null,null,null,null,null,null,null,null,null,null,null,null,null,null,null,null,null,null,null,null,null,null,null,null,0,1,2,3,"4 & Above",null,null,null,null,"B-1",50,4,1.5,6,0]
["B. Research and Professional Practices","B-1 Research Output",51,1,"Percentage of faculty members who have been Awarded Research Projects from  UGC, CSIR, DST, DBT, ICSSR and other research funding agency.",null,{"$f":"IF(F58=\"\",\"\",+$F$34)","v":""},{"$f":"IF(F58=\"\",\"\",ROUND(F58/G58,4))","v":""},{"$f":"IF(OR(F58=\"\",G58=\"\",G58=0),\"\",SUM(L58:P58))","v":""},1,"",{"$f":"IF($H58<$S58%,$L$5,\"\")","v":""},{"$f":"IF(AND($H58<$U58%,$H58>$R58%),$M$5,\"\")","v":""},{"$f":"IF(AND($H58<$W58%,$H58>$T58%),$N$5,\"\")","v":""},{"$f":"IF(AND($H58<$Y58%,$H58>$V58%),$O$5,\"\")","v":""},{"$f":"IF(AND($H58<Z58%,H58>X58%),$P$5,\"\")","v":""},0,0,1.0000000000000001E-5,1.9999,2,4.9999000000000002,5,8.9999000000000002,9,10000,{"$f":"IF(OR(AND(AE58=\"YES\",AF58=\"PHYSICALLY VERIFIED\"),AND(AE58=\"YES\",AF58=\"DOCUMENT VERIFIED\"),AND(AE58=\"YES\",'Basic Details'!$D$31=\"Self Assessment\"),AND(AE58=\"YES\",'Basic Details'!$D$31=\"Draft\")),1*IF(BB58=\"ERROR INPUT\",0+1,1),0)","v":0},null,"",null,null,null,null,"Copies of Award letter/ (Make a list of such staff members)",null,null,null,null,null,null,null,null,null,null,null,null,null,null,null,null,null,null,null,"",null,0,"More than 0 but less than 2","2-5","5-9","9 & Above",null,null,null,null,"B-1",51,4,1,4,0]
[null,null,52,1,"No. of faculty members, who are associated with any foreign agency for research / referee assignments.",null,null,{"$f":"+F59","v":0},{"$f":"IF(F59=\"\",\"\",SUM(L59:P59))","v":""},1,"",{"$f":"IF($H59<$S59,$L$5,\"\")","v":0},{"$f":"IF(AND($H59<$U59,$H59>$R59),$M$5,\"\")","v":""},{"$f":"IF(AND($H59<$W59,$H59>$T59),$N$5,\"\")","v":""},{"$f":"IF(AND($H59<$Y59,$H59>$V59),$O$5,\"\")","v":""},{"$f":"IF(AND($H59<Z59,H59>X59),$P$5,\"\")","v":""},0,0,1,1,2,2,3,3,4,10000,{"$f":"IF(OR(AND(AE59=\"YES\",AF59=\"PHYSICALLY VERIFIED\"),AND(AE59=\"YES\",AF59=\"DOCUMENT VERIFIED\"),AND(AE59=\"YES\",'Basic Details'!$D$31=\"Self Assessment\"),AND(AE59=\"YES\",'Basic Details'!$D$31=\"Draft\")),1*IF(BB59=\"ERROR INPUT\",0+1,1),0)","v":0},null,"",null,null,null,null,"Copies of documents issued by agency (Make a list of such staff members)",null,null,null,null,null,null,null,null,null,null,null,null,null,null,null,null,null,null,null,null,null,0,1,2,3,"4 & Above",null,null,null,null,"B-1",52,4,1,4,0,{"$f":"SUM(BP49:BP59)","v":14.5},{"$f":"SUM(BR49:BR59)","v":0},{"$f":"SUM(BQ49:BQ59)","v":58}]
[null,"B-2 Academic Enrichment",53,1,"Percentage of faculty members associated with academic associations/BOS member/University Academic Council/Associated with Board/Public Service Commission of any state.",null,{"$f":"IF(F60=\"\",\"\",+$F$34)","v":""},{"$f":"IF(F60=\"\",\"\",ROUND(F60/G60,4))","v":""},{"$f":"IF(OR(F60=\"\",G60=\"\",G60=0),\"\",SUM(L60:P60))","v":""},1,"",{"$f":"IF($H60<$S60%,$L$5,\"\")","v":""},{"$f":"IF(AND($H60<$U60%,$H60>$R60%),$M$5,\"\")","v":""},{"$f":"IF(AND($H60<$W60%,$H60>$T60%),$N$5,\"\")","v":""},{"$f":"IF(AND($H60<$Y60%,$H60>$V60%),$O$5,\"\")","v":""},{"$f":"IF(AND($H60<Z60%,H60>X60%),$P$5,\"\")","v":""},0,0,1.0000000000000001E-5,19.9999,20,29.9999,30,39.999899999999997,40,10000,{"$f":"IF(OR(AND(AE60=\"YES\",AF60=\"PHYSICALLY VERIFIED\"),AND(AE60=\"YES\",AF60=\"DOCUMENT VERIFIED\"),AND(AE60=\"YES\",'Basic Details'!$D$31=\"Self Assessment\"),AND(AE60=\"YES\",'Basic Details'!$D$31=\"Draft\")),1*IF(BB60=\"ERROR INPUT\",0+1,1),0)","v":0},null,"",null,null,null,null,"Copies of certificates issued by Academic Association etc. (Make a list of such staff members)",null,null,null,null,null,null,null,null,null,null,null,null,null,null,null,null,null,null,null,"",null,0,"More than 0 but less than 20","20-30","30-40","40 & Above",null,null,null,null,"B-2",53,4,1,4,0]
[null,null,54,1,"Percentage of faculty members who have attended international level academic events / programmes outside India during last 5 years.",null,{"$f":"IF(F61=\"\",\"\",+$F$34)","v":""},"","",1,"","","","","","",0,0,1.0000000000000001E-5,0.999,1,1.9990000000000001,2,2.9990000000000001,3,10000,{"$f":"IF(OR(AND(AE61=\"YES\",AF61=\"PHYSICALLY VERIFIED\"),AND(AE61=\"YES\",AF61=\"DOCUMENT VERIFIED\"),AND(AE61=\"YES\",'Basic Details'!$D$31=\"Self Assessment\"),AND(AE61=\"YES\",'Basic Details'!$D$31=\"Draft\")),1*IF(BB61=\"ERROR INPUT\",0+1,1),0)","v":0},null,"",null,null,null,null,"Copies of participation certificates (Make a list of such staff members)",null,null,null,null,null,null,null,null,null,null,null,null,null,null,null,null,null,null,null,"",null,0,"More than 0 but less than 1","1-2","2-3","3 & Above",null,null,null,null,"B-2",54,4,1,4,0]
[null,null,55,1,"Number of IPRs (Patents, Copyrights, Trade marks etc.) if any, in the name of faculty member of the college.",null,null,{"$f":"+F62","v":0},{"$f":"IF(F62=\"\",\"\",SUM(L62:P62))","v":""},1,"",{"$f":"IF($H62<$S62,$L$5,\"\")","v":0},{"$f":"IF(AND($H62<$U62,$H62>$R62),$M$5,\"\")","v":""},{"$f":"IF(AND($H62<$W62,$H62>$T62),$N$5,\"\")","v":""},{"$f":"IF(AND($H62<$Y62,$H62>$V62),$O$5,\"\")","v":""},{"$f":"IF(AND($H62<Z62,H62>X62),$P$5,\"\")","v":""},0,0,1,1,2,2,3,3,4,10000,{"$f":"IF(OR(AND(AE62=\"YES\",AF62=\"PHYSICALLY VERIFIED\"),AND(AE62=\"YES\",AF62=\"DOCUMENT VERIFIED\"),AND(AE62=\"YES\",'Basic Details'!$D$31=\"Self Assessment\"),AND(AE62=\"YES\",'Basic Details'!$D$31=\"Draft\")),1*IF(BB62=\"ERROR INPUT\",0+1,1),0)","v":0},null,"",null,null,null,null,"Copies of documentary proof of IPR (Make a list of such staff members)",null,null,null,null,null,null,null,null,null,null,null,null,null,null,null,null,null,null,null,null,null,0,1,2,3,"4 & Above",null,null,null,null,"B-2",55,4,1,4,0,{"$f":"SUM(BP60:BP62)","v":3},{"$f":"SUM(BR60:BR62)","v":0},{"$f":"SUM(BQ60:BQ62)","v":12},{"$f":"SUM(BS49:BS62)","v":17.5},{"$f":"SUM(BT49:BT62)","v":0},{"$f":"SUM(BU49:BU62)","v":70}]
[null,null,56,null,"Have you ever been declared a defaulter by the CCE ",null,null,0,{"$f":"IF(F63=\"\",\"\",SUM(L63:P63))","v":""},0.5,"",{"$f":"IF(OR(H63=\"\",H63=\"yes\"),$L$5,\"\")","v":""},{"$f":"IF(AND($H63<$U63%,$H63>$R63%),$M$5,\"\")","v":""},{"$f":"IF(AND($H63<$W63%,$H63>$T63%),$N$5,\"\")","v":""},{"$f":"IF(AND($H63<$Y63%,$H63>$V63%),$O$5,\"\")","v":""},{"$f":"IF(H63=\"no\",$N$5,\"\")","v":""},null,null,null,null,null,null,null,null,null,null,{"$f":"IF(OR(AND(AE63=\"YES\",AF63=\"PHYSICALLY VERIFIED\"),AND(AE63=\"YES\",AF63=\"DOCUMENT VERIFIED\"),AND(AE63=\"YES\",'Basic Details'!$D$31=\"Self Assessment\"),AND(AE63=\"YES\",'Basic Details'!$D$31=\"Draft\")),1*IF(BB63=\"ERROR INPUT\",0+1,1),0)","v":0},null,"",null,null,null,null,null,null,null,null,null,null,null,null,null,null,null,null,null,null,null,null,null,null,null,null,null,null,"Yes",null,"No",null,null,null,null,null,null,"B-2",{"$f":"+C63","v":56},4,{"$f":"+J63","v":0.5},{"$f":"+BO63*BP63","v":2},{"$f":"IF(K63=\"\",0,+K63)","v":0}]
[null,null,57,null,"Have you ever been declared a defaulter by the University? ",null,null,0,{"$f":"IF(F64=\"\",\"\",SUM(L64:P64))","v":""},0.5,"",{"$f":"IF(OR(H64=\"\",H64=\"yes\"),$L$5,\"\")","v":""},"","","",{"$f":"IF(H64=\"no\",$N$5,\"\")","v":""},null,null,null,null,null,null,null,null,null,null,{"$f":"IF(OR(AND(AE64=\"YES\",AF64=\"PHYSICALLY VERIFIED\"),AND(AE64=\"YES\",AF64=\"DOCUMENT VERIFIED\"),AND(AE64=\"YES\",'Basic Details'!$D$31=\"Self Assessment\"),AND(AE64=\"YES\",'Basic Details'!$D$31=\"Draft\")),1*IF(BB64=\"ERROR INPUT\",0+1,1),0)","v":0},null,"",null,null,null,null,null,null,null,null,null,null,null,null,null,null,null,null,null,null,null,null,null,null,null,null,null,null,"Yes",null,"No",null,null,null,null,null,null,"B-2",57,4,0.5,2,0]
["C. Infrastructure and Learning Resources","C-1 Physical Assets",{"$f":"1+C64","v":58},1,"Whether the college has its own building.",null,null,0,{"$f":"IF(F65=\"\",\"\",SUM(L65:P65))","v":""},0.5,"",{"$f":"IF(OR(H65=\"\",H65=\"NO\"),$L$5,\"\")","v":""},{"$f":"IF(AND($H65<$U65%,$H65>$R65%),$M$5,\"\")","v":""},{"$f":"IF(AND($H65<$W65%,$H65>$T65%),$N$5,\"\")","v":""},{"$f":"IF(AND($H65<$Y65%,$H65>$V65%),$O$5,\"\")","v":""},{"$f":"IF(H65=\"YES\",$P$5,\"\")","v":""},null,null,null,null,null,null,null,null,null,null,{"$f":"IF(OR(AND(AE65=\"YES\",AF65=\"PHYSICALLY VERIFIED\"),AND(AE65=\"YES\",AF65=\"DOCUMENT VERIFIED\"),AND(AE65=\"YES\",'Basic Details'!$D$31=\"Self Assessment\"),AND(AE65=\"YES\",'Basic Details'!$D$31=\"Draft\")),1*IF(BB65=\"ERROR INPUT\",0+1,1),0)","v":0},null,"",null,null,null,null,"To be verified physically by Peer Team",null,null,null,null,null,null,null,null,null,null,null,null,null,null,null,null,null,null,null,null,null,"NO",null,null,null,"Yes",null,null,null,null,"C-1",{"$f":"+C65","v":58},4,0.5,2,0]
[null,null,59,1,"Ratio of total students to No. of classrooms in the college.",{"$f":"IF(G66=\"\",\"\",+$F$7)","v":""},null,{"$f":"IF(F66=0,\"\",ROUND(F66/G66,4))","v":{"$error":"#VALUE!"}},{"$f":"IF(OR(F66=\"\",G66=\"\",G66=0),\"\",SUM(L66:P66))","v":""},1,"",{"$f":"IF($H66>$S66,$L$5,\"\")","v":{"$error":"#VALUE!"}},{"$f":"IF(AND($H66>$U66,$H66<$R66),$M$5,\"\")","v":{"$error":"#VALUE!"}},{"$f":"IF(AND($H66>$W66,$H66<$T66),$N$5,\"\")","v":{"$error":"#VALUE!"}},{"$f":"IF(AND($H66>$Y66,$H66<$V66),$O$5,\"\")","v":{"$error":"#VALUE!"}},{"$f":"IF(AND($H66>Z66,H66<X66),$P$5,\"\")","v":{"$error":"#VALUE!"}},1000,150.0001,150,125.0001,125,100.0001,100,80.000100000000003,80,1E-4,{"$f":"IF(OR(AND(AE66=\"YES\",AF66=\"PHYSICALLY VERIFIED\"),AND(AE66=\"YES\",AF66=\"DOCUMENT VERIFIED\"),AND(AE66=\"YES\",'Basic Details'!$D$31=\"Self Assessment\"),AND(AE66=\"YES\",'Basic Details'!$D$31=\"Draft\")),1*IF(BB66=\"ERROR INPUT\",0+1,1),0)","v":0},null,"",null,null,null,null,"To be verified physically by Peer Team",null,null,null,null,null,null,null,null,null,null,null,null,null,null,null,null,null,null,null,null,null,"Above 150","125-150","100-125","80-100","80 & Below",null,null,null,null,"C-1",59,4,1,4,0]
[null,null,60,1,"Ratio of students in practical subjects to the number of labs.",null,null,{"$f":"IF(F67=0,\"\",ROUND(F67/G67,4))","v":""},"",1,"",{"$f":"IF($H67>$S67,$L$5,\"\")","v":0},{"$f":"IF(AND($H67>$U67,$H67<$R67),$M$5,\"\")","v":""},{"$f":"IF(AND($H67>$W67,$H67<$T67),$N$5,\"\")","v":""},{"$f":"IF(AND($H67>$Y67,$H67<$V67),$O$5,\"\")","v":""},{"$f":"IF(AND($H67>Z67,H67<X67),$P$5,\"\")","v":""},1000,150.0001,150,120.0001,120,90.000100000000003,90,60.000100000000003,60,1E-4,{"$f":"IF(OR(AND(AE67=\"YES\",AF67=\"PHYSICALLY VERIFIED\"),AND(AE67=\"YES\",AF67=\"DOCUMENT VERIFIED\"),AND(AE67=\"YES\",'Basic Details'!$D$31=\"Self Assessment\"),AND(AE67=\"YES\",'Basic Details'!$D$31=\"Draft\")),1*IF(BB67=\"ERROR INPUT\",0+1,1),0)","v":0},null,"",null,null,null,null,"Classwise list of Students with practical subjects AND Labs to be verified physically by Peer Team",null,null,null,null,null,null,null,null,null,null,null,null,null,null,null,null,null,null,null,null,null,"Above 150","120-150","120-90","60-90","60 & Below",null,null,null,null,"C-1",60,4,1,4,0]
[null,null,61,1,"Ratio of student furniture to the total number of class rooms.",null,{"$f":"IF(F68=\"\",\"\",+$G$66)","v":""},{"$f":"IF(F68=0,\"\",ROUND(F68/G68,4))","v":""},"",1,"",{"$f":"IF($H68<$S68,$L$5,\"\")","v":""},{"$f":"IF(AND($H68<$U68,$H68>$R68),$M$5,\"\")","v":""},{"$f":"IF(AND($H68<$W68,$H68>$T68),$N$5,\"\")","v":""},{"$f":"IF(AND($H68<$Y68,$H68>$V68),$O$5,\"\")","v":""},{"$f":"IF(AND($H68<Z68,H68>X68),$P$5,\"\")","v":""},0,19.9999,20,49.999899999999997,50,69.999899999999997,70,89.999899999999997,90,10000,{"$f":"IF(OR(AND(AE68=\"YES\",AF68=\"PHYSICALLY VERIFIED\"),AND(AE68=\"YES\",AF68=\"DOCUMENT VERIFIED\"),AND(AE68=\"YES\",'Basic Details'!$D$31=\"Self Assessment\"),AND(AE68=\"YES\",'Basic Details'!$D$31=\"Draft\")),1*IF(BB68=\"ERROR INPUT\",0+1,1),0)","v":0},null,"",null,null,null,null,"To be verified from stock register AND to be verified physically randomly by Peer Team",null,null,null,null,null,null,null,null,null,null,null,null,null,null,null,null,null,null,null,null,null,"0-20","20-50","50-70","70-90","90 & Above",null,null,null,null,"C-1",61,4,1,4,0]
[null,null,62,1,"Percentage of class rooms / labs equipped with working fans and LED tube lights / bulbs.",null,{"$f":"IF(F69=\"\",\"\",+$G$66+$G$67)","v":""},{"$f":"IF(F69=\"\",\"\",ROUND(F69/G69,4))","v":""},"",0.5,"",{"$f":"IF($H69<$S69%,$L$5,\"\")","v":""},{"$f":"IF(AND($H69<$U69%,$H69>$R69%),$M$5,\"\")","v":""},{"$f":"IF(AND($H69<$W69%,$H69>$T69%),$N$5,\"\")","v":""},{"$f":"IF(AND($H69<$Y69%,$H69>$V69%),$O$5,\"\")","v":""},{"$f":"IF(AND($H69<Z69%,H69>X69%),$P$5,\"\")","v":""},0,20,20.0001,40,40.000100000000003,60,60.000100000000003,80,80.000100000000003,10000,{"$f":"IF(OR(AND(AE69=\"YES\",AF69=\"PHYSICALLY VERIFIED\"),AND(AE69=\"YES\",AF69=\"DOCUMENT VERIFIED\"),AND(AE69=\"YES\",'Basic Details'!$D$31=\"Self Assessment\"),AND(AE69=\"YES\",'Basic Details'!$D$31=\"Draft\")),1*IF(BB69=\"ERROR INPUT\",0+1,1),0)","v":0},null,"",null,null,null,null,"To be verified physically by Peer Team",null,null,null,null,null,null,null,null,null,null,null,null,null,null,null,null,null,null,null,"",null,"0-20","20-40","40-60","60-80","80-100",null,null,null,null,"C-1",62,4,0.5,2,0]
[null,null,63,1,"Ratio of number of boys students to the No. of toilets.",{"$f":"IF(G70=\"\",\"\",IF(F10=\"yes\",\"\",+F7-F9))","v":""},null,{"$f":"IF(F70=0,\"\",ROUND(F70/G70,4))","v":{"$error":"#VALUE!"}},"",0.5,"",{"$f":"IF($H70>$S70,$L$5,\"\")","v":{"$error":"#VALUE!"}},{"$f":"IF(AND($H70>$U70,$H70<$R70),$M$5,\"\")","v":{"$error":"#VALUE!"}},{"$f":"IF(AND($H70>$W70,$H70<$T70),$N$5,\"\")","v":{"$error":"#VALUE!"}},{"$f":"IF(AND($H70>$Y70,$H70<$V70),$O$5,\"\")","v":{"$error":"#VALUE!"}},{"$f":"IF(AND($H70>Z70,H70<X70),$P$5,\"\")","v":{"$error":"#VALUE!"}},1000,400.00009999999997,400,300.00099999999998,300,200.001,200,100.001,100,1E-4,{"$f":"IF(OR(AND(AE70=\"YES\",AF70=\"PHYSICALLY VERIFIED\"),AND(AE70=\"YES\",AF70=\"DOCUMENT VERIFIED\"),AND(AE70=\"YES\",'Basic Details'!$D$31=\"Self Assessment\"),AND(AE70=\"YES\",'Basic Details'!$D$31=\"Draft\")),1*IF(BB70=\"ERROR INPUT\",0+1,1),0)","v":0},null,"",null,null,null,null,"Number and functional status to be verified physically by Peer Team",null,null,null,null,null,null,null,null,null,null,null,null,null,null,null,null,null,null,null,null,null,"Above 400","300-400","200-300","100-200","100 & Below",null,null,null,null,"C-1",63,4,0.5,2,0]
[null,null,64,1,"Ratio of number of girls students to the No. of toilets.",{"$f":"IF(G71=\"\",\"\",IF(F70=\"\",$F$7,+$F$7-F70))","v":""},null,{"$f":"IF(F71=0,\"\",ROUND(F71/G71,4))","v":{"$error":"#VALUE!"}},"",0.5,"",{"$f":"IF($H71>$S71,$L$5,\"\")","v":{"$error":"#VALUE!"}},{"$f":"IF(AND($H71>$U71,$H71<$R71),$M$5,\"\")","v":{"$error":"#VALUE!"}},{"$f":"IF(AND($H71>$W71,$H71<$T71),$N$5,\"\")","v":{"$error":"#VALUE!"}},{"$f":"IF(AND($H71>$Y71,$H71<$V71),$O$5,\"\")","v":{"$error":"#VALUE!"}},{"$f":"IF(AND($H71>Z71,H71<X71),$P$5,\"\")","v":{"$error":"#VALUE!"}},1000,200.001,200,150.001,150,100.001,100,50.000999999999998,50,1E-4,{"$f":"IF(OR(AND(AE71=\"YES\",AF71=\"PHYSICALLY VERIFIED\"),AND(AE71=\"YES\",AF71=\"DOCUMENT VERIFIED\"),AND(AE71=\"YES\",'Basic Details'!$D$31=\"Self Assessment\"),AND(AE71=\"YES\",'Basic Details'!$D$31=\"Draft\")),1*IF(BB71=\"ERROR INPUT\",0+1,1),0)","v":0},null,"",null,null,null,null,"Number and functional status to be verified physically by Peer Team",null,null,null,null,null,null,null,null,null,null,null,null,null,null,null,null,null,null,null,null,null,"Above 200","150-200","100-150","50-100","50 & Below",null,null,null,null,"C-1",64,4,0.5,2,0]
[null,null,65,1,"Ratio of number of staff (teaching and non-teaching) members to the No. of toilets.",{"$f":"IF(G72=\"\",\"\",+$F$34+$F$90+$F$91+$F$97+IF(F$92=\"yes\",1,0)+IF($F$95=\"yes\",1,0)+IF($F$107=\"Yes\",1,0))","v":""},null,{"$f":"IF(F72=0,\"\",ROUND(F72/G72,4))","v":{"$error":"#VALUE!"}},"",0.5,{"$f":"IF(I72=\"\",\"\",+I72*J72*AA72)","v":""},{"$f":"IF($H72>$S72,$L$5,\"\")","v":{"$error":"#VALUE!"}},{"$f":"IF(AND($H72>$U72,$H72<$R72),$M$5,\"\")","v":{"$error":"#VALUE!"}},{"$f":"IF(AND($H72>$W72,$H72<$T72),$N$5,\"\")","v":{"$error":"#VALUE!"}},{"$f":"IF(AND($H72>$Y72,$H72<$V72),$O$5,\"\")","v":{"$error":"#VALUE!"}},{"$f":"IF(AND($H72>Z72,H72<X72),$P$5,\"\")","v":{"$error":"#VALUE!"}},1000,80.000100000000003,80,60.000100000000003,60,40.000100000000003,40,20.0001,20,1E-4,{"$f":"IF(OR(AND(AE72=\"YES\",AF72=\"PHYSICALLY VERIFIED\"),AND(AE72=\"YES\",AF72=\"DOCUMENT VERIFIED\"),AND(AE72=\"YES\",'Basic Details'!$D$31=\"Self Assessment\"),AND(AE72=\"YES\",'Basic Details'!$D$31=\"Draft\")),1*IF(BB72=\"ERROR INPUT\",0+1,1),0)","v":0},null,{"$f":"IF(AB72=\"\",\"\",\"-\")","v":""},null,null,null,null,"To be verified physically by Peer Team",null,null,null,null,null,null,null,null,null,null,null,null,null,null,null,null,null,null,null,null,null,"Above 80","60-80","40-60","20-40","20 & Below",null,null,null,null,"C-1",65,4,0.5,2,0]
[null,null,66,1,"Toilets facility for Divyang students and staff members.",null,null,{"$f":"+F73","v":0},{"$f":"IF(F73=\"\",\"\",SUM(L73:P73))","v":""},0.5,{"$f":"IF(I73=\"\",\"\",+I73*J73*AA73)","v":""},{"$f":"IF(OR(H73=\"\",H73=\"NO\"),$L$5,\"\")","v":""},{"$f":"IF(AND($H73<$U73%,$H73>$R73%),$M$5,\"\")","v":""},{"$f":"IF(AND($H73<$W73%,$H73>$T73%),$N$5,\"\")","v":""},{"$f":"IF(AND($H73<$Y73%,$H73>$V73%),$O$5,\"\")","v":""},{"$f":"IF(H73=\"YES\",$P$5,\"\")","v":""},null,null,null,null,null,null,null,null,null,null,{"$f":"IF(OR(AND(AE73=\"YES\",AF73=\"PHYSICALLY VERIFIED\"),AND(AE73=\"YES\",AF73=\"DOCUMENT VERIFIED\"),AND(AE73=\"YES\",'Basic Details'!$D$31=\"Self Assessment\"),AND(AE73=\"YES\",'Basic Details'!$D$31=\"Draft\")),1*IF(BB73=\"ERROR INPUT\",0+1,1),0)","v":0},null,"",null,null,null,null,null,null,null,null,null,null,null,null,null,null,null,null,null,null,null,null,null,null,null,null,null,null,"NO",null,null,null,"Yes",null,null,null,null,"C-1",66,4,0.5,2,0]
[null,null,67,1,"Ramp and other facilities for Divyang students and staff members.",null,null,0,"",0.5,"",{"$f":"IF(OR(H74=\"\",H74=\"NO\"),$L$5,\"\")","v":""},"","","",{"$f":"IF(H74=\"YES\",$P$5,\"\")","v":""},null,null,null,null,null,null,null,null,null,null,{"$f":"IF(OR(AND(AE74=\"YES\",AF74=\"PHYSICALLY VERIFIED\"),AND(AE74=\"YES\",AF74=\"DOCUMENT VERIFIED\"),AND(AE74=\"YES\",'Basic Details'!$D$31=\"Self Assessment\"),AND(AE74=\"YES\",'Basic Details'!$D$31=\"Draft\")),1*IF(BB74=\"ERROR INPUT\",0+1,1),0)","v":0},null,"",null,null,null,null,"Toilets, drinking water facilities and RAMPS to be verified physically by Peer Team",null,null,null,null,null,null,null,null,null,null,null,null,null,null,null,null,null,null,null,null,null,"NO",null,null,null,"Yes",null,null,null,null,"C-1",67,4,0.5,2,0]
["C. Infrastructure and Learning Resources","C-1 Physical Assets",68,1,"Girls common room facility (Number of Activities undertaken specially in the Girls Common room other than activities of women cell).",null,null,{"$f":"+F75","v":0},{"$f":"IF(F75=\"\",\"\",SUM(L75:P75))","v":""},0.5,"",{"$f":"IF($H75<$S75,$L$5,\"\")","v":0},{"$f":"IF(AND($H75<$U75,$H75>$R75),$M$5,\"\")","v":""},{"$f":"IF(AND($H75<$W75,$H75>$T75),$N$5,\"\")","v":""},{"$f":"IF(AND($H75<$Y75,$H75>$V75),$O$5,\"\")","v":""},{"$f":"IF(AND($H75<Z75,H75>X75),$P$5,\"\")","v":""},0,0,1,2,3,4,5,6,7,10000,{"$f":"IF(OR(AND(AE75=\"YES\",AF75=\"PHYSICALLY VERIFIED\"),AND(AE75=\"YES\",AF75=\"DOCUMENT VERIFIED\"),AND(AE75=\"YES\",'Basic Details'!$D$31=\"Self Assessment\"),AND(AE75=\"YES\",'Basic Details'!$D$31=\"Draft\")),1*IF(BB75=\"ERROR INPUT\",0+1,1),0)","v":0},null,"",null,null,null,null,"Activities to be verified physically by Peer Team",null,null,null,null,null,null,null,null,null,null,null,null,null,null,null,null,null,null,null,null,null,0,"1-2","3-4","5-6","7 & Above",null,null,null,null,"C-1",68,4,0.5,2,0]
[null,null,69,1,"Availability of Staff room.",null,null,{"$f":"+F76","v":0},{"$f":"IF(F76=\"\",\"\",SUM(L76:P76))","v":""},0.25,"",{"$f":"IF(OR(H76=\"\",H76=\"NO\"),$L$5,\"\")","v":""},{"$f":"IF(AND($H76<$U76%,$H76>$R76%),$M$5,\"\")","v":""},{"$f":"IF(AND($H76<$W76%,$H76>$T76%),$N$5,\"\")","v":""},{"$f":"IF(AND($H76<$Y76%,$H76>$V76%),$O$5,\"\")","v":""},{"$f":"IF(H76=\"YES\",$P$5,\"\")","v":""},null,null,null,null,null,null,null,null,null,null,{"$f":"IF(OR(AND(AE76=\"YES\",AF76=\"PHYSICALLY VERIFIED\"),AND(AE76=\"YES\",AF76=\"DOCUMENT VERIFIED\"),AND(AE76=\"YES\",'Basic Details'!$D$31=\"Self Assessment\"),AND(AE76=\"YES\",'Basic Details'!$D$31=\"Draft\")),1*IF(BB76=\"ERROR INPUT\",0+1,1),0)","v":0},null,"",null,null,null,null,"To be verified physically by Peer Team",null,null,null,null,null,null,null,null,null,null,null,null,null,null,null,null,null,null,null,null,null,"NO",null,null,null,"Yes",null,null,null,null,"C-1",69,4,0.25,1,0]
[null,null,70,1,"Departmental rooms in percentage to No. of subjects being taught in the college.",null,null,{"$f":"IF(F77=0,\"\",ROUND(F77/G77,4))","v":""},{"$f":"IF(OR(F77=\"\",G77=\"\",G77=0),\"\",SUM(L77:P77))","v":""},0.5,"",{"$f":"IF($H77<$S77,$L$5,\"\")","v":""},{"$f":"IF(AND($H77<$U77,$H77>$R77),$M$5,\"\")","v":""},{"$f":"IF(AND($H77<$W77,$H77>$T77),$N$5,\"\")","v":""},{"$f":"IF(AND($H77<$Y77,$H77>$V77),$O$5,\"\")","v":""},{"$f":"IF(AND($H77<Z77,H77>X77),$P$5,\"\")","v":""},0,0,1.0000000000000001E-5,24.9999,25,49.999899999999997,50,74.999899999999997,75,10000,{"$f":"IF(OR(AND(AE77=\"YES\",AF77=\"PHYSICALLY VERIFIED\"),AND(AE77=\"YES\",AF77=\"DOCUMENT VERIFIED\"),AND(AE77=\"YES\",'Basic Details'!$D$31=\"Self Assessment\"),AND(AE77=\"YES\",'Basic Details'!$D$31=\"Draft\")),1*IF(BB77=\"ERROR INPUT\",0+1,1),0)","v":0},null,"",null,null,null,null,"To be verified physically by Peer Team",null,null,null,null,null,null,null,null,null,null,null,null,null,null,null,null,null,null,null,"",null,0,"More than 0 but less than 25","25-50","50-75","75 & Above",null,null,null,null,"C-1",70,4,0.5,2,0]
[null,null,71,1,"No. of computers in campus for Students only (including ICT labs, laboratories etc.).",null,null,{"$f":"+F78","v":0},{"$f":"IF(F78=\"\",\"\",SUM(L78:P78))","v":""},0.5,"",{"$f":"IF($H78<$S78,$L$5,\"\")","v":0},{"$f":"IF(AND($H78<$U78,$H78>$R78),$M$5,\"\")","v":""},{"$f":"IF(AND($H78<$W78,$H78>$T78),$N$5,\"\")","v":""},{"$f":"IF(AND($H78<$Y78,$H78>$V78),$O$5,\"\")","v":""},{"$f":"IF(AND($H78<Z78,H78>X78),$P$5,\"\")","v":""},0,0,1,5,6,10,11,20,21,10000,{"$f":"IF(OR(AND(AE78=\"YES\",AF78=\"PHYSICALLY VERIFIED\"),AND(AE78=\"YES\",AF78=\"DOCUMENT VERIFIED\"),AND(AE78=\"YES\",'Basic Details'!$D$31=\"Self Assessment\"),AND(AE78=\"YES\",'Basic Details'!$D$31=\"Draft\")),1*IF(BB78=\"ERROR INPUT\",0+1,1),0)","v":0},null,"",null,null,null,null,"Number and functional status to be verified physically by Peer Team",null,null,null,null,null,null,null,null,null,null,null,null,null,null,null,null,null,null,null,null,null,0,"1-5","6-10","11-20","21 & Above",null,null,null,null,"C-1",71,4,0.5,2,0]
[null,null,72,null,"Ratio of  Computers  with free access of internet surfing for students.",null,{"$f":"IF(F79=\"\",\"\",+$F$7)","v":""},{"$f":"IF(F79=0,\"\",ROUND(F79/G79,4))","v":""},{"$f":"IF(OR(F79=\"\",G79=\"\",G79=0),\"\",SUM(L79:P79))","v":""},0.5,"",{"$f":"IF($H79<$S79,$L$5,\"\")","v":""},{"$f":"IF(AND($H79<$U79,$H79>$R79),$M$5,\"\")","v":""},{"$f":"IF(AND($H79<$W79,$H79>$T79),$N$5,\"\")","v":""},{"$f":"IF(AND($H79<$Y79,$H79>$V79),$O$5,\"\")","v":""},{"$f":"IF(AND($H79<Z79,H79>X79),$P$5,\"\")","v":""},0,{"$f":"0.999/1000","v":9.990000000000001E-4},{"$f":"1/1000","v":1E-3},{"$f":"2.9999/1000","v":2.9998999999999998E-3},{"$f":"3/1000","v":3.0000000000000001E-3},{"$f":"5.999999/1000","v":5.9999989999999998E-3},{"$f":"6/1000","v":6.0000000000000001E-3},{"$f":"8.99999/1000","v":8.9999900000000011E-3},{"$f":"9/1000","v":8.9999999999999993E-3},{"$f":"1000/1000","v":1},{"$f":"IF(OR(AND(AE79=\"YES\",AF79=\"PHYSICALLY VERIFIED\"),AND(AE79=\"YES\",AF79=\"DOCUMENT VERIFIED\"),AND(AE79=\"YES\",'Basic Details'!$D$31=\"Self Assessment\"),AND(AE79=\"YES\",'Basic Details'!$D$31=\"Draft\")),1*IF(BB79=\"ERROR INPUT\",0+1,1),0)","v":0},null,"",null,null,null,null,null,null,null,null,null,null,null,null,null,null,null,null,null,null,null,null,null,null,null,null,null,null,"Less than .001","0.001 but less than 0.003","0.003 but less than 0.006","0.006 but less than 0.009","0.009 & Above",null,null,null,null,"C-1",72,4,0.5,2,0]
[null,null,73,null,"Availability of Safe/Clean drinking water with functional water purifier system.",null,null,{"$f":"+F80","v":0},"",1,"",{"$f":"IF(OR(H80=\"\",H80=\"NO\"),$L$5,\"\")","v":""},{"$f":"IF(AND($H80<$U80%,$H80>$R80%),$M$5,\"\")","v":""},{"$f":"IF(AND($H80<$W80%,$H80>$T80%),$N$5,\"\")","v":""},{"$f":"IF(AND($H80<$Y80%,$H80>$V80%),$O$5,\"\")","v":""},{"$f":"IF(H80=\"YES\",$P$5,\"\")","v":""},null,null,null,null,null,null,null,null,null,null,{"$f":"IF(OR(AND(AE80=\"YES\",AF80=\"PHYSICALLY VERIFIED\"),AND(AE80=\"YES\",AF80=\"DOCUMENT VERIFIED\"),AND(AE80=\"YES\",'Basic Details'!$D$31=\"Self Assessment\"),AND(AE80=\"YES\",'Basic Details'!$D$31=\"Draft\")),1*IF(BB80=\"ERROR INPUT\",0+1,1),0)","v":0},null,"",null,null,null,null,"Installed ROs  to be verified physically by Peer Team AND if possible get TDS done.",null,null,null,null,null,null,null,null,null,null,null,null,null,null,null,null,null,null,null,null,null,"NO",null,null,null,"Yes",null,null,null,null,"C-1",73,4,1,4,0]
[null,null,{"$f":"1+C80","v":74},null,"No of Languages associated with Language Lab.",null,null,{"$f":"+F81","v":0},"",0.5,"",{"$f":"IF($H81<$S81,$L$5,\"\")","v":0},{"$f":"IF(AND($H81<$U81,$H81>$R81),$M$5,\"\")","v":""},{"$f":"IF(AND($H81<$W81,$H81>$T81),$N$5,\"\")","v":""},{"$f":"IF(AND($H81<$Y81,$H81>$V81),$O$5,\"\")","v":""},{"$f":"IF(AND($H81<Z81,H81>X81),$P$5,\"\")","v":""},0,0,1,1,2,2,3,3,4,20,{"$f":"IF(OR(AND(AE81=\"YES\",AF81=\"PHYSICALLY VERIFIED\"),AND(AE81=\"YES\",AF81=\"DOCUMENT VERIFIED\"),AND(AE81=\"YES\",'Basic Details'!$D$31=\"Self Assessment\"),AND(AE81=\"YES\",'Basic Details'!$D$31=\"Draft\")),1*IF(BB81=\"ERROR INPUT\",0+1,1),0)","v":0},null,"",null,null,null,null,"Lab AND consoles AND Mike to be verified physically by Peer Team",null,null,null,null,null,null,null,null,null,null,null,null,null,null,null,null,null,null,null,null,null,0,1,2,3,"4 & Above",null,null,null,null,"C-1",74,4,0.5,2,0]
[null,null,75,null,"Speed of Wi-Fi facility in the Campus.",null,null,0,"",0.5,"",{"$f":"IF($H82<$S82,$L$5,\"\")","v":0},{"$f":"IF(AND($H82<$U82,$H82>$R82),$M$5,\"\")","v":""},{"$f":"IF(AND($H82<$W82,$H82>$T82),$N$5,\"\")","v":""},{"$f":"IF(AND($H82<$Y82,$H82>$V82),$O$5,\"\")","v":""},{"$f":"IF(AND($H82<Z82,H82>X82),$P$5,\"\")","v":""},0,0,1,20,20.001000000000001,40,40.000999999999998,49.000999999999998,50,20000,{"$f":"IF(OR(AND(AE82=\"YES\",AF82=\"PHYSICALLY VERIFIED\"),AND(AE82=\"YES\",AF82=\"DOCUMENT VERIFIED\"),AND(AE82=\"YES\",'Basic Details'!$D$31=\"Self Assessment\"),AND(AE82=\"YES\",'Basic Details'!$D$31=\"Draft\")),1*IF(BB82=\"ERROR INPUT\",0+1,1),0)","v":0},null,"",null,null,null,null,"To be verified by Peer Team by connecting through college wi-fi network",null,null,null,null,null,null,null,null,null,null,null,null,null,null,null,null,null,null,null,null,null,0,"1-20","20-40","40-50","50 & Above",null,null,null,null,"C-1",75,4,0.5,2,0]
[null,null,76,null,"Number of class rooms covered under LAN.",null,null,0,{"$f":"IF(F83=\"\",\"\",SUM(L83:P83))","v":""},0.5,{"$f":"IF(I83=\"\",\"\",+I83*J83*AA83)","v":""},{"$f":"IF($H83<$S83,$L$5,\"\")","v":0},{"$f":"IF(AND($H83<$U83,$H83>$R83),$M$5,\"\")","v":""},{"$f":"IF(AND($H83<$W83,$H83>$T83),$N$5,\"\")","v":""},{"$f":"IF(AND($H83<$Y83,$H83>$V83),$O$5,\"\")","v":""},{"$f":"IF(AND($H83<Z83,H83>X83),$P$5,\"\")","v":""},0,0,1,4,5,9,10,19,20,100,{"$f":"IF(OR(AND(AE83=\"YES\",AF83=\"PHYSICALLY VERIFIED\"),AND(AE83=\"YES\",AF83=\"DOCUMENT VERIFIED\"),AND(AE83=\"YES\",'Basic Details'!$D$31=\"Self Assessment\"),AND(AE83=\"YES\",'Basic Details'!$D$31=\"Draft\")),1*IF(BB83=\"ERROR INPUT\",0+1,1),0)","v":0},null,"",null,null,null,null,null,null,null,null,null,null,null,null,null,null,null,null,null,null,null,null,null,null,null,null,null,null,0,"1-4","5-9","10-19","20 & Above",null,null,null,null,"C-1",76,4,0.5,2,0]
[null,null,{"$f":"1+C83","v":77},null,"No. of smart classrooms (Functional interactive Board).",null,null,0,"",0.5,"",{"$f":"IF($H84<$S84,$L$5,\"\")","v":0},{"$f":"IF(AND($H84<$U84,$H84>$R84),$M$5,\"\")","v":""},{"$f":"IF(AND($H84<$W84,$H84>$T84),$N$5,\"\")","v":""},{"$f":"IF(AND($H84<$Y84,$H84>$V84),$O$5,\"\")","v":""},{"$f":"IF(AND($H84<Z84,H84>X84),$P$5,\"\")","v":""},0,0,1,1,2,2,3,3,4,10000,{"$f":"IF(OR(AND(AE84=\"YES\",AF84=\"PHYSICALLY VERIFIED\"),AND(AE84=\"YES\",AF84=\"DOCUMENT VERIFIED\"),AND(AE84=\"YES\",'Basic Details'!$D$31=\"Self Assessment\"),AND(AE84=\"YES\",'Basic Details'!$D$31=\"Draft\")),1*IF(BB84=\"ERROR INPUT\",0+1,1),0)","v":0},null,"",null,null,null,null,"Installed set up and its functionality to be verified physically by Peer Team",null,null,null,null,null,null,null,null,null,null,null,null,null,null,null,null,null,null,null,null,null,0,1,2,3,"4 & Above",null,null,null,null,"C-1",{"$f":"+C84","v":77},4,{"$f":"+J84","v":0.5},{"$f":"+BO84*BP84","v":2},{"$f":"IF(K84=\"\",0,+K84)","v":0}]
["C. Infrastructure and Learning Resources","C-1 Physical Assets",78,null,"Percentage of capacity of power generation through Generator / inverter/Solar panel to total electricity requirement of the college.",null,null,{"$f":"IF(F85=\"\",\"\",ROUND(F85/G85,4))","v":""},{"$f":"IF(OR(F85=\"\",G85=\"\",G85=0),\"\",SUM(L85:P85))","v":""},0.75,"",{"$f":"IF($H85<$S85%,$L$5,\"\")","v":""},{"$f":"IF(AND($H85<$U85%,$H85>$R85%),$M$5,\"\")","v":""},{"$f":"IF(AND($H85<$W85%,$H85>$T85%),$N$5,\"\")","v":""},{"$f":"IF(AND($H85<$Y85%,$H85>$V85%),$O$5,\"\")","v":""},{"$f":"IF(AND($H85<Z85%,H85>X85%),$P$5,\"\")","v":""},0,20,20.0001,40,40.000100000000003,60,60.000100000000003,80,80.000100000000003,10000,{"$f":"IF(OR(AND(AE85=\"YES\",AF85=\"PHYSICALLY VERIFIED\"),AND(AE85=\"YES\",AF85=\"DOCUMENT VERIFIED\"),AND(AE85=\"YES\",'Basic Details'!$D$31=\"Self Assessment\"),AND(AE85=\"YES\",'Basic Details'!$D$31=\"Draft\")),1*IF(BB85=\"ERROR INPUT\",0+1,1),0)","v":0},null,"",null,null,null,null,"Documentary proof of total electricity load AND its generation in institute AND to be verified physically by Peer Team",null,null,null,null,null,null,null,null,null,null,null,null,null,null,null,null,null,null,null,null,null,"0-20","20-40","40-60","60-80","80-100",null,null,null,null,"C-1",78,4,0.75,3,0]
[null,null,79,null,"Availability of Audio / video system in the college (Mic, TV, Projector, Laptops etc.).",null,null,{"$f":"+F86","v":0},{"$f":"IF(F86=\"\",\"\",SUM(L86:P86))","v":""},0.5,"",{"$f":"IF(OR(H86=\"\",H86=\"NO\"),$L$5,\"\")","v":""},{"$f":"IF(AND($H86<$U86%,$H86>$R86%),$M$5,\"\")","v":""},{"$f":"IF(AND($H86<$W86%,$H86>$T86%),$N$5,\"\")","v":""},{"$f":"IF(AND($H86<$Y86%,$H86>$V86%),$O$5,\"\")","v":""},{"$f":"IF(H86=\"YES\",$P$5,\"\")","v":""},null,null,null,null,null,null,null,null,null,null,{"$f":"IF(OR(AND(AE86=\"YES\",AF86=\"PHYSICALLY VERIFIED\"),AND(AE86=\"YES\",AF86=\"DOCUMENT VERIFIED\"),AND(AE86=\"YES\",'Basic Details'!$D$31=\"Self Assessment\"),AND(AE86=\"YES\",'Basic Details'!$D$31=\"Draft\")),1*IF(BB86=\"ERROR INPUT\",0+1,1),0)","v":0},null,"",null,null,null,null,"To be verified physically by Peer Team",null,null,null,null,null,null,null,null,null,null,null,null,null,null,null,null,null,null,null,null,null,"NO",null,null,null,"Yes",null,null,null,null,"C-1",79,4,0.5,2,0]
[null,null,80,null,"Availability of Auditorium in the Campus (Above 150 seating capacity).",null,null,0,{"$f":"IF(F87=\"\",\"\",SUM(L87:P87))","v":""},0.5,{"$f":"IF(I87=\"\",\"\",+I87*J87*AA87)","v":""},{"$f":"IF(OR(H87=\"\",H87=\"NO\"),$L$5,\"\")","v":""},"","","",{"$f":"IF(H87=\"YES\",$P$5,\"\")","v":""},null,null,null,null,null,null,null,null,null,null,{"$f":"IF(OR(AND(AE87=\"YES\",AF87=\"PHYSICALLY VERIFIED\"),AND(AE87=\"YES\",AF87=\"DOCUMENT VERIFIED\"),AND(AE87=\"YES\",'Basic Details'!$D$31=\"Self Assessment\"),AND(AE87=\"YES\",'Basic Details'!$D$31=\"Draft\")),1*IF(BB87=\"ERROR INPUT\",0+1,1),0)","v":0},null,"",null,null,null,null,null,null,null,null,null,null,null,null,null,null,null,null,null,null,null,null,null,null,null,null,null,null,"NO",null,null,null,"Yes",null,null,null,null,"C-1",80,4,0.5,2,0]
[null,null,81,null,"No. of Seminar Halls/Lecture Theater with fitted/permanent Audio/Video system.",null,null,{"$f":"+F88","v":0},{"$f":"IF(F88=\"\",\"\",SUM(L88:P88))","v":""},0.5,"",{"$f":"IF($H88<$S88,$L$5,\"\")","v":0},{"$f":"IF(AND($H88<$U88,$H88>$R88),$M$5,\"\")","v":""},{"$f":"IF(AND($H88<$W88,$H88>$T88),$N$5,\"\")","v":""},{"$f":"IF(AND($H88<$Y88,$H88>$V88),$O$5,\"\")","v":""},{"$f":"IF(AND($H88<Z88,H88>X88),$P$5,\"\")","v":""},0,0,1,1,2,2,3,3,4,10000,{"$f":"IF(OR(AND(AE88=\"YES\",AF88=\"PHYSICALLY VERIFIED\"),AND(AE88=\"YES\",AF88=\"DOCUMENT VERIFIED\"),AND(AE88=\"YES\",'Basic Details'!$D$31=\"Self Assessment\"),AND(AE88=\"YES\",'Basic Details'!$D$31=\"Draft\")),1*IF(BB88=\"ERROR INPUT\",0+1,1),0)","v":0},null,"",null,null,null,null,null,null,null,null,null,null,null,null,null,null,null,null,null,null,null,null,null,null,null,null,null,null,0,1,2,3,"4 & Above",null,null,null,null,"C-1",81,4,0.5,2,0]
[null,null,82,null,"Functional Fire Extinguishers available.",null,null,{"$f":"+F89","v":0},{"$f":"IF(F89=\"\",\"\",SUM(L89:P89))","v":""},0.25,"",{"$f":"IF(OR(H89=\"\",H89=\"NO\"),$L$5,\"\")","v":""},{"$f":"IF(AND($H89<$U89%,$H89>$R89%),$M$5,\"\")","v":""},{"$f":"IF(AND($H89<$W89%,$H89>$T89%),$N$5,\"\")","v":""},{"$f":"IF(AND($H89<$Y89%,$H89>$V89%),$O$5,\"\")","v":""},{"$f":"IF(H89=\"YES\",$P$5,\"\")","v":""},null,null,null,null,null,null,null,null,null,null,{"$f":"IF(OR(AND(AE89=\"YES\",AF89=\"PHYSICALLY VERIFIED\"),AND(AE89=\"YES\",AF89=\"DOCUMENT VERIFIED\"),AND(AE89=\"YES\",'Basic Details'!$D$31=\"Self Assessment\"),AND(AE89=\"YES\",'Basic Details'!$D$31=\"Draft\")),1*IF(BB89=\"ERROR INPUT\",0+1,1),0)","v":0},null,"",null,null,null,null,"Installation and date of refill to be verified physically by Peer Team",null,null,null,null,null,null,null,null,null,null,null,null,null,null,null,null,null,null,null,null,null,"NO",null,null,null,"Yes",null,null,null,null,"C-1",82,4,0.25,1,0,{"$f":"SUM(BP65:BP89)","v":14.25},{"$f":"SUM(BR65:BR89)","v":0},{"$f":"SUM(BQ65:BQ89)","v":57}]
[null,"C-2 Office Setup",{"$f":"1+C89","v":83},null,"Percentage of working Ministerial staff to no. of posts-required-as-per-rules (including Lab asstts.).",null,null,{"$f":"IF(F90=\"\",\"\",ROUND(F90/G90,4))","v":""},{"$f":"IF(OR(F90=\"\",G90=\"\",G90=0),\"\",SUM(L90:P90))","v":""},1,"",{"$f":"IF($H90<$S90%,$L$5,\"\")","v":""},{"$f":"IF(AND($H90<$U90%,$H90>$R90%),$M$5,\"\")","v":""},{"$f":"IF(AND($H90<$W90%,$H90>$T90%),$N$5,\"\")","v":""},{"$f":"IF(AND($H90<$Y90%,$H90>$V90%),$O$5,\"\")","v":""},{"$f":"IF(AND($H90<Z90%,H90>X90%),$P$5,\"\")","v":""},0,20,20.0001,40,40.000100000000003,60,60.000100000000003,80,80.000100000000003,10000,{"$f":"IF(OR(AND(AE90=\"YES\",AF90=\"PHYSICALLY VERIFIED\"),AND(AE90=\"YES\",AF90=\"DOCUMENT VERIFIED\"),AND(AE90=\"YES\",'Basic Details'!$D$31=\"Self Assessment\"),AND(AE90=\"YES\",'Basic Details'!$D$31=\"Draft\")),1*IF(BB90=\"ERROR INPUT\",0+1,1),0)","v":0},null,"",null,null,null,null,"Attendance Register / AISHE DCF",null,null,null,null,null,null,null,null,null,null,null,null,null,null,null,null,null,null,null,"",null,"0-20","20-40","40-60","60-80","80-100",null,null,null,null,"C-2",83,4,1,4,0]
[null,null,84,null,"Percentage of working supporting staff to no. of posts-required-as-per-rules (including Lab bearers, gas man etc.).",null,null,"","",1,"","","","","","",0,20,20.0001,40,40.000100000000003,60,60.000100000000003,80,80.000100000000003,10000,{"$f":"IF(OR(AND(AE91=\"YES\",AF91=\"PHYSICALLY VERIFIED\"),AND(AE91=\"YES\",AF91=\"DOCUMENT VERIFIED\"),AND(AE91=\"YES\",'Basic Details'!$D$31=\"Self Assessment\"),AND(AE91=\"YES\",'Basic Details'!$D$31=\"Draft\")),1*IF(BB91=\"ERROR INPUT\",0+1,1),0)","v":0},null,"",null,null,null,null,"Attendance Register / AISHE DCF",null,null,null,null,null,null,null,null,null,null,null,null,null,null,null,null,null,null,null,"",null,"0-20","20-40","40-60","60-80","80-100",null,null,null,null,"C-2",84,4,1,4,0]
[null,null,85,null,"Working accounts personnel.",null,null,{"$f":"+F92","v":0},{"$f":"IF(F92=\"\",\"\",SUM(L92:P92))","v":""},0.5,"",{"$f":"IF(OR(H92=\"\",H92=\"NO\"),$L$5,\"\")","v":""},"","","",{"$f":"IF(H92=\"YES\",$P$5,\"\")","v":""},null,null,null,null,null,null,null,null,null,null,{"$f":"IF(OR(AND(AE92=\"YES\",AF92=\"PHYSICALLY VERIFIED\"),AND(AE92=\"YES\",AF92=\"DOCUMENT VERIFIED\"),AND(AE92=\"YES\",'Basic Details'!$D$31=\"Self Assessment\"),AND(AE92=\"YES\",'Basic Details'!$D$31=\"Draft\")),1*IF(BB92=\"ERROR INPUT\",0+1,1),0)","v":0},null,"",null,null,null,null,"Attendance Register",null,null,null,null,null,null,null,null,null,null,null,null,null,null,null,null,null,null,null,null,null,"NO",null,null,null,"Yes",null,null,null,null,"C-2",85,4,0.5,2,0]
[null,null,86,null,"Automation of offices.",null,null,0,{"$f":"IF(F93=\"\",\"\",SUM(L93:P93))","v":""},0.25,{"$f":"IF(I93=\"\",\"\",+I93*J93*AA93)","v":""},{"$f":"IF(OR(H93=\"\",H93=\"NO\"),$L$5,\"\")","v":""},"","","",{"$f":"IF(H93=\"YES\",$P$5,\"\")","v":""},null,null,null,null,null,null,null,null,null,null,{"$f":"IF(OR(AND(AE93=\"YES\",AF93=\"PHYSICALLY VERIFIED\"),AND(AE93=\"YES\",AF93=\"DOCUMENT VERIFIED\"),AND(AE93=\"YES\",'Basic Details'!$D$31=\"Self Assessment\"),AND(AE93=\"YES\",'Basic Details'!$D$31=\"Draft\")),1*IF(BB93=\"ERROR INPUT\",0+1,1),0)","v":0},null,"",null,null,null,null,null,null,null,null,null,null,null,null,null,null,null,null,null,null,null,null,null,null,null,null,null,null,"NO",null,null,null,"Yes",null,null,null,null,"C-2",86,4,0.25,1,0,{"$f":"SUM(BP90:BP93)","v":2.75},{"$f":"SUM(BR90:BR93)","v":0},{"$f":"SUM(BQ90:BQ93)","v":11},{"$f":"SUM(BS65:BS93)","v":17},{"$f":"SUM(BT65:BT93)","v":0},{"$f":"SUM(BU65:BU93)","v":68}]
["D. Student Support and participation","D-1 Learning Support",87,null,"Library with or without e-library/inflibnet/delnet facility (Based on total Hits).",null,null,{"$f":"IF(F94=\"Yes Library No Facility\",1,IF(F94=\"yes library yes facility\",2,0))","v":0},"",0.5,{"$f":"IF(I94=\"\",\"\",+I94*J94*AA94)","v":""},{"$f":"IF($H94<$S94,$L$5,\"\")","v":""},{"$f":"IF(AND($H94<$U94,$H94>$R94),$M$5,\"\")","v":""},{"$f":"IF(AND($H94<$W94,$H94>$T94),$N$5,\"\")","v":""},{"$f":"IF(AND($H94<$Y94,$H94>$V94),$O$5,\"\")","v":""},{"$f":"IF(AND($H94<Z94,H94>X94),$P$5,\"\")","v":""},0,0,0,0,1,1,2,1,2,100,{"$f":"IF(OR(AND(AE94=\"YES\",AF94=\"PHYSICALLY VERIFIED\"),AND(AE94=\"YES\",AF94=\"DOCUMENT VERIFIED\"),AND(AE94=\"YES\",'Basic Details'!$D$31=\"Self Assessment\"),AND(AE94=\"YES\",'Basic Details'!$D$31=\"Draft\")),1*IF(BB94=\"ERROR INPUT\",0+1,1),0)","v":0},null,"",null,null,null,null,"To be verified physically by Peer Team",null,null,null,null,null,null,null,null,null,null,null,null,null,null,null,null,null,null,null,null,null,"No Library",null,"Yes Library, No Facility",null,"Yes Library, Yes Facility",null,null,null,null,"D-1",87,4,0.5,2,0]
[null,null,88,null,"Working Librarian.",null,null,{"$f":"+F95","v":0},"",0.25,"",{"$f":"IF(OR(H95=\"\",H95=\"NO\"),$L$5,\"\")","v":""},{"$f":"IF(AND($H95<$U95%,$H95>$R95%),$M$5,\"\")","v":""},{"$f":"IF(AND($H95<$W95%,$H95>$T95%),$N$5,\"\")","v":""},{"$f":"IF(AND($H95<$Y95%,$H95>$V95%),$O$5,\"\")","v":""},{"$f":"IF(H95=\"YES\",$P$5,\"\")","v":""},null,null,null,null,null,null,null,null,null,null,{"$f":"IF(OR(AND(AE95=\"YES\",AF95=\"PHYSICALLY VERIFIED\"),AND(AE95=\"YES\",AF95=\"DOCUMENT VERIFIED\"),AND(AE95=\"YES\",'Basic Details'!$D$31=\"Self Assessment\"),AND(AE95=\"YES\",'Basic Details'!$D$31=\"Draft\")),1*IF(BB95=\"ERROR INPUT\",0+1,1),0)","v":0},null,"",null,null,null,null,"Attendance Register",null,null,null,null,null,null,null,null,null,null,null,null,null,null,null,null,null,null,null,null,null,"No",null,null,null,"Yes",null,null,null,null,"D-1",88,4,0.25,1,0]
[null,null,89,null,"Whether library is automated.",null,null,0,"",0.25,"",{"$f":"IF(OR(H96=\"\",H96=\"NO\"),$L$5,\"\")","v":""},"","","",{"$f":"IF(H96=\"YES\",$P$5,\"\")","v":""},null,null,null,null,null,null,null,null,null,null,{"$f":"IF(OR(AND(AE96=\"YES\",AF96=\"PHYSICALLY VERIFIED\"),AND(AE96=\"YES\",AF96=\"DOCUMENT VERIFIED\"),AND(AE96=\"YES\",'Basic Details'!$D$31=\"Self Assessment\"),AND(AE96=\"YES\",'Basic Details'!$D$31=\"Draft\")),1*IF(BB96=\"ERROR INPUT\",0+1,1),0)","v":0},null,"",null,null,null,null,"Bar-coding, issuing of books using the software to be verified physically by Peer Team",null,null,null,null,null,null,null,null,null,null,null,null,null,null,null,null,null,null,null,null,null,"No",null,null,null,"Yes",null,null,null,null,"D-1",89,4,0.25,1,0]
[null,null,90,null,"Percentage of working Library staff against  no. of posts-required-as-per-rules",null,null,{"$f":"IF(F97=\"\",\"\",ROUND(F97/G97,4))","v":""},{"$f":"IF(OR(F97=\"\",G97=\"\",G97=0),\"\",SUM(L97:P97))","v":""},0.25,"",{"$f":"IF($H97<$S97%,$L$5,\"\")","v":""},{"$f":"IF(AND($H97<$U97%,$H97>$R97%),$M$5,\"\")","v":""},{"$f":"IF(AND($H97<$W97%,$H97>$T97%),$N$5,\"\")","v":""},{"$f":"IF(AND($H97<$Y97%,$H97>$V97%),$O$5,\"\")","v":""},{"$f":"IF(AND($H97<Z97%,H97>X97%),$P$5,\"\")","v":""},0,20,20.0001,40,40.000100000000003,60,60.000100000000003,80,80.000100000000003,10000,{"$f":"IF(OR(AND(AE97=\"YES\",AF97=\"PHYSICALLY VERIFIED\"),AND(AE97=\"YES\",AF97=\"DOCUMENT VERIFIED\"),AND(AE97=\"YES\",'Basic Details'!$D$31=\"Self Assessment\"),AND(AE97=\"YES\",'Basic Details'!$D$31=\"Draft\")),1*IF(BB97=\"ERROR INPUT\",0+1,1),0)","v":0},null,"",null,null,null,null,"Attendance Register",null,null,null,null,null,null,null,null,null,null,null,null,null,null,null,null,null,null,null,"",null,"0-20","20-40","40-60","60-80","80-100",null,null,null,null,"D-1",90,4,0.25,1,0]
[null,null,91,null,"Ratio of total books in library to total No. of students.",null,{"$f":"IF(F98=\"\",\"\",+$F$7)","v":""},{"$f":"IF(F98=0,\"\",ROUND(F98/G98,4))","v":""},"",0.5,"",{"$f":"IF($H98<$S98,$L$5,\"\")","v":""},{"$f":"IF(AND($H98<$U98,$H98>$R98),$M$5,\"\")","v":""},{"$f":"IF(AND($H98<$W98,$H98>$T98),$N$5,\"\")","v":""},{"$f":"IF(AND($H98<$Y98,$H98>$V98),$O$5,\"\")","v":""},{"$f":"IF(AND($H98<Z98,H98>X98),$P$5,\"\")","v":""},0,0,1E-4,2.9998999999999998,3,3.9998999999999998,4,4.9999000000000002,5,10000,{"$f":"IF(OR(AND(AE98=\"YES\",AF98=\"PHYSICALLY VERIFIED\"),AND(AE98=\"YES\",AF98=\"DOCUMENT VERIFIED\"),AND(AE98=\"YES\",'Basic Details'!$D$31=\"Self Assessment\"),AND(AE98=\"YES\",'Basic Details'!$D$31=\"Draft\")),1*IF(BB98=\"ERROR INPUT\",0+1,1),0)","v":0},null,"",null,null,null,null,"Library stock register",null,null,null,null,null,null,null,null,null,null,null,null,null,null,null,null,null,null,null,null,null,0,"More than 0 and less than 3","3-4","4-5","5 & Above",null,null,null,null,"D-1",91,4,0.5,2,0]
[null,null,92,null,"No. of Reading Rooms.",null,null,{"$f":"+F99","v":0},{"$f":"IF(F99=\"\",\"\",SUM(L99:P99))","v":""},0.5,"",{"$f":"IF($H99<$S99,$L$5,\"\")","v":0},{"$f":"IF(AND($H99<$U99,$H99>$R99),$M$5,\"\")","v":""},{"$f":"IF(AND($H99<$W99,$H99>$T99),$N$5,\"\")","v":""},{"$f":"IF(AND($H99<$Y99,$H99>$V99),$O$5,\"\")","v":""},{"$f":"IF(AND($H99<Z99,H99>X99),$P$5,\"\")","v":""},0,0.999,0.999,0.999,1,1.9999,2,1.9999,2,10000,{"$f":"IF(OR(AND(AE99=\"YES\",AF99=\"PHYSICALLY VERIFIED\"),AND(AE99=\"YES\",AF99=\"DOCUMENT VERIFIED\"),AND(AE99=\"YES\",'Basic Details'!$D$31=\"Self Assessment\"),AND(AE99=\"YES\",'Basic Details'!$D$31=\"Draft\")),1*IF(BB99=\"ERROR INPUT\",0+1,1),0)","v":0},null,"",null,null,null,null,"Required furniture and display stands to be verified physically by Peer Team",null,null,null,null,null,null,null,null,null,null,null,null,null,null,null,null,null,null,null,null,null,0,null,1,null,"2 & Above",null,null,null,null,"D-1",92,4,0.5,2,0]
[null,null,93,null,"No. of copies of News papers subscribed per 100 students.",null,{"$f":"IF(F100=\"\",\"\",+$F$7)","v":""},{"$f":"IF(F100=0,\"\",ROUND(F100/G100,4))","v":""},{"$f":"IF(OR(F100=\"\",G100=\"\",G100=0),\"\",SUM(L100:P100))","v":""},0.25,"",{"$f":"IF($H100<$S100,$L$5,\"\")","v":""},{"$f":"IF(AND($H100<$U100,$H100>$R100),$M$5,\"\")","v":""},{"$f":"IF(AND($H100<$W100,$H100>$T100),$N$5,\"\")","v":""},{"$f":"IF(AND($H100<$Y100,$H100>$V100),$O$5,\"\")","v":""},{"$f":"IF(AND($H100<Z100,H100>X100),$P$5,\"\")","v":""},0,0,1,1,2,2,3,3,4,10000,{"$f":"IF(OR(AND(AE100=\"YES\",AF100=\"PHYSICALLY VERIFIED\"),AND(AE100=\"YES\",AF100=\"DOCUMENT VERIFIED\"),AND(AE100=\"YES\",'Basic Details'!$D$31=\"Self Assessment\"),AND(AE100=\"YES\",'Basic Details'!$D$31=\"Draft\")),1*IF(BB100=\"ERROR INPUT\",0+1,1),0)","v":0},null,"",null,null,null,null,"Number of copies of last 2 months to be verified physically by Peer Team",null,null,null,null,null,null,null,null,null,null,null,null,null,null,null,null,null,null,null,null,null,0,1,2,3,"4 & Above",null,null,null,null,"D-1",93,4,0.25,1,0]
[null,null,94,null,"Subscription of employment News paper.",null,null,{"$f":"+F101","v":0},{"$f":"IF(F101=\"\",\"\",SUM(L101:P101))","v":""},0.25,"",{"$f":"IF(OR(H101=\"\",H101=\"NO\"),$L$5,\"\")","v":""},{"$f":"IF(AND($H101<$U101%,$H101>$R101%),$M$5,\"\")","v":""},{"$f":"IF(AND($H101<$W101%,$H101>$T101%),$N$5,\"\")","v":""},{"$f":"IF(AND($H101<$Y101%,$H101>$V101%),$O$5,\"\")","v":""},{"$f":"IF(H101=\"YES\",$P$5,\"\")","v":""},null,null,null,null,null,null,null,null,null,null,{"$f":"IF(OR(AND(AE101=\"YES\",AF101=\"PHYSICALLY VERIFIED\"),AND(AE101=\"YES\",AF101=\"DOCUMENT VERIFIED\"),AND(AE101=\"YES\",'Basic Details'!$D$31=\"Self Assessment\"),AND(AE101=\"YES\",'Basic Details'!$D$31=\"Draft\")),1*IF(BB101=\"ERROR INPUT\",0+1,1),0)","v":0},null,"",null,null,null,null,"Number of copies of last 2 months to be verified physically by Peer Team",null,null,null,null,null,null,null,null,null,null,null,null,null,null,null,null,null,null,null,null,null,"No",null,null,null,"Yes",null,null,null,null,"D-1",94,4,0.25,1,0]
[null,null,95,null,"No. of magazines subscribed.",null,null,{"$f":"+F102","v":0},{"$f":"IF(F102=\"\",\"\",SUM(L102:P102))","v":""},0.25,"",{"$f":"IF($H102<$S102,$L$5,\"\")","v":0},{"$f":"IF(AND($H102<$U102,$H102>$R102),$M$5,\"\")","v":""},{"$f":"IF(AND($H102<$W102,$H102>$T102),$N$5,\"\")","v":""},{"$f":"IF(AND($H102<$Y102,$H102>$V102),$O$5,\"\")","v":""},{"$f":"IF(AND($H102<Z102,H102>X102),$P$5,\"\")","v":""},0,0,1,3,4,6,7,9,10,10000,{"$f":"IF(OR(AND(AE102=\"YES\",AF102=\"PHYSICALLY VERIFIED\"),AND(AE102=\"YES\",AF102=\"DOCUMENT VERIFIED\"),AND(AE102=\"YES\",'Basic Details'!$D$31=\"Self Assessment\"),AND(AE102=\"YES\",'Basic Details'!$D$31=\"Draft\")),1*IF(BB102=\"ERROR INPUT\",0+1,1),0)","v":0},null,"",null,null,null,null,"Latest and few earlier editions to be verified physically by Peer Team",null,null,null,null,null,null,null,null,null,null,null,null,null,null,null,null,null,null,null,null,null,0,"1-3","4-6","7-9","10 & Above",null,null,null,null,"D-1",95,4,0.25,1,0]
[null,null,96,null,"Number of journals subscribed per subject by the college.",null,{"$f":"IF(F103=\"\",\"\",+$G$77)","v":""},{"$f":"IF(F103=0,\"\",ROUND(F103/G103,4))","v":""},{"$f":"IF(OR(F103=\"\",G103=\"\",G103=0),\"\",SUM(L103:P103))","v":""},0.25,"",{"$f":"IF($H103<$S103,$L$5,\"\")","v":""},{"$f":"IF(AND($H103<$U103,$H103>$R103),$M$5,\"\")","v":""},{"$f":"IF(AND($H103<$W103,$H103>$T103),$N$5,\"\")","v":""},{"$f":"IF(AND($H103<$Y103,$H103>$V103),$O$5,\"\")","v":""},{"$f":"IF(AND($H103<Z103,H103>X103),$P$5,\"\")","v":""},0,0,1,1,2,2,3,3,4,10000,{"$f":"IF(OR(AND(AE103=\"YES\",AF103=\"PHYSICALLY VERIFIED\"),AND(AE103=\"YES\",AF103=\"DOCUMENT VERIFIED\"),AND(AE103=\"YES\",'Basic Details'!$D$31=\"Self Assessment\"),AND(AE103=\"YES\",'Basic Details'!$D$31=\"Draft\")),1*IF(BB103=\"ERROR INPUT\",0+1,1),0)","v":0},null,"",null,null,null,null,"Latest and few earlier editions to be verified physically by Peer Team",null,null,null,null,null,null,null,null,null,null,null,null,null,null,null,null,null,null,null,null,null,0,1,2,3,"4 & Above",null,null,null,null,"D-1",96,4,0.25,1,0]
[null,null,97,null,"Log book is maintained regularly in the library.",null,null,{"$f":"+F104","v":0},{"$f":"IF(F104=\"\",\"\",SUM(L104:P104))","v":""},0.5,{"$f":"IF(I104=\"\",\"\",+I104*J104*AA104)","v":""},{"$f":"IF(OR(H104=\"\",H104=\"NO\"),$L$5,\"\")","v":""},{"$f":"IF(AND($H104<$U104%,$H104>$R104%),$M$5,\"\")","v":""},{"$f":"IF(AND($H104<$W104%,$H104>$T104%),$N$5,\"\")","v":""},{"$f":"IF(AND($H104<$Y104%,$H104>$V104%),$O$5,\"\")","v":""},{"$f":"IF(H104=\"YES\",$P$5,\"\")","v":""},null,null,null,null,null,null,null,null,null,null,{"$f":"IF(OR(AND(AE104=\"YES\",AF104=\"PHYSICALLY VERIFIED\"),AND(AE104=\"YES\",AF104=\"DOCUMENT VERIFIED\"),AND(AE104=\"YES\",'Basic Details'!$D$31=\"Self Assessment\"),AND(AE104=\"YES\",'Basic Details'!$D$31=\"Draft\")),1*IF(BB104=\"ERROR INPUT\",0+1,1),0)","v":0},null,"",null,null,null,null,null,null,null,null,null,null,null,null,null,null,null,null,null,null,null,null,null,null,null,null,null,null,"No",null,"Yes",null,null,null,null,null,null,"D-1",97,4,0.5,2,0,{"$f":"SUM(BP94:BP104)","v":3.75},{"$f":"SUM(BR94:BR104)","v":0},{"$f":"SUM(BQ94:BQ104)","v":15}]
["D. Student Support and participation","D-2 Counseling and Mentoring",98,null,"Percentage of Students guided through Counselling cell (includes mental health counselling and career counselling).",null,{"$f":"IF(F105=\"\",\"\",+$F$7)","v":""},{"$f":"IF(F105=\"\",\"\",ROUND(F105/G105,4))","v":""},"",0.25,"",{"$f":"IF($H105<$S105%,$L$5,\"\")","v":""},{"$f":"IF(AND($H105<$U105%,$H105>$R105%),$M$5,\"\")","v":""},{"$f":"IF(AND($H105<$W105%,$H105>$T105%),$N$5,\"\")","v":""},{"$f":"IF(AND($H105<$Y105%,$H105>$V105%),$O$5,\"\")","v":""},{"$f":"IF(AND($H105<Z105%,H105>X105%),$P$5,\"\")","v":""},0,0,1E-4,1.9999,2,3.9998999999999998,4,5.9999000000000002,6,10000,{"$f":"IF(OR(AND(AE105=\"YES\",AF105=\"PHYSICALLY VERIFIED\"),AND(AE105=\"YES\",AF105=\"DOCUMENT VERIFIED\"),AND(AE105=\"YES\",'Basic Details'!$D$31=\"Self Assessment\"),AND(AE105=\"YES\",'Basic Details'!$D$31=\"Draft\")),1*IF(BB105=\"ERROR INPUT\",0+1,1),0)","v":0},null,"",null,null,null,null,"Register / Relevant document for number of students guided along with field",null,null,null,null,null,null,null,null,null,null,null,null,null,null,null,null,null,null,null,"",null,0,"More than 0 but less than 2","2-4","4-6","6 & Above",null,null,null,null,"D-2",98,4,0.25,1,0]
[null,null,99,null,"Sports Ground.",null,null,{"$f":"+F106","v":0},{"$f":"IF(F106=\"\",\"\",SUM(L106:P106))","v":""},0.25,"",{"$f":"IF(OR(H106=\"\",H106=\"NO\"),$L$5,\"\")","v":""},{"$f":"IF(AND($H106<$U106%,$H106>$R106%),$M$5,\"\")","v":""},{"$f":"IF(AND($H106<$W106%,$H106>$T106%),$N$5,\"\")","v":""},{"$f":"IF(AND($H106<$Y106%,$H106>$V106%),$O$5,\"\")","v":""},{"$f":"IF(H106=\"YES\",$P$5,\"\")","v":""},null,null,null,null,null,null,null,null,null,null,{"$f":"IF(OR(AND(AE106=\"YES\",AF106=\"PHYSICALLY VERIFIED\"),AND(AE106=\"YES\",AF106=\"DOCUMENT VERIFIED\"),AND(AE106=\"YES\",'Basic Details'!$D$31=\"Self Assessment\"),AND(AE106=\"YES\",'Basic Details'!$D$31=\"Draft\")),1*IF(BB106=\"ERROR INPUT\",0+1,1),0)","v":0},null,"",null,null,null,null,"To be verified physically by Peer Team",null,null,null,null,null,null,null,null,null,null,null,null,null,null,null,null,null,null,null,null,null,"No",null,null,null,"Yes",null,null,null,null,"D-2",99,4,0.25,1,0]
[null,null,100,null,"Working Director Physical Education.",null,null,0,"",0.25,"",{"$f":"IF(OR(H107=\"\",H107=\"NO\"),$L$5,\"\")","v":""},"","","",{"$f":"IF(H107=\"YES\",$P$5,\"\")","v":""},null,null,null,null,null,null,null,null,null,null,{"$f":"IF(OR(AND(AE107=\"YES\",AF107=\"PHYSICALLY VERIFIED\"),AND(AE107=\"YES\",AF107=\"DOCUMENT VERIFIED\"),AND(AE107=\"YES\",'Basic Details'!$D$31=\"Self Assessment\"),AND(AE107=\"YES\",'Basic Details'!$D$31=\"Draft\")),1*IF(BB107=\"ERROR INPUT\",0+1,1),0)","v":0},null,"",null,null,null,null,"Attendance Register",null,null,null,null,null,null,null,null,null,null,null,null,null,null,null,null,null,null,null,null,null,"No",null,null,null,"Yes",null,null,null,null,"D-2",100,4,0.25,1,0]
[null,null,101,null,"No. of games for which complete set of equipments and gears available.",null,null,{"$f":"+F108","v":0},"",0.5,"",{"$f":"IF($H108<$S108,$L$5,\"\")","v":0},{"$f":"IF(AND($H108<$U108,$H108>$R108),$M$5,\"\")","v":""},{"$f":"IF(AND($H108<$W108,$H108>$T108),$N$5,\"\")","v":""},{"$f":"IF(AND($H108<$Y108,$H108>$V108),$O$5,\"\")","v":""},{"$f":"IF(AND($H108<Z108,H108>X108),$P$5,\"\")","v":""},0,2,3,3,4,6,7,9,10,10000,{"$f":"IF(OR(AND(AE108=\"YES\",AF108=\"PHYSICALLY VERIFIED\"),AND(AE108=\"YES\",AF108=\"DOCUMENT VERIFIED\"),AND(AE108=\"YES\",'Basic Details'!$D$31=\"Self Assessment\"),AND(AE108=\"YES\",'Basic Details'!$D$31=\"Draft\")),1*IF(BB108=\"ERROR INPUT\",0+1,1),0)","v":0},null,"",null,null,null,null,"Gears and equipments randomly to be verified physically by Peer Team",null,null,null,null,null,null,null,null,null,null,null,null,null,null,null,null,null,null,null,null,null,0,3,"4-6","7-9","10 & Above",null,null,null,null,"D-2",101,4,0.5,2,0]
[null,null,102,null,"Total No. of students benefited by issuing of sports equipments and gears.",null,null,0,"",0.5,"",{"$f":"IF($H109<$S109,$L$5,\"\")","v":0},{"$f":"IF(AND($H109<$U109,$H109>$R109),$M$5,\"\")","v":""},{"$f":"IF(AND($H109<$W109,$H109>$T109),$N$5,\"\")","v":""},{"$f":"IF(AND($H109<$Y109,$H109>$V109),$O$5,\"\")","v":""},{"$f":"IF(AND($H109<Z109,H109>X109),$P$5,\"\")","v":""},0,0,1,49,50,99,100,199,200,10000,{"$f":"IF(OR(AND(AE109=\"YES\",AF109=\"PHYSICALLY VERIFIED\"),AND(AE109=\"YES\",AF109=\"DOCUMENT VERIFIED\"),AND(AE109=\"YES\",'Basic Details'!$D$31=\"Self Assessment\"),AND(AE109=\"YES\",'Basic Details'!$D$31=\"Draft\")),1*IF(BB109=\"ERROR INPUT\",0+1,1),0)","v":0},null,"",null,null,null,null,"Issue register",null,null,null,null,null,null,null,null,null,null,null,null,null,null,null,null,null,null,null,null,null,0,"More than 0 but less than 50","50-100","100-200","200 & Above",null,null,null,null,"D-2",102,4,0.5,2,0]
[null,null,103,null,"No. of events at Inter-college / University / National and International level in which college participated.",null,null,0,"",0.5,"",{"$f":"IF($H110<$S110,$L$5,\"\")","v":0},{"$f":"IF(AND($H110<$U110,$H110>$R110),$M$5,\"\")","v":""},{"$f":"IF(AND($H110<$W110,$H110>$T110),$N$5,\"\")","v":""},{"$f":"IF(AND($H110<$Y110,$H110>$V110),$O$5,\"\")","v":""},{"$f":"IF(AND($H110<Z110,H110>X110),$P$5,\"\")","v":""},0,0,1,5,6,10,11,15,16,10000,{"$f":"IF(OR(AND(AE110=\"YES\",AF110=\"PHYSICALLY VERIFIED\"),AND(AE110=\"YES\",AF110=\"DOCUMENT VERIFIED\"),AND(AE110=\"YES\",'Basic Details'!$D$31=\"Self Assessment\"),AND(AE110=\"YES\",'Basic Details'!$D$31=\"Draft\")),1*IF(BB110=\"ERROR INPUT\",0+1,1),0)","v":0},null,"",null,null,null,null,"Copies of documentary proof (Make a list of such events)",null,null,null,null,null,null,null,null,null,null,null,null,null,null,null,null,null,null,null,null,null,0,"1-5","6-10","11-15","16 & Above",null,null,null,null,"D-2",103,4,0.5,2,0]
[null,null,104,null,"No. of prizes won by college at  state / University level sports/ games.",null,null,0,"",0.5,"",{"$f":"IF($H111<$S111,$L$5,\"\")","v":0},{"$f":"IF(AND($H111<$U111,$H111>$R111),$M$5,\"\")","v":""},{"$f":"IF(AND($H111<$W111,$H111>$T111),$N$5,\"\")","v":""},{"$f":"IF(AND($H111<$Y111,$H111>$V111),$O$5,\"\")","v":""},{"$f":"IF(AND($H111<Z111,H111>X111),$P$5,\"\")","v":""},0,0,1,2,3,5,6,8,9,10000,{"$f":"IF(OR(AND(AE111=\"YES\",AF111=\"PHYSICALLY VERIFIED\"),AND(AE111=\"YES\",AF111=\"DOCUMENT VERIFIED\"),AND(AE111=\"YES\",'Basic Details'!$D$31=\"Self Assessment\"),AND(AE111=\"YES\",'Basic Details'!$D$31=\"Draft\")),1*IF(BB111=\"ERROR INPUT\",0+1,1),0)","v":0},null,"",null,null,null,null,"Copies of documentary proof / Certificates (Make a list of such events)",null,null,null,null,null,null,null,null,null,null,null,null,null,null,null,null,null,null,null,null,null,0,"1-2","3-5","6-8","9 & Above",null,null,null,null,"D-2",104,4,0.5,2,0]
[null,null,105,null,"No. of prizes won by college at National and International level sports/ games.",null,null,0,{"$f":"IF(F112=\"\",\"\",SUM(L112:P112))","v":""},0.5,{"$f":"IF(I112=\"\",\"\",+I112*J112*AA112)","v":""},{"$f":"IF($H112<$S112,$L$5,\"\")","v":0},{"$f":"IF(AND($H112<$U112,$H112>$R112),$M$5,\"\")","v":""},{"$f":"IF(AND($H112<$W112,$H112>$T112),$N$5,\"\")","v":""},{"$f":"IF(AND($H112<$Y112,$H112>$V112),$O$5,\"\")","v":""},{"$f":"IF(AND($H112<Z112,H112>X112),$P$5,\"\")","v":""},0,0,1,2,3,5,6,8,9,10000,{"$f":"IF(OR(AND(AE112=\"YES\",AF112=\"PHYSICALLY VERIFIED\"),AND(AE112=\"YES\",AF112=\"DOCUMENT VERIFIED\"),AND(AE112=\"YES\",'Basic Details'!$D$31=\"Self Assessment\"),AND(AE112=\"YES\",'Basic Details'!$D$31=\"Draft\")),1*IF(BB112=\"ERROR INPUT\",0+1,1),0)","v":0},null,"",null,null,null,null,null,null,null,null,null,null,null,null,null,null,null,null,null,null,null,null,null,null,null,null,null,null,0,"1-2","3-5","6-8","9 & Above",null,null,null,null,"D-2",105,4,0.5,2,0]
[null,null,106,null,"No. of prizes won by college at Regional Cultural, Litrary events and NSS, NCC, Rover, Ranger  programes.",null,null,0,"",0.25,"",0,"","","","",0,0,1,2,3,5,6,8,9,10000,{"$f":"IF(OR(AND(AE113=\"YES\",AF113=\"PHYSICALLY VERIFIED\"),AND(AE113=\"YES\",AF113=\"DOCUMENT VERIFIED\"),AND(AE113=\"YES\",'Basic Details'!$D$31=\"Self Assessment\"),AND(AE113=\"YES\",'Basic Details'!$D$31=\"Draft\")),1*IF(BB113=\"ERROR INPUT\",0+1,1),0)","v":0},null,"",null,null,null,null,null,null,null,null,null,null,null,null,null,null,null,null,null,null,null,null,null,null,null,null,null,null,0,"1-2","3-5","6-8","9 & Above",null,null,null,null,"D-2",106,4,0.25,1,0]
["D. Student Support and participation","D-2 Counseling and Mentoring",107,null,"No. of prizes won by college at  National/International Cultural, Litrary events and NSS , NCC, Rover, Ranger  programes.",null,null,0,"",0.5,"",0,"","","","",0,0,1,2,3,5,6,8,9,10000,{"$f":"IF(OR(AND(AE114=\"YES\",AF114=\"PHYSICALLY VERIFIED\"),AND(AE114=\"YES\",AF114=\"DOCUMENT VERIFIED\"),AND(AE114=\"YES\",'Basic Details'!$D$31=\"Self Assessment\"),AND(AE114=\"YES\",'Basic Details'!$D$31=\"Draft\")),1*IF(BB114=\"ERROR INPUT\",0+1,1),0)","v":0},null,"",null,null,null,null,null,null,null,null,null,null,null,null,null,null,null,null,null,null,null,null,null,null,null,null,null,null,0,"1-2","3-5","6-8","9 & Above",null,null,null,null,"D-2",107,4,0.5,2,0]
[null,null,null,null,null,null,null,null,null,null,null,null,null,null,null,null,null,null,null,null,null,null,null,null,null,null,null,null,null,null,null,null,null,null,null,null,null,null,null,null,null,null,null,null,null,null,null,null,null,null,null,null,null,null,null,0,"1-2","3-5","6-8","9 & Above",null,null,null,null,"D-2",0,4,0,0,0]
[null,null,{"$f":"1+C114","v":108},null,"Prizes won/Awards received by any teaching/non teaching staff (Local / State / National / International).","International Level",null,{"$f":"IF(+F116=\"\",\"\",IF(F116=\"local level\",1,IF(F116=\"State Level\",2,IF(F116=\"National Level\",3,IF(F116=\"International Level\",4,0)))))","v":4},4,0.25,0,{"$f":"IF($H116<$S116,$L$5,\"\")","v":""},{"$f":"IF(AND($H116<$U116,$H116>$R116),$M$5,\"\")","v":""},{"$f":"IF(AND($H116<$W116,$H116>$T116),$N$5,\"\")","v":""},{"$f":"IF(AND($H116<$Y116,$H116>$V116),$O$5,\"\")","v":""},{"$f":"IF(AND($H116<Z116,H116>X116),$P$5,\"\")","v":4},0,0,1,1,2,2,3,3,4,10000,{"$f":"IF(OR(AND(AE116=\"YES\",AF116=\"PHYSICALLY VERIFIED\"),AND(AE116=\"YES\",AF116=\"DOCUMENT VERIFIED\"),AND(AE116=\"YES\",'Basic Details'!$D$31=\"Self Assessment\"),AND(AE116=\"YES\",'Basic Details'!$D$31=\"Draft\")),1*IF(BB116=\"ERROR INPUT\",0+1,1),0)","v":0},null,"",null,null,null,null,null,null,null,null,null,null,null,null,null,null,null,null,null,null,null,null,null,null,null,null,null,null,"No","Local Level","State Level","Natational Level","International Level",null,null,null,null,"D-2",108,4,0.25,1,0]
[null,null,109,null,"Activities organised by Grievence Redressal Cell.",null,null,{"$f":"+F117","v":0},"",0.25,"",{"$f":"IF(OR(H117=\"\",H117=\"NO\"),$L$5,\"\")","v":""},{"$f":"IF(AND($H117<$U117%,$H117>$R117%),$M$5,\"\")","v":""},{"$f":"IF(AND($H117<$W117%,$H117>$T117%),$N$5,\"\")","v":""},{"$f":"IF(AND($H117<$Y117%,$H117>$V117%),$O$5,\"\")","v":""},{"$f":"IF(H117=\"YES\",$P$5,\"\")","v":""},null,null,null,null,null,null,null,null,null,null,{"$f":"IF(OR(AND(AE117=\"YES\",AF117=\"PHYSICALLY VERIFIED\"),AND(AE117=\"YES\",AF117=\"DOCUMENT VERIFIED\"),AND(AE117=\"YES\",'Basic Details'!$D$31=\"Self Assessment\"),AND(AE117=\"YES\",'Basic Details'!$D$31=\"Draft\")),1*IF(BB117=\"ERROR INPUT\",0+1,1),0)","v":0},null,"",null,null,null,null,null,null,null,null,null,null,null,null,null,null,null,null,null,null,null,null,null,null,null,null,null,null,"No",null,null,null,"Yes",null,null,null,null,"D-2",109,4,0.25,1,0]
[null,null,110,null,"Activities performed by Anti ragging cell.",null,null,0,"",0.25,"","","","","","",null,null,null,null,null,null,null,null,null,null,{"$f":"IF(OR(AND(AE118=\"YES\",AF118=\"PHYSICALLY VERIFIED\"),AND(AE118=\"YES\",AF118=\"DOCUMENT VERIFIED\"),AND(AE118=\"YES\",'Basic Details'!$D$31=\"Self Assessment\"),AND(AE118=\"YES\",'Basic Details'!$D$31=\"Draft\")),1*IF(BB118=\"ERROR INPUT\",0+1,1),0)","v":0},null,"",null,null,null,null,"College orders to this effect",null,null,null,null,null,null,null,null,null,null,null,null,null,null,null,null,null,null,null,null,null,"No",null,null,null,"Yes",null,null,null,null,"D-2",110,4,0.25,1,0]
[null,null,111,null,"Activities organised by Women cell.",null,null,0,"",0.25,"","","","","","",null,null,null,null,null,null,null,null,null,null,{"$f":"IF(OR(AND(AE119=\"YES\",AF119=\"PHYSICALLY VERIFIED\"),AND(AE119=\"YES\",AF119=\"DOCUMENT VERIFIED\"),AND(AE119=\"YES\",'Basic Details'!$D$31=\"Self Assessment\"),AND(AE119=\"YES\",'Basic Details'!$D$31=\"Draft\")),1*IF(BB119=\"ERROR INPUT\",0+1,1),0)","v":0},null,"",null,null,null,null,"College orders to this effect AND Copies of documents / photographs / reports",null,null,null,null,null,null,null,null,null,null,null,null,null,null,null,null,null,null,null,null,null,"No",null,null,null,"Yes",null,null,null,null,"D-2",111,4,0.25,1,0]
[null,null,112,null,"Activities organised by Student Advisory cell.",null,null,0,"",0.25,"","","","","","",null,null,null,null,null,null,null,null,null,null,{"$f":"IF(OR(AND(AE120=\"YES\",AF120=\"PHYSICALLY VERIFIED\"),AND(AE120=\"YES\",AF120=\"DOCUMENT VERIFIED\"),AND(AE120=\"YES\",'Basic Details'!$D$31=\"Self Assessment\"),AND(AE120=\"YES\",'Basic Details'!$D$31=\"Draft\")),1*IF(BB120=\"ERROR INPUT\",0+1,1),0)","v":0},null,"",null,null,null,null,null,null,null,null,null,null,null,null,null,null,null,null,null,null,null,null,null,null,null,null,null,null,"No",null,null,null,"Yes",null,null,null,null,"D-2",112,4,0.25,1,0]
[null,null,113,null,"Activities organised by Amensty cell.",null,null,0,{"$f":"IF(F121=\"\",\"\",SUM(L121:P121))","v":""},0.25,{"$f":"IF(I121=\"\",\"\",+I121*J121*AA121)","v":""},"","","","","",null,null,null,null,null,null,null,null,null,null,{"$f":"IF(OR(AND(AE121=\"YES\",AF121=\"PHYSICALLY VERIFIED\"),AND(AE121=\"YES\",AF121=\"DOCUMENT VERIFIED\"),AND(AE121=\"YES\",'Basic Details'!$D$31=\"Self Assessment\"),AND(AE121=\"YES\",'Basic Details'!$D$31=\"Draft\")),1*IF(BB121=\"ERROR INPUT\",0+1,1),0)","v":0},null,"",null,null,null,null,null,null,null,null,null,null,null,null,null,null,null,null,null,null,null,null,null,null,null,null,null,null,"No",null,null,null,"Yes",null,null,null,null,"D-2",113,4,0.25,1,0]
[null,null,114,null,"Sexual harassment and Internal  complaint cell.",null,null,0,"",0.25,"","","","","","",null,null,null,null,null,null,null,null,null,null,{"$f":"IF(OR(AND(AE122=\"YES\",AF122=\"PHYSICALLY VERIFIED\"),AND(AE122=\"YES\",AF122=\"DOCUMENT VERIFIED\"),AND(AE122=\"YES\",'Basic Details'!$D$31=\"Self Assessment\"),AND(AE122=\"YES\",'Basic Details'!$D$31=\"Draft\")),1*IF(BB122=\"ERROR INPUT\",0+1,1),0)","v":0},null,"",null,null,null,null,"College orders to this effect AND Copies of documents / photographs / reports",null,null,null,null,null,null,null,null,null,null,null,null,null,null,null,null,null,null,null,null,null,"No",null,null,null,"Yes",null,null,null,null,"D-2",114,4,0.25,1,0]
["D. Student Support and participation","D-2 Counseling and Mentoring",115,null,"Total No. of Extra-curricular activities organised.",null,null,{"$f":"+F123","v":0},"",1,"",{"$f":"IF($H123<$S123,$L$5,\"\")","v":0},{"$f":"IF(AND($H123<$U123,$H123>$R123),$M$5,\"\")","v":""},{"$f":"IF(AND($H123<$W123,$H123>$T123),$N$5,\"\")","v":""},{"$f":"IF(AND($H123<$Y123,$H123>$V123),$O$5,\"\")","v":""},{"$f":"IF(AND($H123<Z123,H123>X123),$P$5,\"\")","v":""},0,0,1,5,6,10,11,15,16,10000,{"$f":"IF(OR(AND(AE123=\"YES\",AF123=\"PHYSICALLY VERIFIED\"),AND(AE123=\"YES\",AF123=\"DOCUMENT VERIFIED\"),AND(AE123=\"YES\",'Basic Details'!$D$31=\"Self Assessment\"),AND(AE123=\"YES\",'Basic Details'!$D$31=\"Draft\")),1*IF(BB123=\"ERROR INPUT\",0+1,1),0)","v":0},null,"",null,null,null,null,"Copies of news / photographs / reports of events (Make a list of such events with name, purpose and documents)",null,null,null,null,null,null,null,null,null,null,null,null,null,null,null,null,null,null,null,null,null,0,"1-5","5-10","10-15","15 & Above",null,null,null,null,"D-2",115,4,1,4,0]
[null,null,116,null,"Activities of Entrepreneurship / Skill Development promotional cell in the college.",null,null,{"$f":"+F124","v":0},{"$f":"IF(F124=\"\",\"\",SUM(L124:P124))","v":""},0.25,"",{"$f":"IF(OR(H124=\"\",H124=\"NO\"),$L$5,\"\")","v":""},{"$f":"IF(AND($H124<$U124%,$H124>$R124%),$M$5,\"\")","v":""},{"$f":"IF(AND($H124<$W124%,$H124>$T124%),$N$5,\"\")","v":""},{"$f":"IF(AND($H124<$Y124%,$H124>$V124%),$O$5,\"\")","v":""},{"$f":"IF(H124=\"YES\",$P$5,\"\")","v":""},null,null,null,null,null,null,null,null,null,null,{"$f":"IF(OR(AND(AE124=\"YES\",AF124=\"PHYSICALLY VERIFIED\"),AND(AE124=\"YES\",AF124=\"DOCUMENT VERIFIED\"),AND(AE124=\"YES\",'Basic Details'!$D$31=\"Self Assessment\"),AND(AE124=\"YES\",'Basic Details'!$D$31=\"Draft\")),1*IF(BB124=\"ERROR INPUT\",0+1,1),0)","v":0},null,"",null,null,null,null,"College orders to this effect AND Copies of documents / photographs / reports of activities",null,null,null,null,null,null,null,null,null,null,null,null,null,null,null,null,null,null,null,null,null,"No",null,null,null,"Yes",null,null,null,null,"D-2",116,4,0.25,1,0]
[null,null,117,null,"Activities of NSS units in the college.",null,null,0,"",0.5,"",{"$f":"IF(OR(H125=\"\",H125=\"NO\"),$L$5,\"\")","v":""},"","","",{"$f":"IF(H125=\"YES\",$P$5,\"\")","v":""},null,null,null,null,null,null,null,null,null,null,{"$f":"IF(OR(AND(AE125=\"YES\",AF125=\"PHYSICALLY VERIFIED\"),AND(AE125=\"YES\",AF125=\"DOCUMENT VERIFIED\"),AND(AE125=\"YES\",'Basic Details'!$D$31=\"Self Assessment\"),AND(AE125=\"YES\",'Basic Details'!$D$31=\"Draft\")),1*IF(BB125=\"ERROR INPUT\",0+1,1),0)","v":0},null,"",null,null,null,null,"Visit units and see activity documents",null,null,null,null,null,null,null,null,null,null,null,null,null,null,null,null,null,null,null,null,null,"No",null,null,null,"Yes",null,null,null,null,"D-2",117,4,0.5,2,0]
[null,null,118,null,"Activities of Rover/ Ranger unit.",null,null,0,"",0.5,"",{"$f":"IF(OR(H126=\"\",H126=\"NO\"),$L$5,\"\")","v":""},"","","",{"$f":"IF(H126=\"YES\",$P$5,\"\")","v":""},null,null,null,null,null,null,null,null,null,null,{"$f":"IF(OR(AND(AE126=\"YES\",AF126=\"PHYSICALLY VERIFIED\"),AND(AE126=\"YES\",AF126=\"DOCUMENT VERIFIED\"),AND(AE126=\"YES\",'Basic Details'!$D$31=\"Self Assessment\"),AND(AE126=\"YES\",'Basic Details'!$D$31=\"Draft\")),1*IF(BB126=\"ERROR INPUT\",0+1,1),0)","v":0},null,"",null,null,null,null,"Visit units and see activity documents",null,null,null,null,null,null,null,null,null,null,null,null,null,null,null,null,null,null,null,null,null,"No",null,null,null,"Yes",null,null,null,null,"D-2",118,4,0.5,2,0]
[null,null,119,null,"Activities of NCC unit in the college.",null,null,0,"",0.5,"",{"$f":"IF(OR(H127=\"\",H127=\"NO\"),$L$5,\"\")","v":""},"","","",{"$f":"IF(H127=\"YES\",$P$5,\"\")","v":""},null,null,null,null,null,null,null,null,null,null,{"$f":"IF(OR(AND(AE127=\"YES\",AF127=\"PHYSICALLY VERIFIED\"),AND(AE127=\"YES\",AF127=\"DOCUMENT VERIFIED\"),AND(AE127=\"YES\",'Basic Details'!$D$31=\"Self Assessment\"),AND(AE127=\"YES\",'Basic Details'!$D$31=\"Draft\")),1*IF(BB127=\"ERROR INPUT\",0+1,1),0)","v":0},null,"",null,null,null,null,"Visit units and see activity documents",null,null,null,null,null,null,null,null,null,null,null,null,null,null,null,null,null,null,null,null,null,"No",null,null,null,"Yes",null,null,null,null,"D-2",119,4,0.5,2,0]
[null,null,120,null,"Employment/ job vacancy display board for students.",null,null,{"$f":"+F128","v":0},"",0.25,"",{"$f":"IF(OR(H128=\"\",H128=\"NO\"),$L$5,\"\")","v":""},"","","",{"$f":"IF(H128=\"YES\",$P$5,\"\")","v":""},null,null,null,null,null,null,null,null,null,null,{"$f":"IF(OR(AND(AE128=\"YES\",AF128=\"PHYSICALLY VERIFIED\"),AND(AE128=\"YES\",AF128=\"DOCUMENT VERIFIED\"),AND(AE128=\"YES\",'Basic Details'!$D$31=\"Self Assessment\"),AND(AE128=\"YES\",'Basic Details'!$D$31=\"Draft\")),1*IF(BB128=\"ERROR INPUT\",0+1,1),0)","v":0},null,"",null,null,null,null,"Display boards and latest job vacancies to be verified physically by Peer Team",null,null,null,null,null,null,null,null,null,null,null,null,null,null,null,null,null,null,null,null,null,"No",null,null,null,"Yes",null,null,null,null,"D-2",120,4,0.25,1,0]
[null,null,121,null,"First-Aid kit available/Dispensery facilities available.",null,null,{"$f":"IF(F129=\"NO\",0,IF(F129=\"Only FIRST AID KIT\",2,IF(F129=\"Dispensery Facility\",4,0)))","v":0},"",0.25,"",{"$f":"IF($H129<$S129,$L$5,\"\")","v":0},{"$f":"IF(AND($H129<$U129,$H129>$R129),$M$5,\"\")","v":""},{"$f":"IF(AND($H129<$W129,$H129>$T129),$N$5,\"\")","v":""},{"$f":"IF(AND($H129<$Y129,$H129>$V129),$O$5,\"\")","v":""},{"$f":"IF(AND($H129<Z129,H129>X129),$P$5,\"\")","v":""},0,0,1,1,1.0001,2,2.0000100000000001,3,4,100,{"$f":"IF(OR(AND(AE129=\"YES\",AF129=\"PHYSICALLY VERIFIED\"),AND(AE129=\"YES\",AF129=\"DOCUMENT VERIFIED\"),AND(AE129=\"YES\",'Basic Details'!$D$31=\"Self Assessment\"),AND(AE129=\"YES\",'Basic Details'!$D$31=\"Draft\")),1*IF(BB129=\"ERROR INPUT\",0+1,1),0)","v":0},null,"",null,null,null,null,"Basic first aid material to be verified physically by Peer Team",null,null,null,null,null,null,null,null,null,null,null,null,null,null,null,null,null,null,null,null,null,"No",null,"Only FIRST AID KIT",null,"Dispensery Facility",null,null,null,null,"D-2",121,4,0.25,1,0]
[null,null,122,null,"Day Care Facility.",null,null,{"$f":"+F130","v":0},{"$f":"IF(F130=\"\",\"\",SUM(L130:P130))","v":""},0.25,{"$f":"IF(I130=\"\",\"\",+I130*J130*AA130)","v":""},{"$f":"IF(OR(H130=\"\",H130=\"NO\"),$L$5,\"\")","v":""},{"$f":"IF(AND($H130<$U130%,$H130>$R130%),$M$5,\"\")","v":""},{"$f":"IF(AND($H130<$W130%,$H130>$T130%),$N$5,\"\")","v":""},{"$f":"IF(AND($H130<$Y130%,$H130>$V130%),$O$5,\"\")","v":""},{"$f":"IF(H130=\"YES\",$P$5,\"\")","v":""},null,null,null,null,null,null,null,null,null,null,{"$f":"IF(OR(AND(AE130=\"YES\",AF130=\"PHYSICALLY VERIFIED\"),AND(AE130=\"YES\",AF130=\"DOCUMENT VERIFIED\"),AND(AE130=\"YES\",'Basic Details'!$D$31=\"Self Assessment\"),AND(AE130=\"YES\",'Basic Details'!$D$31=\"Draft\")),1*IF(BB130=\"ERROR INPUT\",0+1,1),0)","v":0},null,"",null,null,null,null,null,null,null,null,null,null,null,null,null,null,null,null,null,null,null,null,null,null,null,null,null,null,"No",null,null,null,"Yes",null,null,null,null,"D-2",122,4,0.25,1,0]
[null,null,{"$f":"1+C130","v":123},null,"Canteen facility available with proper space, hygenic environmen, menu and Food availablity.",null,null,{"$f":"IF(F131=\"No Canteen\",0,IF(F131=\"Yes Canteen\",2,IF(F131=\"Yes Canteen & proper space & Hygenic environment & Menu\",3,IF(F131=\"Yes Canteen & proper space & Hygenic environment & Menu & Yes Food Availability\",4,0))))","v":0},"",0.25,{"$f":"IF(I131=\"\",\"\",+I131*J131*AA131)","v":""},{"$f":"IF($H131<$S131,$L$5,\"\")","v":0},{"$f":"IF(AND($H131<$U131,$H131>$R131),$M$5,\"\")","v":""},{"$f":"IF(AND($H131<$W131,$H131>$T131),$N$5,\"\")","v":""},{"$f":"IF(AND($H131<$Y131,$H131>$V131),$O$5,\"\")","v":""},{"$f":"IF(AND($H131<Z131,H131>X131),$P$5,\"\")","v":""},0,0,1E-4,1.9999899999999999,2,2.9999500000000001,3,3.9999500000000001,4,100,{"$f":"IF(OR(AND(AE131=\"YES\",AF131=\"PHYSICALLY VERIFIED\"),AND(AE131=\"YES\",AF131=\"DOCUMENT VERIFIED\"),AND(AE131=\"YES\",'Basic Details'!$D$31=\"Self Assessment\"),AND(AE131=\"YES\",'Basic Details'!$D$31=\"Draft\")),1*IF(BB131=\"ERROR INPUT\",0+1,1),0)","v":0},null,"",null,null,null,null,"Functionality to be verified physically by Peer Team",null,null,null,null,null,null,null,null,null,null,null,null,null,null,null,null,null,null,null,null,null,"No Canteen",null,"Yes Canteen","Yes Canteen & proper space & Hygenic environment & Menu","Yes Canteen & proper space & Hygenic environment & Menu & Yes Food Availability",null,null,null,null,"D-2",123,4,0.25,1,0]
[null,null,124,null,"Functional Hostel facility.",null,null,{"$f":"+F132","v":0},"",0.25,"",{"$f":"IF(OR(H132=\"\",H132=\"NO\"),$L$5,\"\")","v":""},{"$f":"IF(AND($H132<$U132%,$H132>$R132%),$M$5,\"\")","v":""},{"$f":"IF(AND($H132<$W132%,$H132>$T132%),$N$5,\"\")","v":""},{"$f":"IF(AND($H132<$Y132%,$H132>$V132%),$O$5,\"\")","v":""},{"$f":"IF(H132=\"YES\",$P$5,\"\")","v":""},null,null,null,null,null,null,null,null,null,null,{"$f":"IF(OR(AND(AE132=\"YES\",AF132=\"PHYSICALLY VERIFIED\"),AND(AE132=\"YES\",AF132=\"DOCUMENT VERIFIED\"),AND(AE132=\"YES\",'Basic Details'!$D$31=\"Self Assessment\"),AND(AE132=\"YES\",'Basic Details'!$D$31=\"Draft\")),1*IF(BB132=\"ERROR INPUT\",0+1,1),0)","v":0},null,"",null,null,null,null,"To be verified physically by Peer Team",null,null,null,null,null,null,null,null,null,null,null,null,null,null,null,null,null,null,null,null,null,"No",null,null,null,"Yes",null,null,null,null,"D-2",124,4,0.25,1,0,{"$f":"SUM(BP105:BP132)","v":9.75},{"$f":"SUM(BR105:BR132)","v":0},{"$f":"SUM(BQ105:BQ132)","v":39},{"$f":"SUM(BS94:BS132)","v":13.5},{"$f":"SUM(BT94:BT132)","v":0},{"$f":"SUM(BU94:BU132)","v":54}]
["E. Financial Resources and Utilisation","E-1 Financial Management",125,4,"Percentage of total grants utilized in last 3 years.",null,null,{"$f":"IF(F133=\"\",\"\",ROUND(F133/G133,4))","v":""},{"$f":"IF(OR(F133=\"\",G133=\"\",G133=0),\"\",SUM(L133:P133))","v":""},0.5,"",{"$f":"IF($H133<$S133%,$L$5,\"\")","v":""},{"$f":"IF(AND($H133<$U133%,$H133>$R133%),$M$5,\"\")","v":""},{"$f":"IF(AND($H133<$W133%,$H133>$T133%),$N$5,\"\")","v":""},{"$f":"IF(AND($H133<$Y133%,$H133>$V133%),$O$5,\"\")","v":""},{"$f":"IF(AND($H133<Z133%,H133>X133%),$P$5,\"\")","v":""},0,20,20.0001,40,40.000100000000003,60,60.000100000000003,80,80.000100000000003,10000,{"$f":"IF(OR(AND(AE133=\"YES\",AF133=\"PHYSICALLY VERIFIED\"),AND(AE133=\"YES\",AF133=\"DOCUMENT VERIFIED\"),AND(AE133=\"YES\",'Basic Details'!$D$31=\"Self Assessment\"),AND(AE133=\"YES\",'Basic Details'!$D$31=\"Draft\")),1*IF(BB133=\"ERROR INPUT\",0+1,1),0)","v":0},null,"",null,null,null,null,"Copies of sanction order and Utilisation / Expenditure certificates / documents",null,null,null,null,null,null,null,null,null,null,null,null,null,null,null,null,null,null,null,{"$f":"IF(F133>G133,\"ERROR INPUT\",\"\")","v":""},null,"0-20","20-40","40-60","60-80","80-100",null,null,null,null,"E-1",125,4,0.5,2,0]
[null,null,126,4,"Average annual per capita capital expenditure.",null,{"$f":"IF(F134=\"\",\"\",+$F$7)","v":""},{"$f":"IF(F134=0,\"\",ROUND(F134/G134,4))","v":""},{"$f":"IF(F134=\"\",\"\",SUM(L134:P134))","v":""},0.5,"",{"$f":"IF($H134<$S134,$L$5,\"\")","v":""},{"$f":"IF(AND($H134<$U134,$H134>$R134),$M$5,\"\")","v":""},{"$f":"IF(AND($H134<$W134,$H134>$T134),$N$5,\"\")","v":""},{"$f":"IF(AND($H134<$Y134,$H134>$V134),$O$5,\"\")","v":""},{"$f":"IF(AND($H134<Z134,H134>X134),$P$5,\"\")","v":""},0,0,1.0000000000000001E-5,499.99990000000003,500,999.99990000000003,1000,1499.9999,1500,100000000,{"$f":"IF(OR(AND(AE134=\"YES\",AF134=\"PHYSICALLY VERIFIED\"),AND(AE134=\"YES\",AF134=\"DOCUMENT VERIFIED\"),AND(AE134=\"YES\",'Basic Details'!$D$31=\"Self Assessment\"),AND(AE134=\"YES\",'Basic Details'!$D$31=\"Draft\")),1*IF(BB134=\"ERROR INPUT\",0+1,1),0)","v":0},null,"",null,null,null,null,"Copies of sanction order and Utilisation / Expenditure certificates / documents",null,null,null,null,null,null,null,null,null,null,null,null,null,null,null,null,null,null,null,null,null,0,"More than 0 but less than 500","500-1000","1000-1500","1500 & Above",null,null,null,null,"E-1",126,4,0.5,2,0]
[null,null,127,4,"Average annual per capita operational expenditure.",null,{"$f":"IF(F135=\"\",\"\",+$F$7)","v":""},{"$f":"IF(F135=0,\"\",ROUND(F135/G135,4))","v":""},"",0.5,"",{"$f":"IF($H135<$S135,$L$5,\"\")","v":""},{"$f":"IF(AND($H135<$U135,$H135>$R135),$M$5,\"\")","v":""},{"$f":"IF(AND($H135<$W135,$H135>$T135),$N$5,\"\")","v":""},{"$f":"IF(AND($H135<$Y135,$H135>$V135),$O$5,\"\")","v":""},{"$f":"IF(AND($H135<Z135,H135>X135),$P$5,\"\")","v":""},0,199.9999,200,399.99990000000003,400,599.99990000000003,600,799.99990000000003,800,100000000,{"$f":"IF(OR(AND(AE135=\"YES\",AF135=\"PHYSICALLY VERIFIED\"),AND(AE135=\"YES\",AF135=\"DOCUMENT VERIFIED\"),AND(AE135=\"YES\",'Basic Details'!$D$31=\"Self Assessment\"),AND(AE135=\"YES\",'Basic Details'!$D$31=\"Draft\")),1*IF(BB135=\"ERROR INPUT\",0+1,1),0)","v":0},null,"",null,null,null,null,"Copies of sanction order and Utilisation / Expenditure certificates / documents",null,null,null,null,null,null,null,null,null,null,null,null,null,null,null,null,null,null,null,null,null,"0-200","200-400","400-600","600-800","800 & Above",null,null,null,null,"E-1",127,4,0.5,2,0]
[null,null,128,4,"No. of Internal/ CA Audits undertaken during last 3 years.",null,null,{"$f":"+F136","v":0},"",0.5,"",{"$f":"IF($H136<$S136,$L$5,\"\")","v":0},{"$f":"IF(AND($H136<$U136,$H136>$R136),$M$5,\"\")","v":""},{"$f":"IF(AND($H136<$W136,$H136>$T136),$N$5,\"\")","v":""},{"$f":"IF(AND($H136<$Y136,$H136>$V136),$O$5,\"\")","v":""},{"$f":"IF(AND($H136<Z136,H136>X136),$P$5,\"\")","v":""},0,0,1,1,2,2,3,3,4,10000,{"$f":"IF(OR(AND(AE136=\"YES\",AF136=\"PHYSICALLY VERIFIED\"),AND(AE136=\"YES\",AF136=\"DOCUMENT VERIFIED\"),AND(AE136=\"YES\",'Basic Details'!$D$31=\"Self Assessment\"),AND(AE136=\"YES\",'Basic Details'!$D$31=\"Draft\")),1*IF(BB136=\"ERROR INPUT\",0+1,1),0)","v":0},null,{"$f":"IF(AB136=\"\",\"\",\"-\")","v":""},null,null,null,null,"Copies of audit reports",null,null,null,null,null,null,null,null,null,null,null,null,null,null,null,null,null,null,null,null,null,0,1,2,3,"4 & Above",null,null,null,null,"E-1",128,4,0.5,2,0,{"$f":"SUM(BP133:BP136)","v":2},{"$f":"SUM(BR133:BR136)","v":0},{"$f":"SUM(BQ133:BQ136)","v":8}]
[null,"E-2 Self Financing Efforts",129,null,"(a)(i)  Source of Income-Donationas/Grants in Aid-From Government",null,null,{"$f":"+F137","v":0},{"$f":"IF(F137=\"\",\"\",SUM(L137:P137))","v":""},0.5,{"$f":"IF(I137=\"\",\"\",+I137*J137*AA137)","v":""},{"$f":"IF(OR(H137=\"\",H137=\"NO\"),$L$5,\"\")","v":""},{"$f":"IF(AND($H137<$U137%,$H137>$R137%),$M$5,\"\")","v":""},{"$f":"IF(AND($H137<$W137%,$H137>$T137%),$N$5,\"\")","v":""},{"$f":"IF(AND($H137<$Y137%,$H137>$V137%),$O$5,\"\")","v":""},{"$f":"IF(H137=\"YES\",$P$5,\"\")","v":""},null,null,null,null,null,null,null,null,null,null,{"$f":"IF(OR(AND(AE137=\"YES\",AF137=\"PHYSICALLY VERIFIED\"),AND(AE137=\"YES\",AF137=\"DOCUMENT VERIFIED\"),AND(AE137=\"YES\",'Basic Details'!$D$31=\"Self Assessment\"),AND(AE137=\"YES\",'Basic Details'!$D$31=\"Draft\")),1*IF(BB137=\"ERROR INPUT\",0+1,1),0)","v":0},null,"",null,null,null,null,"To be verified physically by Peer Team",null,null,null,null,null,null,null,null,null,null,null,null,null,null,null,null,null,null,null,null,null,"NO",null,null,null,"Yes",null,null,null,null,"E-1",{"$f":"+C137","v":129},4,{"$f":"+J137","v":0.5},{"$f":"+BO137*BP137","v":2},{"$f":"IF(K137=\"\",0,+K137)","v":0}]
[null,null,130,null,"(a)(ii)  Source of Income-Donationas-From Private",null,null,0,{"$f":"IF(F138=\"\",\"\",SUM(L138:P138))","v":""},0.5,{"$f":"IF(I138=\"\",\"\",+I138*J138*AA138)","v":""},{"$f":"IF(OR(H138=\"\",H138=\"NO\"),$L$5,\"\")","v":""},"","","",{"$f":"IF(H138=\"YES\",$P$5,\"\")","v":""},null,null,null,null,null,null,null,null,null,null,{"$f":"IF(OR(AND(AE138=\"YES\",AF138=\"PHYSICALLY VERIFIED\"),AND(AE138=\"YES\",AF138=\"DOCUMENT VERIFIED\"),AND(AE138=\"YES\",'Basic Details'!$D$31=\"Self Assessment\"),AND(AE138=\"YES\",'Basic Details'!$D$31=\"Draft\")),1*IF(BB138=\"ERROR INPUT\",0+1,1),0)","v":0},null,"",null,null,null,null,"To be verified physically by Peer Team",null,null,null,null,null,null,null,null,null,null,null,null,null,null,null,null,null,null,null,null,null,"NO",null,null,null,"Yes",null,null,null,null,"E-1",130,4,0.5,2,0]
[null,null,131,null,"(a)(iii)  Source of Income-Donationas-From Others",null,null,0,"",0.5,"",{"$f":"IF(OR(H139=\"\",H139=\"NO\"),$L$5,\"\")","v":""},"","","",{"$f":"IF(H139=\"YES\",$P$5,\"\")","v":""},null,null,null,null,null,null,null,null,null,null,{"$f":"IF(OR(AND(AE139=\"YES\",AF139=\"PHYSICALLY VERIFIED\"),AND(AE139=\"YES\",AF139=\"DOCUMENT VERIFIED\"),AND(AE139=\"YES\",'Basic Details'!$D$31=\"Self Assessment\"),AND(AE139=\"YES\",'Basic Details'!$D$31=\"Draft\")),1*IF(BB139=\"ERROR INPUT\",0+1,1),0)","v":0},null,"",null,null,null,null,"To be verified physically by Peer Team",null,null,null,null,null,null,null,null,null,null,null,null,null,null,null,null,null,null,null,null,null,"NO",null,null,null,"Yes",null,null,null,null,"E-1",131,4,0.5,2,0]
[null,null,132,null,"(b) Source of Income-Fee Receipt",null,null,0,"",0.5,"",{"$f":"IF(OR(H140=\"\",H140=\"NO\"),$L$5,\"\")","v":""},"","","",{"$f":"IF(H140=\"YES\",$P$5,\"\")","v":""},null,null,null,null,null,null,null,null,null,null,{"$f":"IF(OR(AND(AE140=\"YES\",AF140=\"PHYSICALLY VERIFIED\"),AND(AE140=\"YES\",AF140=\"DOCUMENT VERIFIED\"),AND(AE140=\"YES\",'Basic Details'!$D$31=\"Self Assessment\"),AND(AE140=\"YES\",'Basic Details'!$D$31=\"Draft\")),1*IF(BB140=\"ERROR INPUT\",0+1,1),0)","v":0},null,"",null,null,null,null,"To be verified physically by Peer Team",null,null,null,null,null,null,null,null,null,null,null,null,null,null,null,null,null,null,null,null,null,"NO",null,null,null,"Yes",null,null,null,null,"E-1",132,4,0.5,2,0]
[null,null,{"$f":"1+C140","v":133},4,"Total funds received from all sources (last 3 years).",null,null,{"$f":"+F141","v":0},"",1.25,"",{"$f":"IF($H141<$S141,$L$5,\"\")","v":0},{"$f":"IF(AND($H141<$U141,$H141>$R141),$M$5,\"\")","v":""},{"$f":"IF(AND($H141<$W141,$H141>$T141),$N$5,\"\")","v":""},{"$f":"IF(AND($H141<$Y141,$H141>$V141),$O$5,\"\")","v":""},{"$f":"IF(AND($H141<Z141,H141>X141),$P$5,\"\")","v":""},0,0,1,{"$f":"-0.1+100000","v":99999.9},100000,{"$f":"-0.1+600000","v":599999.9},600000,{"$f":"-0.1+2000000","v":1999999.9},2000000,1000000000,{"$f":"IF(OR(AND(AE141=\"YES\",AF141=\"PHYSICALLY VERIFIED\"),AND(AE141=\"YES\",AF141=\"DOCUMENT VERIFIED\"),AND(AE141=\"YES\",'Basic Details'!$D$31=\"Self Assessment\"),AND(AE141=\"YES\",'Basic Details'!$D$31=\"Draft\")),1*IF(BB141=\"ERROR INPUT\",0+1,1),0)","v":0},null,"",null,null,null,null,"Copies of such grant / gift sanctioned orders / letter ",null,null,null,null,null,null,null,null,null,null,null,null,null,null,null,null,null,null,null,null,null,0,"Upto 1 Lakh","1-6 Lakh","6-20 Lakh","20 lakh & Above",null,null,null,null,"E-2",133,4,1.25,5,0,{"$f":"+BP141","v":1.25},{"$f":"+BR141","v":0},{"$f":"+BQ141","v":5},{"$f":"+BS136+BS141","v":3.25},{"$f":"+BT136+BT141","v":0},{"$f":"+BU136+BU141","v":13}]
["F. Commitment, Leadership and Management","F-1 Societal Footprint",134,null,"Whether college has any regular center for IGNOU / VMOU etc..",null,null,{"$f":"+F142","v":0},{"$f":"IF(F142=\"\",\"\",SUM(L142:P142))","v":""},0.25,{"$f":"IF(I142=\"\",\"\",+I142*J142*AA142)","v":""},{"$f":"IF(OR(H142=\"\",H142=\"NO\"),$L$5,\"\")","v":""},{"$f":"IF(AND($H142<$U142%,$H142>$R142%),$M$5,\"\")","v":""},{"$f":"IF(AND($H142<$W142%,$H142>$T142%),$N$5,\"\")","v":""},{"$f":"IF(AND($H142<$Y142%,$H142>$V142%),$O$5,\"\")","v":""},{"$f":"IF(H142=\"YES\",$P$5,\"\")","v":""},null,null,null,null,null,null,null,null,null,null,{"$f":"IF(OR(AND(AE142=\"YES\",AF142=\"PHYSICALLY VERIFIED\"),AND(AE142=\"YES\",AF142=\"DOCUMENT VERIFIED\"),AND(AE142=\"YES\",'Basic Details'!$D$31=\"Self Assessment\"),AND(AE142=\"YES\",'Basic Details'!$D$31=\"Draft\")),1*IF(BB142=\"ERROR INPUT\",0+1,1),0)","v":0},null,"",null,null,null,null,"Copies of news / photographs / reports of activities (Make a list of such events)",null,null,null,null,null,null,null,null,null,null,null,null,null,null,null,null,null,null,null,null,null,"No",null,null,null,"Yes",null,null,null,null,"F-1",134,4,0.25,1,0]
[null,null,135,null,"No. of efforts undertaken for creating national integration and Community awareness among students.",null,null,{"$f":"+F143","v":0},"",0.25,"",{"$f":"IF($H143<$S143,$L$5,\"\")","v":0},{"$f":"IF(AND($H143<$U143,$H143>$R143),$M$5,\"\")","v":""},{"$f":"IF(AND($H143<$W143,$H143>$T143),$N$5,\"\")","v":""},{"$f":"IF(AND($H143<$Y143,$H143>$V143),$O$5,\"\")","v":""},{"$f":"IF(AND($H143<Z143,H143>X143),$P$5,\"\")","v":""},0,0,1,3,4,6,7,9,10,10000,{"$f":"IF(OR(AND(AE143=\"YES\",AF143=\"PHYSICALLY VERIFIED\"),AND(AE143=\"YES\",AF143=\"DOCUMENT VERIFIED\"),AND(AE143=\"YES\",'Basic Details'!$D$31=\"Self Assessment\"),AND(AE143=\"YES\",'Basic Details'!$D$31=\"Draft\")),1*IF(BB143=\"ERROR INPUT\",0+1,1),0)","v":0},null,"",null,null,null,null,"Copies of news / photographs / reports of activities (Make a list of such events)",null,null,null,null,null,null,null,null,null,null,null,null,null,null,null,null,null,null,null,null,null,0,"1-3","4-6","7-9","10 & Above",null,null,null,null,"F-1",135,4,0.25,1,0]
[null,null,136,null,"No. of Institutional/ Corporate Collaborative activities undertaken by College.",null,null,{"$f":"+F144","v":0},"",0.25,"",{"$f":"IF($H144<$S144,$L$5,\"\")","v":0},{"$f":"IF(AND($H144<$U144,$H144>$R144),$M$5,\"\")","v":""},{"$f":"IF(AND($H144<$W144,$H144>$T144),$N$5,\"\")","v":""},{"$f":"IF(AND($H144<$Y144,$H144>$V144),$O$5,\"\")","v":""},{"$f":"IF(AND($H144<Z144,H144>X144),$P$5,\"\")","v":""},0,0,1,1,2,2,3,3,4,10000,{"$f":"IF(OR(AND(AE144=\"YES\",AF144=\"PHYSICALLY VERIFIED\"),AND(AE144=\"YES\",AF144=\"DOCUMENT VERIFIED\"),AND(AE144=\"YES\",'Basic Details'!$D$31=\"Self Assessment\"),AND(AE144=\"YES\",'Basic Details'!$D$31=\"Draft\")),1*IF(BB144=\"ERROR INPUT\",0+1,1),0)","v":0},null,"",null,null,null,null,"Copies of formal letter / MOU for collaboration (Make a list of such events) ",null,null,null,null,null,null,null,null,null,null,null,null,null,null,null,null,null,null,null,null,null,0,1,2,3,"4 & Above",null,null,null,null,"F-1",136,4,0.25,1,0,{"$f":"SUM(BP142:BP144)","v":0.75},{"$f":"SUM(BR142:BR144)","v":0},{"$f":"SUM(BQ142:BQ144)","v":3}]
[null,null,137,null,"Govt. Schemes run by the college",null,null,{"$f":"+F145","v":0},{"$f":"IF(F145=\"\",\"\",SUM(L145:P145))","v":""},0.5,"",{"$f":"IF(OR(H145=\"\",H145=\"NO\"),$L$5,\"\")","v":""},{"$f":"IF(AND($H145<$U145%,$H145>$R145%),$M$5,\"\")","v":""},{"$f":"IF(AND($H145<$W145%,$H145>$T145%),$N$5,\"\")","v":""},{"$f":"IF(AND($H145<$Y145%,$H145>$V145%),$O$5,\"\")","v":""},{"$f":"IF(H145=\"YES\",$P$5,\"\")","v":""},null,null,null,null,null,null,null,null,null,null,{"$f":"IF(OR(AND(AE145=\"YES\",AF145=\"PHYSICALLY VERIFIED\"),AND(AE145=\"YES\",AF145=\"DOCUMENT VERIFIED\"),AND(AE145=\"YES\",'Basic Details'!$D$31=\"Self Assessment\"),AND(AE145=\"YES\",'Basic Details'!$D$31=\"Draft\")),1*IF(BB145=\"ERROR INPUT\",0+1,1),0)","v":0},null,"",null,null,null,null,null,null,null,null,null,null,null,null,null,null,null,null,null,null,null,null,null,null,null,null,null,null,"NO",null,null,null,"Yes",null,null,null,null,"F-1",{"$f":"+C145","v":137},4,{"$f":"+J145","v":0.5},{"$f":"+BO145*BP145","v":2},{"$f":"IF(K145=\"\",0,+K145)","v":0}]
[null,"F-2 Innovation",{"$f":"1+C145","v":138},null,"No. of initiatives undertaken for Students welfare (Human Value added based).",null,null,{"$f":"+F146","v":0},"",0.25,"",{"$f":"IF($H146<$S146,$L$5,\"\")","v":0},{"$f":"IF(AND($H146<$U146,$H146>$R146),$M$5,\"\")","v":""},{"$f":"IF(AND($H146<$W146,$H146>$T146),$N$5,\"\")","v":""},{"$f":"IF(AND($H146<$Y146,$H146>$V146),$O$5,\"\")","v":""},{"$f":"IF(AND($H146<Z146,H146>X146),$P$5,\"\")","v":""},0,0,1,1,2,2,3,3,4,10000,{"$f":"IF(OR(AND(AE146=\"YES\",AF146=\"PHYSICALLY VERIFIED\"),AND(AE146=\"YES\",AF146=\"DOCUMENT VERIFIED\"),AND(AE146=\"YES\",'Basic Details'!$D$31=\"Self Assessment\"),AND(AE146=\"YES\",'Basic Details'!$D$31=\"Draft\")),1*IF(BB146=\"ERROR INPUT\",0+1,1),0)","v":0},null,"",null,null,null,null,"Copies of news / photographs / reports of activities (Make a list of such events)",null,null,null,null,null,null,null,null,null,null,null,null,null,null,null,null,null,null,null,null,null,0,1,2,3,"4 & Above",null,null,null,null,"F-2",138,4,0.25,1,0]
[null,null,139,null,"Quality enhancement training for Faculty/Staff  Initiatives/Activities organised by college.",null,null,{"$f":"+F147","v":0},{"$f":"IF(F147=\"\",\"\",SUM(L147:P147))","v":""},0.25,"",{"$f":"IF(OR(H147=\"\",H147=\"NO\"),$L$5,\"\")","v":""},{"$f":"IF(AND($H147<$U147%,$H147>$R147%),$M$5,\"\")","v":""},{"$f":"IF(AND($H147<$W147%,$H147>$T147%),$N$5,\"\")","v":""},{"$f":"IF(AND($H147<$Y147%,$H147>$V147%),$O$5,\"\")","v":""},{"$f":"IF(H147=\"YES\",$P$5,\"\")","v":""},null,null,null,null,null,null,null,null,null,null,{"$f":"IF(OR(AND(AE147=\"YES\",AF147=\"PHYSICALLY VERIFIED\"),AND(AE147=\"YES\",AF147=\"DOCUMENT VERIFIED\"),AND(AE147=\"YES\",'Basic Details'!$D$31=\"Self Assessment\"),AND(AE147=\"YES\",'Basic Details'!$D$31=\"Draft\")),1*IF(BB147=\"ERROR INPUT\",0+1,1),0)","v":0},null,"",null,null,null,null,"Copes of certificates / news / photographs (Make a list of such activities with date and institution name etc.)",null,null,null,null,null,null,null,null,null,null,null,null,null,null,null,null,null,null,null,null,null,"No",null,null,null,"Yes",null,null,null,null,"F-2",139,4,0.25,1,0]
[null,null,140,null,"Games and Sports Activities for Faculty/Staff organised by college.",null,null,0,{"$f":"IF(F148=\"\",\"\",SUM(L148:P148))","v":""},0.25,{"$f":"IF(I148=\"\",\"\",+I148*J148*AA148)","v":""},{"$f":"IF(OR(H148=\"\",H148=\"NO\"),$L$5,\"\")","v":""},"","","",{"$f":"IF(H148=\"YES\",$P$5,\"\")","v":""},null,null,null,null,null,null,null,null,null,null,{"$f":"IF(OR(AND(AE148=\"YES\",AF148=\"PHYSICALLY VERIFIED\"),AND(AE148=\"YES\",AF148=\"DOCUMENT VERIFIED\"),AND(AE148=\"YES\",'Basic Details'!$D$31=\"Self Assessment\"),AND(AE148=\"YES\",'Basic Details'!$D$31=\"Draft\")),1*IF(BB148=\"ERROR INPUT\",0+1,1),0)","v":0},null,"",null,null,null,null,null,null,null,null,null,null,null,null,null,null,null,null,null,null,null,null,null,null,null,null,null,null,"No",null,null,null,"Yes",null,null,null,null,"F-2",140,4,0.25,1,0]
[null,null,141,null,"No. of Books collected under Community Book Bank scheme.",null,null,{"$f":"+F149","v":0},"",0.5,"",{"$f":"IF($H149<$S149,$L$5,\"\")","v":0},{"$f":"IF(AND($H149<$U149,$H149>$R149),$M$5,\"\")","v":""},{"$f":"IF(AND($H149<$W149,$H149>$T149),$N$5,\"\")","v":""},{"$f":"IF(AND($H149<$Y149,$H149>$V149),$O$5,\"\")","v":""},{"$f":"IF(AND($H149<Z149,H149>X149),$P$5,\"\")","v":""},0,0,1,100,101,200,201,499,500,10000,{"$f":"IF(OR(AND(AE149=\"YES\",AF149=\"PHYSICALLY VERIFIED\"),AND(AE149=\"YES\",AF149=\"DOCUMENT VERIFIED\"),AND(AE149=\"YES\",'Basic Details'!$D$31=\"Self Assessment\"),AND(AE149=\"YES\",'Basic Details'!$D$31=\"Draft\")),1*IF(BB149=\"ERROR INPUT\",0+1,1),0)","v":0},null,"",null,null,null,null,"Collection of books register AND issue of books register to be verified physically by Peer Team",null,null,null,null,null,null,null,null,null,null,null,null,null,null,null,null,null,null,null,null,null,0,"1-100","101-200","201-500","500 & Above",null,null,null,null,"F-2",141,4,0.5,2,0]
["F. Commitment, Leadership and Management","F-2 Innovation",142,null,"Participation of college in District level campaigning/ activities organized by district administration (Total Number).",null,null,{"$f":"+F150","v":0},"",0.5,"",{"$f":"IF($H150<$S150,$L$5,\"\")","v":0},{"$f":"IF(AND($H150<$U150,$H150>$R150),$M$5,\"\")","v":""},{"$f":"IF(AND($H150<$W150,$H150>$T150),$N$5,\"\")","v":""},{"$f":"IF(AND($H150<$Y150,$H150>$V150),$O$5,\"\")","v":""},{"$f":"IF(AND($H150<Z150,H150>X150),$P$5,\"\")","v":""},0,0,1,2,3,4,5,6,7,10000,{"$f":"IF(OR(AND(AE150=\"YES\",AF150=\"PHYSICALLY VERIFIED\"),AND(AE150=\"YES\",AF150=\"DOCUMENT VERIFIED\"),AND(AE150=\"YES\",'Basic Details'!$D$31=\"Self Assessment\"),AND(AE150=\"YES\",'Basic Details'!$D$31=\"Draft\")),1*IF(BB150=\"ERROR INPUT\",0+1,1),0)","v":0},null,"",null,null,null,null,"Copies of formal letter / news / photographs / reports of activities (Make a list of such events)",null,null,null,null,null,null,null,null,null,null,null,null,null,null,null,null,null,null,null,null,null,0,"1-2","3-4","5-6","7 & Above",null,null,null,null,"F-2",142,4,0.5,2,0]
[null,null,143,null,"Feedback availability for stakeholders (Students/Parents/Teachers/Others).",null,null,{"$f":"+F151","v":0},{"$f":"IF(F151=\"\",\"\",SUM(L151:P151))","v":""},0.5,"",{"$f":"IF(OR(H151=\"\",H151=\"NO\"),$L$5,\"\")","v":""},{"$f":"IF(AND($H151<$U151%,$H151>$R151%),$M$5,\"\")","v":""},{"$f":"IF(AND($H151<$W151%,$H151>$T151%),$N$5,\"\")","v":""},{"$f":"IF(AND($H151<$Y151%,$H151>$V151%),$O$5,\"\")","v":""},{"$f":"IF(H151=\"YES\",$P$5,\"\")","v":""},null,null,null,null,null,null,null,null,null,null,{"$f":"IF(OR(AND(AE151=\"YES\",AF151=\"PHYSICALLY VERIFIED\"),AND(AE151=\"YES\",AF151=\"DOCUMENT VERIFIED\"),AND(AE151=\"YES\",'Basic Details'!$D$31=\"Self Assessment\"),AND(AE151=\"YES\",'Basic Details'!$D$31=\"Draft\")),1*IF(BB151=\"ERROR INPUT\",0+1,1),0)","v":0},null,"",null,null,null,null,"Copes of details of feedback system with followup",null,null,null,null,null,null,null,null,null,null,null,null,null,null,null,null,null,null,null,null,null,"No",null,null,null,"Yes",null,null,null,null,"F-2",143,4,0.5,2,0]
[null,null,144,null,"Percentage of active e-mail ID of Students.",null,{"$f":"IF(F152=\"\",\"\",+$F$7)","v":""},{"$f":"IF(F152=\"\",\"\",ROUND(F152/G152,4))","v":""},{"$f":"IF(OR(F152=\"\",G152=\"\",G152=0),\"\",SUM(L152:P152))","v":""},0.25,{"$f":"IF(I152=\"\",\"\",+I152*J152*AA152)","v":""},{"$f":"IF($H152<$S152%,$L$5,\"\")","v":""},{"$f":"IF(AND($H152<$U152%,$H152>$R152%),$M$5,\"\")","v":""},{"$f":"IF(AND($H152<$W152%,$H152>$T152%),$N$5,\"\")","v":""},{"$f":"IF(AND($H152<$Y152%,$H152>$V152%),$O$5,\"\")","v":""},{"$f":"IF(AND($H152<Z152%,H152>X152%),$P$5,\"\")","v":""},0,0,1E-4,25,25.00001,50,50.000100000000003,75,75.000100000000003,100000000,{"$f":"IF(OR(AND(AE152=\"YES\",AF152=\"PHYSICALLY VERIFIED\"),AND(AE152=\"YES\",AF152=\"DOCUMENT VERIFIED\"),AND(AE152=\"YES\",'Basic Details'!$D$31=\"Self Assessment\"),AND(AE152=\"YES\",'Basic Details'!$D$31=\"Draft\")),1*IF(BB152=\"ERROR INPUT\",0+1,1),0)","v":0},null,"",null,null,null,null,null,null,null,null,null,null,null,null,null,null,null,null,null,null,null,null,null,null,null,null,null,null,0,"More than 0 but upto 25","More than 25 but upto 50","More than 50 but upto 75","More than 75 ",null,null,null,null,"F-2",144,4,0.25,1,0,{"$f":"SUM(BP146:BP152)","v":2.5},{"$f":"SUM(BR146:BR152)","v":0},{"$f":"SUM(BQ146:BQ152)","v":10}]
[null,"F-3 Effective Implementatin of Govt. Schemes",145,null,"Implementation of Scholarships / Incentive schemes (distributional efficacy).",null,null,{"$f":"+F153","v":0},"",0.5,"",{"$f":"IF(OR(F153=\"\",F153=\"YES PENDENCY\"),$L$5,\"\")","v":0},{"$f":"IF(AND($H153<$U153%,$H153>$R153%),$M$5,\"\")","v":""},{"$f":"IF(AND($H153<$W153%,$H153>$T153%),$N$5,\"\")","v":""},{"$f":"IF(AND($H153<$Y153%,$H153>$V153%),$O$5,\"\")","v":""},{"$f":"IF(F153=\"NO PENDENCY\",$P$5,\"\")","v":""},null,null,null,null,null,null,null,null,null,null,{"$f":"IF(OR(AND(AE153=\"YES\",AF153=\"PHYSICALLY VERIFIED\"),AND(AE153=\"YES\",AF153=\"DOCUMENT VERIFIED\"),AND(AE153=\"YES\",'Basic Details'!$D$31=\"Self Assessment\"),AND(AE153=\"YES\",'Basic Details'!$D$31=\"Draft\")),1*IF(BB153=\"ERROR INPUT\",0+1,1),0)","v":0},null,"",null,null,null,null,"Copies of varifiable documents for various types of scholarships being disbrused by institute.",null,null,null,null,null,null,null,null,null,null,null,null,null,null,null,null,null,null,null,null,null,"Yes, Pendency",null,null,null,"No, Pendency",null,null,null,null,"F-3",{"$f":"+C153","v":145},4,{"$f":"+J153","v":0.5},{"$f":"+BO153*BP153","v":2},{"$f":"IF(K153=\"\",0,+K153)","v":0}]
[null,null,146,null,"Number of Innovative programe organised by college,",null,null,{"$f":"+F154","v":0},{"$f":"IF(OR(F154=\"\",F154=0),\"\",SUM(L154:P154))","v":""},0.5,"",{"$f":"IF($H154<$S154,$L$5,\"\")","v":0},{"$f":"IF(AND($H154<$U154,$H154>$R154),$M$5,\"\")","v":""},{"$f":"IF(AND($H154<$W154,$H154>$T154),$N$5,\"\")","v":""},{"$f":"IF(AND($H154<$Y154,$H154>$V154),$O$5,\"\")","v":""},{"$f":"IF(AND($H154<Z154,H154>X154),$P$5,\"\")","v":""},0,0,1,1.9999899999999999,2,2.9998999999999998,3,3.9999899999999999,4,10000,{"$f":"IF(OR(AND(AE154=\"YES\",AF154=\"PHYSICALLY VERIFIED\"),AND(AE154=\"YES\",AF154=\"DOCUMENT VERIFIED\"),AND(AE154=\"YES\",'Basic Details'!$D$31=\"Self Assessment\"),AND(AE154=\"YES\",'Basic Details'!$D$31=\"Draft\")),1*IF(BB154=\"ERROR INPUT\",0+1,1),0)","v":0},null,"",null,null,null,null,"Copies of signed lists of benefitted students ",null,null,null,null,null,null,null,null,null,null,null,null,null,null,null,null,null,null,null,"",null,0,1,2,3,"4 & Above",null,null,null,null,"F-3",146,4,0.5,2,0]
[null,null,null,null,null,null,null,null,null,null,null,null,null,null,null,null,null,null,null,null,null,null,null,null,null,null,null,null,null,null,null,null,null,null,null,null,null,null,null,null,null,null,null,null,null,null,null,null,null,null,null,null,null,"",null,"0-20","20-40","40-60","60-80","80 & Above",null,null,null,null,"F-3",0,4,0,0,0]
[null,null,{"$f":"1+C154","v":147},null,"Whether any kind of extra/remedial classes provided by the college",null,null,{"$f":"+F156","v":0},{"$f":"IF(F156=\"\",\"\",SUM(L156:P156))","v":""},0.25,"",{"$f":"IF(OR(H156=\"\",H156=\"NO\"),$L$5,\"\")","v":""},{"$f":"IF(AND($H156<$U156%,$H156>$R156%),$M$5,\"\")","v":""},{"$f":"IF(AND($H156<$W156%,$H156>$T156%),$N$5,\"\")","v":""},{"$f":"IF(AND($H156<$Y156%,$H156>$V156%),$O$5,\"\")","v":""},{"$f":"IF(H156=\"YES\",$P$5,\"\")","v":""},null,null,null,null,null,null,null,null,null,null,{"$f":"IF(OR(AND(AE156=\"YES\",AF156=\"PHYSICALLY VERIFIED\"),AND(AE156=\"YES\",AF156=\"DOCUMENT VERIFIED\"),AND(AE156=\"YES\",'Basic Details'!$D$31=\"Self Assessment\"),AND(AE156=\"YES\",'Basic Details'!$D$31=\"Draft\")),1*IF(BB156=\"ERROR INPUT\",0+1,1),0)","v":0},null,"",null,null,null,null,"Copies of Complete list of classes organised AND time table AND attendance sheet",null,null,null,null,null,null,null,null,null,null,null,null,null,null,null,null,null,null,null,null,null,"0-20","20-40","40-60","60-80","80 & Above",null,null,null,null,"F-3",147,4,0.25,1,0]
["F. Commitment, Leadership and Management","F-3 Effective Implementatin of Govt. Schemes",{"$f":"1+C156","v":148},null,"Whether the college has developed any supportive extra class system for regular students (online/offline).  excludiing IGNOU, BMOU, Non-collegeiate teaching.",null,null,0,{"$f":"IF(F157=\"\",\"\",SUM(L157:P157))","v":""},0.25,"",{"$f":"IF(OR(H157=\"\",H157=\"NO\"),$L$5,\"\")","v":""},"","","",{"$f":"IF(H157=\"YES\",$P$5,\"\")","v":""},null,null,null,null,null,null,null,null,null,null,{"$f":"IF(OR(AND(AE157=\"YES\",AF157=\"PHYSICALLY VERIFIED\"),AND(AE157=\"YES\",AF157=\"DOCUMENT VERIFIED\"),AND(AE157=\"YES\",'Basic Details'!$D$31=\"Self Assessment\"),AND(AE157=\"YES\",'Basic Details'!$D$31=\"Draft\")),1*IF(BB157=\"ERROR INPUT\",0+1,1),0)","v":0},null,"",null,null,null,null,"Number of trees planted as given in spreadsheet to be verified physically by Peer Team",null,null,null,null,null,null,null,null,null,null,null,null,null,null,null,null,null,null,null,null,null,"No",null,null,null,"Yes",null,null,null,null,"F-3",148,4,0.25,1,0,{"$f":"SUM(BP153:BP157)","v":1.5},{"$f":"SUM(BR153:BR157)","v":0},{"$f":"SUM(BQ153:BQ157)","v":6}]
[null,"F-4 Strengthening the bond",149,null,"No. of Interactive sessions organised for students with motivational mentors/ excellent performers.",null,null,{"$f":"+F158","v":0},{"$f":"IF(F158=\"\",\"\",SUM(L158:P158))","v":""},0.25,"",{"$f":"IF($H158<$S158,$L$5,\"\")","v":0},{"$f":"IF(AND($H158<$U158,$H158>$R158),$M$5,\"\")","v":""},{"$f":"IF(AND($H158<$W158,$H158>$T158),$N$5,\"\")","v":""},{"$f":"IF(AND($H158<$Y158,$H158>$V158),$O$5,\"\")","v":""},{"$f":"IF(AND($H158<Z158,H158>X158),$P$5,\"\")","v":""},0,0,1,1,2,2,3,3,4,10000,{"$f":"IF(OR(AND(AE158=\"YES\",AF158=\"PHYSICALLY VERIFIED\"),AND(AE158=\"YES\",AF158=\"DOCUMENT VERIFIED\"),AND(AE158=\"YES\",'Basic Details'!$D$31=\"Self Assessment\"),AND(AE158=\"YES\",'Basic Details'!$D$31=\"Draft\")),1*IF(BB158=\"ERROR INPUT\",0+1,1),0)","v":0},null,"",null,null,null,null,"Copies of meeting notices / news / photographs / reports  of events (Make a list such events)",null,null,null,null,null,null,null,null,null,null,null,null,null,null,null,null,null,null,null,null,null,0,1,2,3,"4 & Above",null,null,null,null,"F-4",149,4,0.25,1,0]
[null,null,150,null,"No. of Students- Principal interactions.",null,null,{"$f":"+F159","v":0},"",0.25,"",0,"","","","",0,0,1,1,2,2,3,3,4,10000,{"$f":"IF(OR(AND(AE159=\"YES\",AF159=\"PHYSICALLY VERIFIED\"),AND(AE159=\"YES\",AF159=\"DOCUMENT VERIFIED\"),AND(AE159=\"YES\",'Basic Details'!$D$31=\"Self Assessment\"),AND(AE159=\"YES\",'Basic Details'!$D$31=\"Draft\")),1*IF(BB159=\"ERROR INPUT\",0+1,1),0)","v":0},null,"",null,null,null,null,"Copies of meeting notices / news / photographs / reports  of events (Make a list such events)",null,null,null,null,null,null,null,null,null,null,null,null,null,null,null,null,null,null,null,null,null,0,1,2,3,"4 & Above",null,null,null,null,"F-4",150,4,0.25,1,0]
[null,null,151,null,"No. of Student- Teacher meetings other than class room  teaching.",null,null,{"$f":"+F160","v":0},"",0.25,"",0,"","","","",0,0,1,1,2,2,3,3,4,10000,{"$f":"IF(OR(AND(AE160=\"YES\",AF160=\"PHYSICALLY VERIFIED\"),AND(AE160=\"YES\",AF160=\"DOCUMENT VERIFIED\"),AND(AE160=\"YES\",'Basic Details'!$D$31=\"Self Assessment\"),AND(AE160=\"YES\",'Basic Details'!$D$31=\"Draft\")),1*IF(BB160=\"ERROR INPUT\",0+1,1),0)","v":0},null,"",null,null,null,null,"Copies of meeting notices / news / photographs / reports  of events (Make a list such events)",null,null,null,null,null,null,null,null,null,null,null,null,null,null,null,null,null,null,null,null,null,0,1,2,3,"4 & Above",null,null,null,null,"F-4",151,4,0.25,1,0]
[null,null,152,null,"No. of Staff Council and Development committee meetings held.",null,null,{"$f":"+F161","v":0},"",0.25,"",0,"","","","",0,0,1,1,2,2,3,3,4,10000,{"$f":"IF(OR(AND(AE161=\"YES\",AF161=\"PHYSICALLY VERIFIED\"),AND(AE161=\"YES\",AF161=\"DOCUMENT VERIFIED\"),AND(AE161=\"YES\",'Basic Details'!$D$31=\"Self Assessment\"),AND(AE161=\"YES\",'Basic Details'!$D$31=\"Draft\")),1*IF(BB161=\"ERROR INPUT\",0+1,1),0)","v":0},null,"",null,null,null,null,"Copies of meeting notices / news / photographs / reports / minutes of events (Make a list such events)",null,null,null,null,null,null,null,null,null,null,null,null,null,null,null,null,null,null,null,null,null,0,1,2,3,"4 & Above",null,null,null,null,"F-4",152,4,0.25,1,0]
[null,null,153,null,"No. of Parents- Teacher meetings.",null,null,{"$f":"+F162","v":0},"",0.25,"",0,"","","","",0,0,1,1,2,2,3,3,4,10000,{"$f":"IF(OR(AND(AE162=\"YES\",AF162=\"PHYSICALLY VERIFIED\"),AND(AE162=\"YES\",AF162=\"DOCUMENT VERIFIED\"),AND(AE162=\"YES\",'Basic Details'!$D$31=\"Self Assessment\"),AND(AE162=\"YES\",'Basic Details'!$D$31=\"Draft\")),1*IF(BB162=\"ERROR INPUT\",0+1,1),0)","v":0},null,"",null,null,null,null,"Copies of meeting notices / news / photographs / reports / minutes of events (Make a list such events)",null,null,null,null,null,null,null,null,null,null,null,null,null,null,null,null,null,null,null,null,null,0,1,2,3,"4 & Above",null,null,null,null,"F-4",153,4,0.25,1,0]
[null,null,154,null,"Alumni Association of college is formed /  Registered.",null,null,{"$f":"IF(F163=\"No\",0,IF(F163=\"yes Formed only\",1,IF(F163=\"yes formed & registered\",2,0)))","v":0},{"$f":"IF(F163=\"\",\"\",SUM(L163:P163))","v":""},0.25,{"$f":"IF(I163=\"\",\"\",+I163*J163*AA163)","v":""},"","","","","",0,0,0,0,1,1,2,1,2,100,{"$f":"IF(OR(AND(AE163=\"YES\",AF163=\"PHYSICALLY VERIFIED\"),AND(AE163=\"YES\",AF163=\"DOCUMENT VERIFIED\"),AND(AE163=\"YES\",'Basic Details'!$D$31=\"Self Assessment\"),AND(AE163=\"YES\",'Basic Details'!$D$31=\"Draft\")),1*IF(BB163=\"ERROR INPUT\",0+1,1),0)","v":0},null,"",null,null,null,null,null,null,null,null,null,null,null,null,null,null,null,null,null,null,null,null,null,null,null,null,null,null,"No",null,"yes Formed only",null,"Yes Formed & Registered",null,null,null,null,"F-4",154,4,0.25,1,0]
[null,null,155,null,"No. of Alumni meetings held (last 2 years).",null,null,{"$f":"+F164","v":0},{"$f":"IF(F164=\"\",\"\",SUM(L164:P164))","v":""},0.25,{"$f":"IF(I164=\"\",\"\",+I164*J164*AA164)","v":""},0,"","","","",0,0,1,1,2,2,3,3,4,10000,{"$f":"IF(OR(AND(AE164=\"YES\",AF164=\"PHYSICALLY VERIFIED\"),AND(AE164=\"YES\",AF164=\"DOCUMENT VERIFIED\"),AND(AE164=\"YES\",'Basic Details'!$D$31=\"Self Assessment\"),AND(AE164=\"YES\",'Basic Details'!$D$31=\"Draft\")),1*IF(BB164=\"ERROR INPUT\",0+1,1),0)","v":0},null,"",null,null,null,null,"Copies of meeting notices / news / photographs / reports / minutes of events (Make a list such events)",null,null,null,null,null,null,null,null,null,null,null,null,null,null,null,null,null,null,null,null,null,0,1,2,3,"4 & Above",null,null,null,null,"F-4",155,4,0.25,1,0,{"$f":"SUM(BP158:BP164)","v":1.75},{"$f":"SUM(BR158:BR164)","v":0},{"$f":"SUM(BQ158:BQ164)","v":7}]
[null,"F-5 Institutional Distictiveness and Best Practice",156,null,"How many Waste Management System (Solid waste/Liquid Waste/E waste/Bio-waste) the college has.",null,null,{"$f":"+F165","v":0},"",0.5,{"$f":"IF(I165=\"\",\"\",+I165*J165*AA165)","v":""},0,"","","","",0,0,1,1,2,2,3,3,4,10000,{"$f":"IF(OR(AND(AE165=\"YES\",AF165=\"PHYSICALLY VERIFIED\"),AND(AE165=\"YES\",AF165=\"DOCUMENT VERIFIED\"),AND(AE165=\"YES\",'Basic Details'!$D$31=\"Self Assessment\"),AND(AE165=\"YES\",'Basic Details'!$D$31=\"Draft\")),1*IF(BB165=\"ERROR INPUT\",0+1,1),0)","v":0},null,"",null,null,null,null,null,null,null,null,null,null,null,null,null,null,null,null,null,null,null,null,null,null,null,null,null,null,0,1,2,3,4,null,null,null,null,"F-5",156,4,0.5,2,0]
["F. Commitment, Leadership and Management","F-5 Institutional Distictiveness and Best Practice",157,null,"Provide writeup of minimum two Best Practices in maximum 500 words (To be uploaded on web portal and provide the link below).",null,null,{"$f":"+F166","v":0},{"$f":"IF(F166=\"\",\"\",SUM(L166:P166))","v":""},0.5,"",{"$f":"IF(OR(F166=\"\",F166=\"NO\"),$L$5,\"\")","v":0},{"$f":"IF(AND($H166<$U166%,$H166>$R166%),$M$5,\"\")","v":""},{"$f":"IF(AND($H166<$W166%,$H166>$T166%),$N$5,\"\")","v":""},{"$f":"IF(AND($H166<$Y166%,$H166>$V166%),$O$5,\"\")","v":""},{"$f":"IF(F166=\"YES\",$P$5,\"\")","v":""},null,null,null,null,null,null,null,null,null,null,{"$f":"IF(OR(AND(AE166=\"YES\",AF166=\"PHYSICALLY VERIFIED\"),AND(AE166=\"YES\",AF165=\"DOCUMENT VERIFIED\"),AND(AE166=\"YES\",'Basic Details'!$D$31=\"Self Assessment\"),AND(AE166=\"YES\",'Basic Details'!$D$31=\"Draft\")),1*IF(BB166=\"ERROR INPUT\",0+1,1),0)","v":0},null,{"$f":"IF(AB166=\"\",\"\",\"-\")","v":""},null,null,null,null,null,null,null,null,null,null,null,null,null,null,null,null,null,null,null,null,null,null,null,null,null,null,"No",null,null,null,"Yes",null,null,null,null,"F-5",157,4,0.5,2,0]
[null,null,158,null,null,null,null,null,null,null,null,null,null,null,null,null,null,null,null,null,null,null,null,null,null,null,null,null,null,null,null,null,null,null,null,null,null,null,null,null,null,null,null,null,null,null,null,null,null,null,null,null,null,null,null,null,null,null,null,null,null,null,null,null,null,141]
[null,null,{"$f":"1+C166","v":158},null,"Provide writeup of Institutional Distinctiveness in maximum 1000 words (To be uploaded on web portal and provide the link below).",null,null,{"$f":"+F168","v":0},{"$f":"IF(F168=\"\",\"\",SUM(L168:P168))","v":""},0.5,"",{"$f":"IF(OR(F168=\"\",F168=\"NO\"),$L$5,\"\")","v":0},"","","",{"$f":"IF(F168=\"YES\",$P$5,\"\")","v":""},null,null,null,null,null,null,null,null,null,null,{"$f":"IF(OR(AND(AE168=\"YES\",AF168=\"PHYSICALLY VERIFIED\"),AND(AE168=\"YES\",AF168=\"DOCUMENT VERIFIED\"),AND(AE168=\"YES\",'Basic Details'!$D$31=\"Self Assessment\"),AND(AE168=\"YES\",'Basic Details'!$D$31=\"Draft\")),1*IF(BB168=\"ERROR INPUT\",0+1,1),0)","v":0},null,{"$f":"IF(AB168=\"\",\"\",\"-\")","v":""},null,null,null,null,null,null,null,null,null,null,null,null,null,null,null,null,null,null,null,null,null,null,null,null,null,null,"No",null,null,null,"Yes",null,null,null,null,"F-5",158,4,{"$f":"+J168","v":0.5},{"$f":"+BO168*BP168","v":2},{"$f":"IF(K168=\"\",0,+K168)","v":0}]
[null,null,159,null,null,null,null,null,null,null,null,null,null,null,null,null,null,null,null,null,null,null,null,null,null,null,null,null,null,null,null,null,null,null,null,null,null,null,null,null,null,null,null,null,null,null,null,null,null,null,null,null,null,null,null,null,null,null,null,null,null,null,null,null,null,142]
[null,null,{"$f":"1+C168","v":159},null,"Energy Conservation (Solar/Wind/Bio-Gas).",null,null,{"$f":"+F170","v":0},{"$f":"IF(F170=\"\",\"\",SUM(L170:P170))","v":""},0.25,{"$f":"IF(I170=\"\",\"\",+I170*J170*AA170)","v":""},{"$f":"IF(OR(H170=\"\",H170=\"NO\"),$L$5,\"\")","v":""},{"$f":"IF(AND($H170<$U170%,$H170>$R170%),$M$5,\"\")","v":""},{"$f":"IF(AND($H170<$W170%,$H170>$T170%),$N$5,\"\")","v":""},{"$f":"IF(AND($H170<$Y170%,$H170>$V170%),$O$5,\"\")","v":""},{"$f":"IF(H170=\"YES\",$P$5,\"\")","v":""},null,null,null,null,null,null,null,null,null,null,{"$f":"IF(OR(AND(AE170=\"YES\",AF170=\"PHYSICALLY VERIFIED\"),AND(AE170=\"YES\",AF170=\"DOCUMENT VERIFIED\"),AND(AE170=\"YES\",'Basic Details'!$D$31=\"Self Assessment\"),AND(AE170=\"YES\",'Basic Details'!$D$31=\"Draft\")),1*IF(BB170=\"ERROR INPUT\",0+1,1),0)","v":0},null,{"$f":"IF(AB170=\"\",\"\",\"-\")","v":""},null,null,null,null,null,null,null,null,null,null,null,null,null,null,null,null,null,null,null,null,null,null,null,null,null,null,"No",null,null,null,"Yes",null,null,null,null,"F-5",159,4,0.25,1,0]
[null,null,160,null,"Green campus initiatives (like water conservation, water harvesting system, air purifier, green compost, herbal garden etc.).",null,null,0,{"$f":"IF(F171=\"\",\"\",SUM(L171:P171))","v":""},0.5,{"$f":"IF(I171=\"\",\"\",+I171*J171*AA171)","v":""},{"$f":"IF(OR(H171=\"\",H171=\"NO\"),$L$5,\"\")","v":""},"","","",{"$f":"IF(H171=\"YES\",$P$5,\"\")","v":""},null,null,null,null,null,null,null,null,null,null,{"$f":"IF(OR(AND(AE171=\"YES\",AF171=\"PHYSICALLY VERIFIED\"),AND(AE171=\"YES\",AF171=\"DOCUMENT VERIFIED\"),AND(AE171=\"YES\",'Basic Details'!$D$31=\"Self Assessment\"),AND(AE171=\"YES\",'Basic Details'!$D$31=\"Draft\")),1*IF(BB171=\"ERROR INPUT\",0+1,1),0)","v":0},null,"",null,null,null,null,null,null,null,null,null,null,null,null,null,null,null,null,null,null,null,null,null,null,null,null,null,null,"No",null,null,null,"Yes",null,null,null,null,"F-5",160,4,0.5,2,0]
[null,null,161,null,"Green Audit.",null,null,{"$f":"+F172","v":0},{"$f":"IF(F172=\"\",\"\",SUM(L172:P172))","v":""},0.5,"",{"$f":"IF(OR(H172=\"\",H172=\"NO\"),$L$5,\"\")","v":""},"","","",{"$f":"IF(H172=\"YES\",$P$5,\"\")","v":""},null,null,null,null,null,null,null,null,null,null,{"$f":"IF(OR(AND(AE172=\"YES\",AF172=\"PHYSICALLY VERIFIED\"),AND(AE172=\"YES\",AF172=\"DOCUMENT VERIFIED\"),AND(AE172=\"YES\",'Basic Details'!$D$31=\"Self Assessment\"),AND(AE172=\"YES\",'Basic Details'!$D$31=\"Draft\")),1*IF(BB172=\"ERROR INPUT\",0+1,1),0)","v":0},null,"",null,null,null,null,null,null,null,null,null,null,null,null,null,null,null,null,null,null,null,null,null,null,null,null,null,null,"No",null,null,null,"Yes",null,null,null,null,"F-5",161,4,0.5,2,0]
["F. Commitment, Leadership and Management","F-5 Institutional Distictiveness and Best Practice",162,null,"Display of Code of conduct (Duties and Responsibilities) on College Web Page - Student, Teacher, Others.",null,null,0,{"$f":"IF(F173=\"\",\"\",SUM(L173:P173))","v":""},0.25,{"$f":"IF(I173=\"\",\"\",+I173*J173*AA173)","v":""},{"$f":"IF(OR(H173=\"\",H173=\"NO\"),$L$5,\"\")","v":""},"","","",{"$f":"IF(H173=\"YES\",$P$5,\"\")","v":""},null,null,null,null,null,null,null,null,null,null,{"$f":"IF(OR(AND(AE173=\"YES\",AF173=\"PHYSICALLY VERIFIED\"),AND(AE173=\"YES\",AF173=\"DOCUMENT VERIFIED\"),AND(AE173=\"YES\",'Basic Details'!$D$31=\"Self Assessment\"),AND(AE173=\"YES\",'Basic Details'!$D$31=\"Draft\")),1*IF(BB173=\"ERROR INPUT\",0+1,1),0)","v":0},null,"",null,null,null,null,null,null,null,null,null,null,null,null,null,null,null,null,null,null,null,null,null,null,null,null,null,null,"No",null,null,null,"Yes",null,null,null,null,"F-5",162,4,0.25,1,0]
[null,null,163,null,"Percentage of Students passed in Competitive Exams.",null,{"$f":"IF(F174=\"\",\"\",+$F$7)","v":""},{"$f":"IF(F174=\"\",\"\",ROUND(F174/G174,4))","v":""},{"$f":"IF(OR(F174=\"\",G174=\"\",G174=0),\"\",SUM(L174:P174))","v":""},0.5,"",{"$f":"IF($H174<$S174%,$L$5,\"\")","v":""},{"$f":"IF(AND($H174<$U174%,$H174>$R174%),$M$5,\"\")","v":""},{"$f":"IF(AND($H174<$W174%,$H174>$T174%),$N$5,\"\")","v":""},{"$f":"IF(AND($H174<$Y174%,$H174>$V174%),$O$5,\"\")","v":""},{"$f":"IF(AND($H174<Z174%,H174>X174%),$P$5,\"\")","v":""},0,0,1E-4,2,2.0000100000000001,5,5.0000099999999996,10,10.0001,1000000,{"$f":"IF(OR(AND(AE174=\"YES\",AF174=\"PHYSICALLY VERIFIED\"),AND(AE174=\"YES\",AF174=\"DOCUMENT VERIFIED\"),AND(AE174=\"YES\",'Basic Details'!$D$31=\"Self Assessment\"),AND(AE174=\"YES\",'Basic Details'!$D$31=\"Draft\")),1*IF(BB174=\"ERROR INPUT\",0+1,1),0)","v":0},null,"",null,null,null,null,null,null,null,null,null,null,null,null,null,null,null,null,null,null,null,null,null,null,null,null,null,null,0,"More than 0 but upto 2","More than 2 but upto 5","More than 5 but upto 10","More than 10 ",null,null,null,null,"F-5",163,4,0.5,2,0]
[null,null,164,null,"Organised Blood Donation Camp.",null,null,{"$f":"+F175","v":0},{"$f":"IF(F175=\"\",\"\",SUM(L175:P175))","v":""},0.5,{"$f":"IF(I175=\"\",\"\",+I175*J175*AA175)","v":""},{"$f":"IF(OR(H175=\"\",H175=\"NO\"),$L$5,\"\")","v":""},{"$f":"IF(AND($H175<$U175%,$H175>$R175%),$M$5,\"\")","v":""},{"$f":"IF(AND($H175<$W175%,$H175>$T175%),$N$5,\"\")","v":""},{"$f":"IF(AND($H175<$Y175%,$H175>$V175%),$O$5,\"\")","v":""},{"$f":"IF(H175=\"YES\",$P$5,\"\")","v":""},null,null,null,null,null,null,null,null,null,null,{"$f":"IF(OR(AND(AE175=\"YES\",AF175=\"PHYSICALLY VERIFIED\"),AND(AE175=\"YES\",AF175=\"DOCUMENT VERIFIED\"),AND(AE175=\"YES\",'Basic Details'!$D$31=\"Self Assessment\"),AND(AE175=\"YES\",'Basic Details'!$D$31=\"Draft\")),1*IF(BB175=\"ERROR INPUT\",0+1,1),0)","v":0},null,"",null,null,null,null,null,null,null,null,null,null,null,null,null,null,null,null,null,null,null,null,null,null,null,null,null,null,"No",null,null,null,"Yes",null,null,null,null,"F-5",164,4,0.5,2,0]
[null,null,165,null,"Health Awarness Camps are orgranised by College.",null,null,{"$f":"+F176","v":0},"",0.25,"",{"$f":"IF(OR(H176=\"\",H176=\"NO\"),$L$5,\"\")","v":""},"","","",{"$f":"IF(H176=\"YES\",$P$5,\"\")","v":""},null,null,null,null,null,null,null,null,null,null,{"$f":"IF(OR(AND(AE176=\"YES\",AF176=\"PHYSICALLY VERIFIED\"),AND(AE176=\"YES\",AF176=\"DOCUMENT VERIFIED\"),AND(AE176=\"YES\",'Basic Details'!$D$31=\"Self Assessment\"),AND(AE176=\"YES\",'Basic Details'!$D$31=\"Draft\")),1*IF(BB176=\"ERROR INPUT\",0+1,1),0)","v":0},null,"",null,null,null,null,null,null,null,null,null,null,null,null,null,null,null,null,null,null,null,null,null,null,null,null,null,null,"No",null,null,null,"Yes",null,null,null,null,"F-5",165,4,0.25,1,0]
[null,null,166,null,"Celebration of National/International Days (No.)",null,null,{"$f":"+F177","v":0},{"$f":"IF(F177=\"\",\"\",SUM(L177:P177))","v":""},0.25,"",{"$f":"IF($H177<$S177,$L$5,\"\")","v":0},{"$f":"IF(AND($H177<$U177,$H177>$R177),$M$5,\"\")","v":""},{"$f":"IF(AND($H177<$W177,$H177>$T177),$N$5,\"\")","v":""},{"$f":"IF(AND($H177<$Y177,$H177>$V177),$O$5,\"\")","v":""},{"$f":"IF(AND($H177<Z177,H177>X177),$P$5,\"\")","v":""},0,0,1E-4,0.99999000000000005,1,9,10,9,10,10000,{"$f":"IF(OR(AND(AE177=\"YES\",AF177=\"PHYSICALLY VERIFIED\"),AND(AE177=\"YES\",AF177=\"DOCUMENT VERIFIED\"),AND(AE177=\"YES\",'Basic Details'!$D$31=\"Self Assessment\"),AND(AE177=\"YES\",'Basic Details'!$D$31=\"Draft\")),1*IF(BB177=\"ERROR INPUT\",0+1,1),0)","v":0},null,"",null,null,null,null,null,null,null,null,null,null,null,null,null,null,null,null,null,null,null,null,null,null,null,null,null,null,0,null,"1-9",null,"10 & Above",null,null,null,null,"F-5",166,4,0.25,1,0]
[null,null,167,null,"Percentage of  Departments/Faculty having its own association.",null,null,{"$f":"IF(F178=\"\",\"\",ROUND(F178/G178,4))","v":""},{"$f":"IF(OR(F178=\"\",G178=\"\",G178=0),\"\",SUM(L178:P178))","v":""},0.25,"",{"$f":"IF($H178<$S178%,$L$5,\"\")","v":""},{"$f":"IF(AND($H178<$U178%,$H178>$R178%),$M$5,\"\")","v":""},{"$f":"IF(AND($H178<$W178%,$H178>$T178%),$N$5,\"\")","v":""},{"$f":"IF(AND($H178<$Y178%,$H178>$V178%),$O$5,\"\")","v":""},{"$f":"IF(AND($H178<Z178%,H178>X178%),$P$5,\"\")","v":""},0,0,1E-4,25,25.00001,50,50.000100000000003,75,75.000100000000003,100000000,{"$f":"IF(OR(AND(AE178=\"YES\",AF178=\"PHYSICALLY VERIFIED\"),AND(AE178=\"YES\",AF178=\"DOCUMENT VERIFIED\"),AND(AE178=\"YES\",'Basic Details'!$D$31=\"Self Assessment\"),AND(AE178=\"YES\",'Basic Details'!$D$31=\"Draft\")),1*IF(BB178=\"ERROR INPUT\",0+1,1),0)","v":0},null,"",null,null,null,null,null,null,null,null,null,null,null,null,null,null,null,null,null,null,null,null,null,null,null,null,null,null,0,"More than 0 but upto 25","More than 25 but upto 50","More than 50 but upto 75","More than 75 ",null,null,null,null,"F-5",167,4,0.25,1,0]
[null,null,168,null,"No. of trees planted and Survived in the college campus.",null,null,{"$f":"+F179","v":0},{"$f":"IF(F179=\"\",\"\",SUM(L179:P179))","v":""},0.5,{"$f":"IF(I179=\"\",\"\",+I179*J179*AA179)","v":""},{"$f":"IF($H179<$S179,$L$5,\"\")","v":0},{"$f":"IF(AND($H179<$U179,$H179>$R179),$M$5,\"\")","v":""},{"$f":"IF(AND($H179<$W179,$H179>$T179),$N$5,\"\")","v":""},{"$f":"IF(AND($H179<$Y179,$H179>$V179),$O$5,\"\")","v":""},{"$f":"IF(AND($H179<Z179,H179>X179),$P$5,\"\")","v":""},0,10,11,50,51,100,101,200,201,10000,{"$f":"IF(OR(AND(AE179=\"YES\",AF179=\"PHYSICALLY VERIFIED\"),AND(AE179=\"YES\",AF179=\"DOCUMENT VERIFIED\"),AND(AE179=\"YES\",'Basic Details'!$D$31=\"Self Assessment\"),AND(AE179=\"YES\",'Basic Details'!$D$31=\"Draft\")),1*IF(BB179=\"ERROR INPUT\",0+1,1),0)","v":0},null,"",null,null,null,null,"Number of trees planted as given in spreadsheet to be verified physically by Peer Team",null,null,null,null,null,null,null,null,null,null,null,null,null,null,null,null,null,null,null,null,null,"0-10","11-50","51-100","101-200","201 & Above",null,null,null,null,"F-5",168,4,0.5,2,0]
[null,null,169,null,"Percentage of students placed through Employment Fairs/Placement Camps/Campus Recruitment Drives organised by the college.",null,{"$f":"IF(F180=\"\",\"\",+$F$7)","v":""},{"$f":"IF(F180=\"\",\"\",ROUND(F180/G180,4))","v":""},{"$f":"IF(OR(F180=\"\",G180=\"\",G180=0),\"\",SUM(L180:P180))","v":""},0.5,"",{"$f":"IF($H180<$S180%,$L$5,\"\")","v":""},{"$f":"IF(AND($H180<$U180%,$H180>$R180%),$M$5,\"\")","v":""},{"$f":"IF(AND($H180<$W180%,$H180>$T180%),$N$5,\"\")","v":""},{"$f":"IF(AND($H180<$Y180%,$H180>$V180%),$O$5,\"\")","v":""},{"$f":"IF(AND($H180<Z180%,H180>X180%),$P$5,\"\")","v":""},0,0,1E-4,1.9999,2,3.9998999999999998,4,5.9999000000000002,6,10000,{"$f":"IF(OR(AND(AE180=\"YES\",AF180=\"PHYSICALLY VERIFIED\"),AND(AE180=\"YES\",AF180=\"DOCUMENT VERIFIED\"),AND(AE180=\"YES\",'Basic Details'!$D$31=\"Self Assessment\"),AND(AE180=\"YES\",'Basic Details'!$D$31=\"Draft\")),1*IF(BB180=\"ERROR INPUT\",0+1,1),0)","v":0},null,"",null,null,null,null,"Copies of orders / news / photographs / reports AND list of students who have been placed through such fairs",null,null,null,null,null,null,null,null,null,null,null,null,null,null,null,null,null,null,null,{"$f":"IF(F180>G180,\"ERROR INPUT\",\"\")","v":""},null,0,"More than 0 but less than 2","2-4","4-6","6 & Above",null,null,null,null,"F-5",169,4,0.5,2,0]
[null,null,170,null,"No. of years for which Placement Data is maintained.",null,null,{"$f":"+F181","v":0},{"$f":"IF(F181=\"\",\"\",SUM(L181:P181))","v":""},0.25,"",{"$f":"IF($H181<$S181,$L$5,\"\")","v":0},{"$f":"IF(AND($H181<$U181,$H181>$R181),$M$5,\"\")","v":""},{"$f":"IF(AND($H181<$W181,$H181>$T181),$N$5,\"\")","v":""},{"$f":"IF(AND($H181<$Y181,$H181>$V181),$O$5,\"\")","v":""},{"$f":"IF(AND($H181<Z181,H181>X181),$P$5,\"\")","v":""},0,0,1,1,2,2,3,3,4,10000,{"$f":"IF(OR(AND(AE181=\"YES\",AF181=\"PHYSICALLY VERIFIED\"),AND(AE181=\"YES\",AF181=\"DOCUMENT VERIFIED\"),AND(AE181=\"YES\",'Basic Details'!$D$31=\"Self Assessment\"),AND(AE181=\"YES\",'Basic Details'!$D$31=\"Draft\")),1*IF(BB181=\"ERROR INPUT\",0+1,1),0)","v":0},null,"",null,null,null,null,"Copies of orders / news / photographs / reports AND list of students who have been placed through such fairs",null,null,null,null,null,null,null,null,null,null,null,null,null,null,null,null,null,null,null,{"$f":"IF(F181>G181,\"ERROR INPUT\",\"\")","v":""},null,0,1,2,3,"4 & Above",null,null,null,null,"F-5",170,4,0.25,1,0]
[null,null,171,null,"Gender Equity Programes organised by College.",null,null,{"$f":"+F182","v":0},{"$f":"IF(F182=\"\",\"\",SUM(L182:P182))","v":""},0.25,{"$f":"IF(I182=\"\",\"\",+I182*J182*AA182)","v":""},{"$f":"IF(OR(H182=\"\",H182=\"NO\"),$L$5,\"\")","v":""},{"$f":"IF(AND($H182<$U182%,$H182>$R182%),$M$5,\"\")","v":""},{"$f":"IF(AND($H182<$W182%,$H182>$T182%),$N$5,\"\")","v":""},{"$f":"IF(AND($H182<$Y182%,$H182>$V182%),$O$5,\"\")","v":""},{"$f":"IF(H182=\"YES\",$P$5,\"\")","v":""},null,null,null,null,null,null,null,null,null,null,{"$f":"IF(OR(AND(AE182=\"YES\",AF182=\"PHYSICALLY VERIFIED\"),AND(AE182=\"YES\",AF182=\"DOCUMENT VERIFIED\"),AND(AE182=\"YES\",'Basic Details'!$D$31=\"Self Assessment\"),AND(AE182=\"YES\",'Basic Details'!$D$31=\"Draft\")),1*IF(BB182=\"ERROR INPUT\",0+1,1),0)","v":0},null,"",null,null,null,null,null,null,null,null,null,null,null,null,null,null,null,null,null,null,null,null,null,null,null,null,null,null,"No",null,null,null,"Yes",null,null,null,null,"F-5",171,4,{"$f":"+J182","v":0.25},{"$f":"+BO182*BP182","v":1},{"$f":"IF(K182=\"\",0,+K182)","v":0}]
["F. Commitment, Leadership and Management","F-5 Institutional Distictiveness and Best Practice",172,null,"Security and Safety Programes for Women organised by College.",null,null,{"$f":"+F183","v":0},"",0.25,"",{"$f":"IF(OR(H183=\"\",H183=\"NO\"),$L$5,\"\")","v":""},"","","",{"$f":"IF(H183=\"YES\",$P$5,\"\")","v":""},null,null,null,null,null,null,null,null,null,null,{"$f":"IF(OR(AND(AE183=\"YES\",AF183=\"PHYSICALLY VERIFIED\"),AND(AE183=\"YES\",AF183=\"DOCUMENT VERIFIED\"),AND(AE183=\"YES\",'Basic Details'!$D$31=\"Self Assessment\"),AND(AE183=\"YES\",'Basic Details'!$D$31=\"Draft\")),1*IF(BB183=\"ERROR INPUT\",0+1,1),0)","v":0},null,"",null,null,null,null,null,null,null,null,null,null,null,null,null,null,null,null,null,null,null,null,null,null,null,null,null,null,"No",null,null,null,"Yes",null,null,null,null,"F-5",172,4,0.25,1,0]
[null,null,173,null,"Whether Sanitary Napkin distribution facility is available in the College.",null,null,0,"",0.25,"",{"$f":"IF(OR(H184=\"\",H184=\"NO\"),$L$5,\"\")","v":""},"","","",{"$f":"IF(H184=\"YES\",$P$5,\"\")","v":""},null,null,null,null,null,null,null,null,null,null,{"$f":"IF(OR(AND(AE184=\"YES\",AF184=\"PHYSICALLY VERIFIED\"),AND(AE184=\"YES\",AF184=\"DOCUMENT VERIFIED\"),AND(AE184=\"YES\",'Basic Details'!$D$31=\"Self Assessment\"),AND(AE184=\"YES\",'Basic Details'!$D$31=\"Draft\")),1*IF(BB184=\"ERROR INPUT\",0+1,1),0)","v":0},null,{"$f":"IF(AB184=\"\",\"\",\"-\")","v":""},null,null,null,null,null,null,null,null,null,null,null,null,null,null,null,null,null,null,null,null,null,null,null,null,null,null,"No",null,null,null,"Yes",null,null,null,null,"F-5",173,4,0.25,1,0]
[null,null,174,null,"Whether the college prepares Institutional Development Plan.",null,null,{"$f":"IF(F185=\"No\",0,IF(F185=\"annual\",1,IF(F185=\"5-Yearly\",2,0)))","v":0},{"$f":"IF(F185=\"\",\"\",SUM(L185:P185))","v":""},0.25,"",{"$f":"IF($H185<$S185,$L$5,\"\")","v":""},{"$f":"IF(AND($H185<$U185,$H185>$R185),$M$5,\"\")","v":""},{"$f":"IF(AND($H185<$W185,$H185>$T185),$N$5,\"\")","v":""},{"$f":"IF(AND($H185<$Y185,$H185>$V185),$O$5,\"\")","v":""},{"$f":"IF(AND($H185<Z185,H185>X185),$P$5,\"\")","v":""},0,0,0,0,1,1,2,1,2,100,{"$f":"IF(OR(AND(AE185=\"YES\",AF185=\"PHYSICALLY VERIFIED\"),AND(AE185=\"YES\",AF185=\"DOCUMENT VERIFIED\"),AND(AE185=\"YES\",'Basic Details'!$D$31=\"Self Assessment\"),AND(AE185=\"YES\",'Basic Details'!$D$31=\"Draft\")),1*IF(BB185=\"ERROR INPUT\",0+1,1),0)","v":0},null,{"$f":"IF(AB185=\"\",\"\",\"-\")","v":""},null,null,null,null,null,null,null,null,null,null,null,null,null,null,null,null,null,null,null,null,null,null,null,null,null,null,"No",null,"Annual",null,"5-Yearly",null,null,null,null,"F-5",174,4,0.25,1,0]
[null,null,175,null,"Whether minutes of meetings of IQAC and ATR are uploaded on website.",null,null,{"$f":"+F186","v":0},{"$f":"IF(F186=\"\",\"\",SUM(L186:P186))","v":""},0.25,{"$f":"IF(I186=\"\",\"\",+I186*J186*AA186)","v":""},{"$f":"IF(OR(H186=\"\",H186=\"NO\"),$L$5,\"\")","v":""},{"$f":"IF(AND($H186<$U186%,$H186>$R186%),$M$5,\"\")","v":""},{"$f":"IF(AND($H186<$W186%,$H186>$T186%),$N$5,\"\")","v":""},{"$f":"IF(AND($H186<$Y186%,$H186>$V186%),$O$5,\"\")","v":""},{"$f":"IF(H186=\"YES\",$P$5,\"\")","v":""},null,null,null,null,null,null,null,null,null,null,{"$f":"IF(OR(AND(AE186=\"YES\",AF186=\"PHYSICALLY VERIFIED\"),AND(AE186=\"YES\",AF186=\"DOCUMENT VERIFIED\"),AND(AE186=\"YES\",'Basic Details'!$D$31=\"Self Assessment\"),AND(AE186=\"YES\",'Basic Details'!$D$31=\"Draft\")),1*IF(BB186=\"ERROR INPUT\",0+1,1),0)","v":0},null,{"$f":"IF(AB186=\"\",\"\",\"-\")","v":""},null,null,null,null,null,null,null,null,null,null,null,null,null,null,null,null,null,null,null,null,null,null,null,null,null,null,"No",null,null,null,"Yes",null,null,null,null,"F-5",175,4,0.25,1,0]
[null,null,176,null,"Whether Course Outcomes (COs), Programme Outcomes (POs), Programme Specific Outcomes (PSOs) are displayed and learning outcomes are maintained annually.",null,null,{"$f":"+F187","v":0},"",0.25,"",{"$f":"IF(OR(H187=\"\",H187=\"NO\"),$L$5,\"\")","v":""},"","","",{"$f":"IF(H187=\"YES\",$P$5,\"\")","v":""},null,null,null,null,null,null,null,null,null,null,{"$f":"IF(OR(AND(AE187=\"YES\",AF187=\"PHYSICALLY VERIFIED\"),AND(AE187=\"YES\",AF187=\"DOCUMENT VERIFIED\"),AND(AE187=\"YES\",'Basic Details'!$D$31=\"Self Assessment\"),AND(AE187=\"YES\",'Basic Details'!$D$31=\"Draft\")),1*IF(BB187=\"ERROR INPUT\",0+1,1),0)","v":0},null,"",null,null,null,null,null,null,null,null,null,null,null,null,null,null,null,null,null,null,null,null,null,null,null,null,null,null,"No",null,null,null,"Yes",null,null,null,null,"F-5",176,4,0.25,1,0,{"$f":"SUM(BP165:BP187)","v":7.5},{"$f":"SUM(BR165:BR187)","v":0},{"$f":"SUM(BQ165:BQ187)","v":30},{"$f":"SUM(BS142:BS187)","v":14},{"$f":"SUM(BT142:BT187)","v":0},{"$f":"SUM(BU142:BU187)","v":56}]
[]
[{"$f":"+'Result KeyFactorwise AAP'!A26:C26","v":"1. , Principal, , , Mobile No. : "},null,null,null,null,{"$f":"+'Result KeyFactorwise AAP'!D26","v":"Team Leader"}]
[{"$f":"+'Result KeyFactorwise AAP'!A27:C27","v":"2. , Associate Professor, , , Mobile No. : "},null,null,null,null,"Co-in-Charge"]
[{"$f":"+'Result KeyFactorwise AAP'!A28:C28","v":"3. , Assistant Professor, , , Mobile No. : "},null,null,null,null,{"$f":"+'Result KeyFactorwise AAP'!D28","v":"Member"}]
["Despatch No. and Date :"]
[{"$f":"+'Result KeyFactorwise AAP'!A30:D30","v":", Principal, ,  Mobile No. : "}]

{"sheet":"Result KeyFactorwise","index":5,"n_rows":24,"n_cols":8,"rows_kept":24,"cut":false,"hidden":false,"merged":[[0,0,0,5],[1,0,1,5],[15,0,16,0],[17,0,21,0],[2,0,2,5],[4,0,8,0],[9,0,10,0],[11,0,12,0],[13,0,14,0]]}
[{"$f":"+Result!B1","v":" "}]
[{"$f":"+Input!A2","v":"Assessment Matrix for Annual Auditing Programe : 2022 Report"}]
[{"$f":"+Result!B3","v":"Inspection Phase : (Draft) for Session :  and Inspection Dates : -- and --"}]
["Crteria","Key Factors Criteria","Maximum Weighted Credits Possible","Actual Weighted Credits","Maximum Weighted Credits","Percentage of Actual with Maximum",null,"Delete Input Values Key Factor "]
["A. Teaching  and  Learning","A-1 Student Strength",{"$f":"+E5","v":14},{"$f":"+'Result KeyFactorwise AAP'!D5","v":0},{"$f":"+'Result KeyFactorwise AAP'!E5","v":14},{"$f":"IF(D5=0,\"\",ROUND(D5/C5*100,2))","v":""}]
[null,"A-2 Inclusivity",{"$f":"+E6","v":13},{"$f":"+'Result KeyFactorwise AAP'!D6","v":0},{"$f":"+'Result KeyFactorwise AAP'!E6","v":13},""]
[null,"A-3 Choices",26,{"$f":"+'Result KeyFactorwise AAP'!D7","v":0},{"$f":"+'Result KeyFactorwise AAP'!E7","v":26},""]
[null,"A-4 Faculty-Portrayal",46,{"$f":"+'Result KeyFactorwise AAP'!D8","v":0},{"$f":"+'Result KeyFactorwise AAP'!E8","v":46},""]
[null,"A-5 Student performance and learning outcomes",26,{"$f":"+'Result KeyFactorwise AAP'!D9","v":0},{"$f":"+'Result KeyFactorwise AAP'!E9","v":26},""]
["B. Research and Professional Practices","B-1 Research Output",58,{"$f":"+'Result KeyFactorwise AAP'!D10","v":0},{"$f":"+'Result KeyFactorwise AAP'!E10","v":58},""]
[null,"B-2 Academic Enrichment",16,{"$f":"+'Result KeyFactorwise AAP'!D11","v":0},{"$f":"+'Result KeyFactorwise AAP'!E11","v":16},""]
["C. Infrastructure and Learning Resources","C-1 Physical Assets",57,{"$f":"+'Result KeyFactorwise AAP'!D12","v":0},{"$f":"+'Result KeyFactorwise AAP'!E12","v":57},"",null,"C"]
[null,"C-2 Office Setup",11,{"$f":"+'Result KeyFactorwise AAP'!D13","v":0},{"$f":"+'Result KeyFactorwise AAP'!E13","v":11},""]
["D. Student Support and participation","D-1 Learning Support",15,{"$f":"+'Result KeyFactorwise AAP'!D14","v":0},{"$f":"+'Result KeyFactorwise AAP'!E14","v":15},"",null,"D"]
[null,"D-2 Counseling and Mentoring",39,{"$f":"+'Result KeyFactorwise AAP'!D15","v":0},{"$f":"+'Result KeyFactorwise AAP'!E15","v":39},""]
["E. Financial Resources and Utilisation","E-1 Financial Management",16,{"$f":"+'Result KeyFactorwise AAP'!D16","v":0},{"$f":"+'Result KeyFactorwise AAP'!E16","v":16},""]
[null,"E-2 Self Financing Efforts",5,{"$f":"+'Result KeyFactorwise AAP'!D17","v":0},{"$f":"+'Result KeyFactorwise AAP'!E17","v":5},""]
["F. Commitment, Leadership and Management","F-1 Societal Footprint",5,{"$f":"+'Result KeyFactorwise AAP'!D18","v":0},{"$f":"+'Result KeyFactorwise AAP'!E18","v":5},""]
[null,"F-2 Innovations",10,{"$f":"+'Result KeyFactorwise AAP'!D19","v":0},{"$f":"+'Result KeyFactorwise AAP'!E19","v":10},""]
[null,"F-3 Effective Implementatin of Govt. Schemes",6,{"$f":"+'Result KeyFactorwise AAP'!D20","v":0},{"$f":"+'Result KeyFactorwise AAP'!E20","v":6},""]
[null,"F-4 Strengthening the bond",7,{"$f":"+'Result KeyFactorwise AAP'!D21","v":0},{"$f":"+'Result KeyFactorwise AAP'!E21","v":7},""]
[null,"F-5 Institutional Values and Best Pratices",30,{"$f":"+'Result KeyFactorwise AAP'!D22","v":0},{"$f":"+'Result KeyFactorwise AAP'!E22","v":30},""]
[null,"TOTAL",{"$f":"IF(SUM(C5:C22)=0,\"\",SUM(C5:C22))","v":400},{"$f":"IF(SUM(D5:D22)=0,\"\",SUM(D5:D22))","v":""}]
[null,"Average",{"$f":"IF(C23=\"\",\"\",ROUND(C23/4,2))","v":100},{"$f":"IF(D23=\"\",\"\",ROUND(D23/4,4))","v":""}]

{"sheet":"Result","index":6,"n_rows":12,"n_cols":10,"rows_kept":12,"cut":false,"hidden":false,"merged":[[0,1,0,5],[1,1,1,5],[2,1,2,5]]}
[null,{"$f":"+'Result AAP'!B1:G1","v":" "}]
[null,{"$f":"+Input!A2","v":"Assessment Matrix for Annual Auditing Programe : 2022 Report"}]
[null,{"$f":"+Input!A3","v":"Inspection Phase : (Draft) for Session :  and Inspection Dates : -- and --"}]
[null,"Performance Criteria","Maximum Weighted Credits Possible","Actual Weighted Credits","Maximum Weighted Credits","Percentage of Actual with Maximum",null,null,null,"Delete Input Values Performance Criteria"]
[null,{"$f":"+Input!A7","v":"A. Teaching and Learning"},{"$f":"+E5","v":125},{"$f":"+'Result AAP'!D5","v":0},{"$f":"+'Result AAP'!E5","v":125},{"$f":"IF(D5=\"\",\"\",ROUND(D5/C5*100,2))","v":0},null,null,null,"A"]
[null,{"$f":"+Input!A49","v":"B. Research and Professional Practices"},{"$f":"+E6","v":74},{"$f":"+'Result AAP'!D6","v":0},{"$f":"+'Result AAP'!E6","v":74},0,null,null,null,"B"]
[null,{"$f":"+Input!A65","v":"C. Infrastructure and Learning Resources"},68,{"$f":"+'Result AAP'!D7","v":0},{"$f":"+'Result AAP'!E7","v":68},0,null,null,null,"C"]
[null,{"$f":"+Input!A94","v":"D. Student Support and participation"},54,{"$f":"+'Result AAP'!D8","v":0},{"$f":"+'Result AAP'!E8","v":54},0,null,null,null,"D"]
[null,{"$f":"+Input!A133","v":"E. Financial Resources and Utilisation"},21,{"$f":"+'Result AAP'!D9","v":0},{"$f":"+'Result AAP'!E9","v":21},0,null,null,null,"E"]
[null,{"$f":"+Input!A142","v":"F. Commitment, Leadership and Management"},58,{"$f":"+'Result AAP'!D10","v":0},{"$f":"+'Result AAP'!E10","v":58},0,null,null,null,"F"]
[null,"TOTAL",{"$f":"IF(SUM(C5:C10)=0,\"\",SUM(C5:C10))","v":400},{"$f":"IF(SUM(D5:D10)=0,\"\",SUM(D5:D10))","v":""},{"$f":"IF(SUM(E5:E10)=0,\"\",SUM(E5:E10))","v":400}]
[null,"Average",{"$f":"IF(C11=\"\",\"\",ROUND(C11/4,2))","v":100},{"$f":"IF(D11=\"\",\"\",ROUND(D11/4,4))","v":""}]

{"sheet":"Scoring Rules","index":7,"n_rows":193,"n_cols":78,"rows_kept":193,"cut":false,"hidden":false,"merged":[[0,35,3,35],[1,0,1,29],[1,30,1,33],[2,0,2,29],[2,30,3,33],[2,34,3,34],[3,0,3,29],[4,0,5,0],[4,1,5,1],[4,2,5,2],[4,3,5,3],[4,4,5,4],[4,5,5,6],[0,0,0,29],[0,30,0,33],[0,34,1,34],[4,13,5,13],[4,14,5,14],[4,15,5,15],[4,16,4,25],[4,27,5,29],[4,30,5,30],[4,7,5,7],[4,8,5,8],[4,9,5,9],[4,10,5,10],[4,11,5,11],[4,12,5,12],[4,31,5,31],[4,32,5,32],[4,33,5,52],[4,53,5,53],[4,55,4,59],[5,16,5,17],[5,18,5,19],[5,20,5,21],[5,22,5,23],[5,24,5,25],[9,33,9,52],[10,33,10,52],[11,33,11,52],[12,33,12,52],[13,33,13,52],[14,33,14,52],[6,0,16,0],[6,1,7,1],[6,33,6,52],[7,33,7,52],[8,1,16,1],[8,2,9,2],[8,3,9,3],[8,9,9,9],[8,33,8,52],[9,5,9,6],[15,33,15,52],[16,33,16,52],[17,0,25,0],[17,1,18,1],[17,33,17,52],[18,33,18,52],[19,1,25,1],[19,5,19,6],[19,33,19,52],[20,5,20,6],[24,33,24,52],[25,5,25,6],[25,33,25,51],[26,5,26,6],[26,33,26,51],[27,33,27,51],[28,33,28,51],[29,33,29,51],[20,33,20,52],[21,5,21,6],[21,33,21,52],[22,5,22,6],[22,33,22,52],[23,33,23,52],[33,1,34,1],[33,33,33,52],[34,33,34,52],[35,0,43,0],[35,1,43,1],[35,33,35,52],[36,33,36,52],[37,33,37,52],[38,33,38,52],[39,33,39,52],[26,0,34,0],[26,1,32,1],[30,5,30,6],[30,33,30,51],[31,5,31,6],[31,33,31,51],[32,5,32,6],[32,33,32,51],[47,33,47,52],[48,0,51,0],[48,1,51,1],[48,33,48,52],[49,33,49,52],[50,33,50,52],[51,33,51,52],[40,33,40,52],[41,33,41,52],[42,33,42,51],[43,33,43,51],[44,0,47,0],[44,1,47,1],[44,33,44,52],[45,33,45,52],[46,33,46,52],[47,5,47,6],[52,0,56,0],[52,1,56,1],[52,33,52,52],[53,33,53,52],[54,5,54,6],[54,33,54,52],[55,5,55,6],[55,33,55,52],[56,5,56,6],[56,33,56,52],[57,0,63,0],[57,33,57,52],[58,5,58,6],[58,33,58,52],[59,1,63,1],[59,33,59,52],[60,33,60,52],[61,5,61,6],[61,33,61,52],[62,5,62,6],[68,33,68,52],[69,33,69,52],[70,33,70,52],[71,33,71,52],[72,5,72,6],[72,33,72,52],[62,33,62,51],[63,5,63,6],[63,33,63,51],[64,5,64,6],[64,33,64,52],[65,33,65,52],[66,33,66,52],[67,33,67,52],[73,5,73,6],[73,33,73,52],[74,0,83,0],[74,1,83,1],[74,5,74,6],[74,33,74,52],[75,5,75,6],[75,33,75,52],[76,33,76,52],[77,5,77,6],[64,0,73,0],[64,1,73,1],[81,5,81,6],[81,33,81,52],[82,5,82,6],[82,33,82,52],[83,5,83,6],[83,33,83,52],[77,33,77,52],[78,33,78,52],[79,5,79,6],[79,33,79,52],[80,5,80,6],[80,33,80,52],[88,33,88,52],[89,1,92,1],[89,33,89,52],[90,33,90,52],[91,5,91,6],[91,33,91,52],[92,5,92,6],[92,33,92,52],[84,0,92,0],[84,1,88,1],[84,33,84,52],[85,5,85,6],[85,33,85,52],[86,5,86,6],[86,33,86,52],[87,5,87,6],[87,33,87,52],[88,5,88,6],[98,5,98,6],[98,33,98,52],[99,33,99,52],[100,5,100,6],[100,33,100,52],[101,5,101,6],[101,33,101,52],[93,0,103,0],[93,1,103,1],[93,5,93,6],[93,33,93,52],[94,5,94,6],[94,33,94,52],[95,5,95,6],[95,33,95,52],[96,33,96,52],[97,33,97,52],[102,33,102,52],[103,5,103,6],[103,33,103,52],[104,0,112,0],[104,1,112,1],[104,33,104,52],[105,5,105,6],[105,33,105,52],[106,5,106,6],[106,33,106,52],[110,5,110,6],[110,33,110,52],[111,5,111,6],[111,33,111,52],[112,5,112,6],[112,33,112,52],[107,5,107,6],[107,33,107,52],[108,5,108,6],[108,33,108,52],[109,5,109,6],[109,33,109,52],[117,5,117,6],[117,33,117,52],[118,5,118,6],[118,33,118,52],[119,5,119,6],[119,33,119,52],[113,0,121,0],[113,1,121,1],[113,5,113,6],[113,33,113,52],[114,5,114,6],[114,33,114,52],[115,5,115,6],[115,33,115,52],[116,5,116,6],[116,33,116,52],[120,5,120,6],[120,33,120,52],[121,5,121,6],[121,33,121,52],[122,0,131,0],[122,1,131,1],[122,5,122,6],[122,33,122,52],[123,5,123,6],[123,33,123,52],[127,5,127,6],[127,33,127,52],[128,5,128,6],[128,33,128,52],[129,5,129,6],[129,33,129,52],[124,5,124,6],[124,33,124,52],[125,5,125,6],[125,33,125,52],[126,5,126,6],[126,33,126,52],[130,5,130,6],[130,33,130,52],[131,5,131,6],[131,33,131,52],[132,0,140,0],[132,1,135,1],[132,33,132,52],[133,33,133,52],[134,33,134,52],[135,5,135,6],[135,33,135,52],[136,1,140,1],[136,5,136,6],[136,33,136,52],[137,5,137,6],[137,33,137,52],[138,5,138,6],[138,33,138,52],[139,5,139,6],[139,33,139,52],[140,5,140,6],[140,33,140,52],[144,5,144,6],[144,33,144,51],[145,1,148,1],[145,5,145,6],[145,33,145,52],[146,5,146,6],[146,33,146,52],[147,5,147,6],[147,33,147,52],[148,5,148,6],[152,33,152,52],[153,5,153,6],[153,33,153,52],[154,33,154,52],[155,5,155,6],[155,33,155,52],[148,33,148,52],[149,0,155,0],[149,1,151,1],[149,5,149,6],[149,33,149,52],[150,5,150,6],[150,33,150,52],[151,33,151,52],[152,1,155,1],[152,5,152,6],[141,0,148,0],[141,1,144,1],[141,5,141,6],[141,33,141,52],[142,5,142,6],[142,33,142,52],[143,5,143,6],[143,33,143,52],[160,5,160,6],[160,33,160,52],[161,5,161,6],[161,33,161,52],[162,5,162,6],[162,33,162,52],[156,0,164,0],[156,5,156,6],[156,33,156,52],[157,1,163,1],[157,5,157,6],[157,33,157,52],[158,5,158,6],[158,33,158,52],[159,5,159,6],[159,33,159,52],[163,5,163,6],[163,33,163,52],[164,5,164,6],[164,33,164,52],[165,17,166,17],[165,18,166,18],[165,19,166,19],[165,8,166,8],[165,9,166,9],[165,10,166,10],[165,11,166,11],[165,12,166,12],[165,13,166,13],[165,14,166,14],[165,15,166,15],[165,16,166,16],[165,28,166,28],[165,29,166,29],[165,30,166,30],[165,31,166,31],[165,20,166,20],[165,21,166,21],[165,22,166,22],[165,23,166,23],[165,24,166,24],[165,25,166,25],[165,69,166,69],[167,2,168,2],[167,3,168,3],[167,5,168,6],[167,7,168,7],[167,8,168,8],[167,9,168,9],[167,10,168,10],[167,11,168,11],[167,12,168,12],[165,58,166,58],[165,59,166,59],[165,64,166,64],[165,66,166,66],[165,67,166,67],[165,68,166,68],[165,32,166,32],[165,33,166,52],[165,53,166,53],[165,55,166,55],[165,56,166,56],[165,57,166,57],[165,26,166,26],[165,27,166,27],[167,19,168,19],[167,20,168,20],[167,21,168,21],[167,22,168,22],[167,23,168,23],[167,24,168,24],[167,13,168,13],[167,14,168,14],[167,15,168,15],[167,16,168,16],[167,17,168,17],[167,18,168,18],[167,68,168,68],[167,69,168,69],[169,5,169,6],[169,33,169,52],[170,5,170,6],[170,33,170,52],[167,57,168,57],[167,58,168,58],[167,59,168,59],[167,64,168,64],[167,66,168,66],[167,67,168,67],[167,31,168,31],[167,32,168,32],[167,33,168,52],[167,53,168,53],[167,55,168,55],[167,56,168,56],[167,25,168,25],[167,26,168,26],[167,27,168,27],[167,28,168,28],[167,29,168,29],[167,30,168,30],[171,33,171,52],[172,0,181,0],[172,1,181,1],[172,5,172,6],[172,33,172,52],[173,33,173,52],[174,5,174,6],[174,33,174,52],[175,5,175,6],[181,33,181,52],[165,0,171,0],[165,1,171,1],[165,2,166,2],[165,3,166,3],[165,5,166,6],[165,7,166,7],[171,5,171,6],[182,0,186,0],[182,1,186,1],[182,5,182,6],[182,33,182,52],[183,5,183,6],[175,33,175,52],[176,5,176,6],[176,33,176,52],[177,33,177,52],[178,5,178,6],[178,33,178,52],[0,55,3,59],[190,0,190,4],[190,5,190,6],[190,8,190,29],[191,0,191,29],[192,0,192,6],[192,8,192,29],[188,0,188,4],[188,5,188,6],[188,8,188,29],[189,0,189,4],[189,5,189,6],[189,8,189,29],[183,33,183,52],[184,5,184,6],[184,33,184,52],[185,5,185,6],[185,33,185,52],[186,5,186,6],[186,33,186,52],[179,33,179,52],[180,5,180,6],[180,33,180,52],[181,5,181,6]]}
[null,null,null,null,null,null,null,null,null,null,null,null,null,null,null,null,null,null,null,null,null,null,null,null,null,null,null,null,null,null,"PRADEEP MODI",null,null,null,"AAP Version B  : 20220313",123456,null,null,null,null,null,null,{"$f":"IF(LEFT($AJ$1,1)=\"\",0,INT(LEFT($AJ$1,1)))","v":1},{"$f":"IF(MID($AJ$1,5,1)=\"\",0,INT(MID($AJ$1,5,1)))","v":5},{"$f":"IF(SUM(AT1:AZ4)<>600,0,21)","v":21},{"$f":"IF(COUNTIF($AQ$1:$AR$4,\"=1\")=1,100,0)","v":100},null,null,null,null,null,{"$f":"IF(COUNTIF($AQ$1:$AR$4,\"=5\")=1,100,0)","v":100},null,null,null,"Scoring Rules"]
["Assessment Matrix for Annual Auditing Programme (Revised) - For Private Colleges",null,null,null,null,null,null,null,null,null,null,null,null,null,null,null,null,null,null,null,null,null,null,null,null,null,null,null,null,null,9413307717,null,null,null,null,null,null,null,null,null,null,null,{"$f":"IF(MID($AJ$1,2,1)=\"\",0,INT(MID($AJ$1,2,1)))","v":2},{"$f":"IF(RIGHT($AJ$1,1)=\"\",0,INT(RIGHT($AJ$1,1)))","v":6},null,{"$f":"IF(COUNTIF($AQ$1:$AR$4,\"=2\")=1,100,0)","v":100},null,null,null,null,null,{"$f":"IF(COUNTIF($AQ$1:$AR$4,\"=6\")=1,100,0)","v":100},null,null,null,null,null,null,null,null,null,null,null,null,null,null,null,null,null,null,null,null,null,null,null,null,null,"Assessment Matrix for Annual Auditing Programme (Revised) - For Private Colleges"]
[null,null,null,null,null,null,null,null,null,null,null,null,null,null,null,null,null,null,null,null,null,null,null,null,null,null,null,null,null,null,"pradeepjimodi@gmail.com",null,null,null,null,null,null,null,null,null,null,null,{"$f":"IF(MID($AJ$1,3,1)=\"\",0,INT(MID($AJ$1,3,1)))","v":3},null,null,{"$f":"IF(COUNTIF($AQ$1:$AR$4,\"=3\")=1,100,0)","v":100}]
["Detailed Rules for Scoring Credits with Weightage",null,null,null,null,null,null,null,null,null,null,null,null,null,null,null,null,null,null,null,null,null,null,null,null,null,null,null,null,null,null,null,null,null,null,null,null,null,null,null,null,null,{"$f":"IF(MID($AJ$1,4,1)=\"\",0,INT(MID($AJ$1,4,1)))","v":4},null,null,{"$f":"IF(COUNTIF($AQ$1:$AR$4,\"=4\")=1,100,0)","v":100},null,null,null,null,null,null,null,null,null,null,null,null,null,null,null,null,null,null,null,null,null,null,null,null,null,null,null,null,null,null,null,"Detailed Rules for Scoring Credits with Weightage"]
["Crtieria","Key Indicators","SN","S. No. old","Parameters","Input Values",null,"Percentage or Ratio points","Credits","Weights","Weighted Credits",0,1,2,3,4,"Credits",null,null,null,null,null,null,null,null,null,null,"Supporting Documents Seq. Number",null,null,"Proof Available ?","Team Verification",null,"Supporting Documents/Proofs",null,null,null,null,null,null,null,null,null,null,null,null,null,null,null,null,null,null,null,"Error Message",null,"Credits"]
[null,null,null,null,null,null,null,null,null,null,null,null,null,null,null,null,0,null,1,null,2,null,3,null,4,null,null,null,null,null,null,null,null,null,null,null,null,null,null,null,null,null,null,null,null,null,null,null,null,null,null,null,null,null,null,0,1,2,3,4,null,null,null,null,null,null,{"$f":"SUM(BO7:BO187)","v":716},100.25,401,0,93.25,0,373,93.25,0,373]
["A. Teaching and Learning","A-1 Student Strength",1,1,"Actual Student Strength as percentage of Sanctioned Strength.",null,null,{"$f":"IF(F7=\"\",\"\",ROUND(F7/G7,4))","v":""},{"$f":"IF(OR(F7=\"\",G7=\"\",G7=0),\"\",SUM(L7:P7))","v":""},2,{"$f":"IF(I7=\"\",\"\",+I7*J7*AA7)","v":""},{"$f":"IF($H7<$S7%,$L$5,\"\")","v":""},{"$f":"IF(AND($H7<$U7%,$H7>$R7%),$M$5,\"\")","v":""},{"$f":"IF(AND($H7<$W7%,$H7>$T7%),$N$5,\"\")","v":""},{"$f":"IF(AND($H7<$Y7%,$H7>$V7%),$O$5,\"\")","v":""},{"$f":"IF(AND($H7<Z7%,H7>X7%),$P$5,\"\")","v":""},0,20,20.0001,40,40.000100000000003,60,60.000100000000003,80,80.000100000000003,10000,{"$f":"IF(OR(AND(AE7=\"YES\",AF7=\"PHYSICALLY VERIFIED\"),AND(AE7=\"YES\",AF7=\"DOCUMENT VERIFIED\"),AND(AE7=\"YES\",'Basic Details'!$D$31=\"Self Assessment\"),AND(AE7=\"YES\",'Basic Details'!$D$31=\"Draft\")),1*IF(BB7=\"ERROR INPUT\",0+1,1),0)","v":0},0,{"$f":"IF(AB7=\"\",\"\",\"-\")","v":"-"},0,null,null,null,"College Statistical booklet / AISHE DCF / Online data verified from nodal login",null,null,null,null,null,null,null,null,null,null,null,null,null,null,null,null,null,null,null,{"$f":"IF(F7>G7,\"ERROR INPUT\",\"\")","v":""},null,"0-20","20-40","40-60","60-80","80-100",null,null,null,null,"A-1",{"$f":"+C7","v":1},4,{"$f":"+J7","v":2},{"$f":"+BO7*BP7","v":8},{"$f":"IF(K7=\"\",0,+K7)","v":0}]
[null,null,{"$f":"1+C7","v":2},1,"No. of Applications received as the ratio of Sanctioned seats in UG Part-I and PG (Prev. ).",null,null,{"$f":"IF(F8=0,\"\",ROUND(F8/G8,4))","v":""},{"$f":"IF(OR(F8=\"\",G8=\"\",G8=0),\"\",SUM(L8:P8))","v":""},1.5,{"$f":"IF(I8=\"\",\"\",+I8*J8*AA8)","v":""},{"$f":"IF($H8<$S8,$L$5,\"\")","v":""},{"$f":"IF(AND($H8<$U8,$H8>$R8),$M$5,\"\")","v":""},{"$f":"IF(AND($H8<$W8,$H8>$T8),$N$5,\"\")","v":""},{"$f":"IF(AND($H8<$Y8,$H8>$V8),$O$5,\"\")","v":""},{"$f":"IF(AND($H8<Z8,H8>X8),$P$5,\"\")","v":""},0,0.19989999999999999,0.2,0.99990000000000001,1,1.4999,1.5,1.9999,2,10000,{"$f":"IF(OR(AND(AE8=\"YES\",AF8=\"PHYSICALLY VERIFIED\"),AND(AE8=\"YES\",AF8=\"DOCUMENT VERIFIED\"),AND(AE8=\"YES\",'Basic Details'!$D$31=\"Self Assessment\"),AND(AE8=\"YES\",'Basic Details'!$D$31=\"Draft\")),1*IF(BB8=\"ERROR INPUT\",0+1,1),0)","v":0},null,{"$f":"IF(AB8=\"\",\"\",\"-\")","v":""},null,null,null,null,"From College Admission Nodal login",null,null,null,null,null,null,null,null,null,null,null,null,null,null,null,null,null,null,null,null,null,"0.0-0.2","0.2-1.0","1.0-1.5","1.5-2.0","2.0 & Above",null,null,null,null,"A-1",2,4,{"$f":"+J8","v":1.5},{"$f":"+BO8*BP8","v":6},{"$f":"IF(K8=\"\",0,+K8)","v":0},{"$f":"+BP8+BP7","v":3.5},{"$f":"+BR8+BR7","v":0},{"$f":"+BQ8+BQ7","v":14}]
[null,"A-2 Inclusivity",{"$f":"1+C8","v":3},1,"Percentage of Girls in case of (a) Co Ed. College.",null,{"$f":"IF(F10=\"yes\",\"\",IF(F9=\"\",\"\",+$F$7))","v":""},{"$f":"IF(F9=\"\",\"\",ROUND(F9/G9,4))","v":""},{"$f":"IF(OR(F9=\"\",G9=\"\",G9=0),\"\",IF(F10=\"yes\",0,SUM(L9:P9)))","v":""},1,{"$f":"IF(I9=\"\",\"\",+I9*J9*AA9)","v":""},{"$f":"IF($H9<$S9%,$L$5,\"\")","v":""},{"$f":"IF(AND($H9<$U9%,$H9>$R9%),$M$5,\"\")","v":""},{"$f":"IF(AND($H9<$W9%,$H9>$T9%),$N$5,\"\")","v":""},{"$f":"IF(AND($H9<$Y9%,$H9>$V9%),$O$5,\"\")","v":""},{"$f":"IF(AND($H9<Z9%,H9>X9%),$P$5,\"\")","v":""},0,9.9990000000000006,10,19.998999999999999,20,29.998999999999999,30,49.999000000000002,50,10000,{"$f":"IF(OR(AND(AE9=\"YES\",AF9=\"PHYSICALLY VERIFIED\"),AND(AE9=\"YES\",AF9=\"DOCUMENT VERIFIED\"),AND(AE9=\"YES\",'Basic Details'!$D$31=\"Self Assessment\"),AND(AE9=\"YES\",'Basic Details'!$D$31=\"Draft\")),1*IF(BB9=\"ERROR INPUT\",0+1,1),0)","v":0},null,"",null,null,null,null,"College Statistical booklet/AISHE DCF / Online data verified from nodal login",null,null,null,null,null,null,null,null,null,null,null,null,null,null,null,null,null,null,null,{"$f":"IF(F9>G9,\"ERROR INPUT\",\"\")","v":""},null,"0-10","10-20","20-30","30-50","50 & Above",null,null,null,null,"A-2",3,4,1,4,0]
[null,null,4,null,"Percentage of Girls in case of  (b) Girls College.",null,null,{"$f":"+F10","v":0},{"$f":"IF(I7=\"\",\"\",IF(H10=\"\",0,SUM(L10:P10)))","v":""},null,{"$f":"IF(I10=\"\",\"\",+I10*J9*AA10)","v":""},{"$f":"IF(OR(H10=\"\",H10=\"NO\"),$L$5,\"\")","v":""},{"$f":"IF(AND($H10<$U10%,$H10>$R10%),$M$5,\"\")","v":""},{"$f":"IF(AND($H10<$W10%,$H10>$T10%),$N$5,\"\")","v":""},{"$f":"IF(AND($H10<$Y10%,$H10>$V10%),$O$5,\"\")","v":""},{"$f":"IF(H10=\"YES\",$P$5,\"\")","v":""},null,null,null,null,null,null,null,null,null,null,{"$f":"IF(OR(AND(AE10=\"YES\",AF10=\"PHYSICALLY VERIFIED\"),AND(AE10=\"YES\",AF10=\"DOCUMENT VERIFIED\"),AND(AE10=\"YES\",'Basic Details'!$D$31=\"Self Assessment\"),AND(AE10=\"YES\",'Basic Details'!$D$31=\"Draft\")),1*IF(BB10=\"ERROR INPUT\",0+1,1),0)","v":0},null,"",null,null,null,null,"College Statistical booklet/AISHE DCF / Online data verified from nodal login",null,null,null,null,null,null,null,null,null,null,null,null,null,null,null,null,null,null,null,null,null,"NO",null,null,null,"Yes",null,null,null,null,"A-2",4,4,0,0,0]
[null,null,{"$f":"1+C9","v":4},1,"Percentage of SC.",null,{"$f":"IF(F11=\"\",\"\",+$F$7)","v":""},{"$f":"IF(F11=\"\",\"\",ROUND(F11/G11,4))","v":""},{"$f":"IF(OR(F11=\"\",G11=\"\",G11=0),\"\",SUM(L11:P11))","v":""},0.25,{"$f":"IF(I11=\"\",\"\",+I11*J11*AA11)","v":""},{"$f":"IF($H11<$S11%,$L$5,\"\")","v":""},"","","",{"$f":"IF(AND($H11<Z11%,H11>X11%),$P$5,\"\")","v":""},0,0,8.9999999999999998E-4,9.9999000000000002,10,19.998999999999999,20,29.998999999999999,30,10000,{"$f":"IF(OR(AND(AE11=\"YES\",AF11=\"PHYSICALLY VERIFIED\"),AND(AE11=\"YES\",AF11=\"DOCUMENT VERIFIED\"),AND(AE11=\"YES\",'Basic Details'!$D$31=\"Self Assessment\"),AND(AE11=\"YES\",'Basic Details'!$D$31=\"Draft\")),1*IF(BB11=\"ERROR INPUT\",0+1,1),0)","v":0},null,"",null,null,null,null,"College Statistical booklet/AISHE DCF / Online data verified from nodal login",null,null,null,null,null,null,null,null,null,null,null,null,null,null,null,null,null,null,null,{"$f":"IF(F11>G11,\"ERROR INPUT\",\"\")","v":""},null,0,"More than 0 but less than 10","10-20","20-30","30 & Above",null,null,null,null,"A-2",4,4,0.25,1,0]
[null,null,5,1,"Percentage of ST.",null,"","","",0.25,"","","","","","",0,0,8.9999999999999998E-4,9.9999000000000002,10,19.998999999999999,20,29.998999999999999,30,10000,{"$f":"IF(OR(AND(AE12=\"YES\",AF12=\"PHYSICALLY VERIFIED\"),AND(AE12=\"YES\",AF12=\"DOCUMENT VERIFIED\"),AND(AE12=\"YES\",'Basic Details'!$D$31=\"Self Assessment\"),AND(AE12=\"YES\",'Basic Details'!$D$31=\"Draft\")),1*IF(BB12=\"ERROR INPUT\",0+1,1),0)","v":0},null,"",null,null,null,null,"College Statistical booklet/AISHE DCF / Online data verified from nodal login",null,null,null,null,null,null,null,null,null,null,null,null,null,null,null,null,null,null,null,"",null,0,"More than 0 but less than 10","10-20","20-30","30 & Above",null,null,null,null,"A-2",5,4,0.25,1,0]
[null,null,6,1,"Percentage of OBC.",null,"","","",0.25,"","","","","","",0,0,8.9999999999999998E-4,14.999000000000001,15,29.998999999999999,30,44.999000000000002,45,10000,{"$f":"IF(OR(AND(AE13=\"YES\",AF13=\"PHYSICALLY VERIFIED\"),AND(AE13=\"YES\",AF13=\"DOCUMENT VERIFIED\"),AND(AE13=\"YES\",'Basic Details'!$D$31=\"Self Assessment\"),AND(AE13=\"YES\",'Basic Details'!$D$31=\"Draft\")),1*IF(BB13=\"ERROR INPUT\",0+1,1),0)","v":0},null,"",null,null,null,null,"College Statistical booklet/AISHE DCF / Online data verified from nodal login",null,null,null,null,null,null,null,null,null,null,null,null,null,null,null,null,null,null,null,"",null,0,"More than 0 but less than 15","15-20","30-45","45 & Above",null,null,null,null,"A-2",6,4,0.25,1,0]
[null,null,7,1,"Percentage of MBC.",null,"","","",0.25,"","","","","","",0,0,8.9999999999999998E-4,1.9990000000000001,2,3.9990000000000001,4,5.9989999999999997,6,10000,{"$f":"IF(OR(AND(AE14=\"YES\",AF14=\"PHYSICALLY VERIFIED\"),AND(AE14=\"YES\",AF14=\"DOCUMENT VERIFIED\"),AND(AE14=\"YES\",'Basic Details'!$D$31=\"Self Assessment\"),AND(AE14=\"YES\",'Basic Details'!$D$31=\"Draft\")),1*IF(BB14=\"ERROR INPUT\",0+1,1),0)","v":0},null,"",null,null,null,null,"From nodal (Admission login)",null,null,null,null,null,null,null,null,null,null,null,null,null,null,null,null,null,null,null,"",null,0,"More than 0 but less than 2","2-4","4-6","6 & Above",null,null,null,null,"A-2",7,4,0.25,1,0]
[null,null,8,1,"Percentage of EWS.",null,"","","",0.25,"","","","","","",0,0,8.9999999999999998E-4,1.9990000000000001,2,3.9990000000000001,4,5.9989999999999997,6,10000,{"$f":"IF(OR(AND(AE15=\"YES\",AF15=\"PHYSICALLY VERIFIED\"),AND(AE15=\"YES\",AF15=\"DOCUMENT VERIFIED\"),AND(AE15=\"YES\",'Basic Details'!$D$31=\"Self Assessment\"),AND(AE15=\"YES\",'Basic Details'!$D$31=\"Draft\")),1*IF(BB15=\"ERROR INPUT\",0+1,1),0)","v":0},null,"",null,null,null,null,"From nodal (Admission login)",null,null,null,null,null,null,null,null,null,null,null,null,null,null,null,null,null,null,null,"",null,0,"More than 0 but less than 2","2-4","4-6","6 & Above",null,null,null,null,"A-2",8,4,0.25,1,0]
[null,null,9,1,"Percentage of Minorities.",null,"","","",0.25,"","","","","","",0,0,8.9999999999999998E-4,0.999,1,1.9990000000000001,2,2.9990000000000001,3,10000,{"$f":"IF(OR(AND(AE16=\"YES\",AF16=\"PHYSICALLY VERIFIED\"),AND(AE16=\"YES\",AF16=\"DOCUMENT VERIFIED\"),AND(AE16=\"YES\",'Basic Details'!$D$31=\"Self Assessment\"),AND(AE16=\"YES\",'Basic Details'!$D$31=\"Draft\")),1*IF(BB16=\"ERROR INPUT\",0+1,1),0)","v":0},null,"",null,null,null,null,"College Statistical booklet/AISHE DCF / Online data verified from nodal login",null,null,null,null,null,null,null,null,null,null,null,null,null,null,null,null,null,null,null,"",null,0,"More than 0 but less than 1","1-2","2-3","3 & Above",null,null,null,null,"A-2",9,4,0.25,1,0]
[null,null,10,1,"Percentage of Students from other districts.",null,"","","",0.25,"","","","","","",0,0,8.9999999999999998E-4,1.9990000000000001,2,3.9990000000000001,4,5.9989999999999997,6,10000,{"$f":"IF(OR(AND(AE17=\"YES\",AF17=\"PHYSICALLY VERIFIED\"),AND(AE17=\"YES\",AF17=\"DOCUMENT VERIFIED\"),AND(AE17=\"YES\",'Basic Details'!$D$31=\"Self Assessment\"),AND(AE17=\"YES\",'Basic Details'!$D$31=\"Draft\")),1*IF(BB17=\"ERROR INPUT\",0+1,1),0)","v":0},null,"",null,null,null,null,"From nodal (Admission login)",null,null,null,null,null,null,null,null,null,null,null,null,null,null,null,null,null,null,null,"",null,0,"More than 0 but less than 2","2-4","4-6","6 & Above",null,null,null,null,"A-2",10,4,0.25,1,0]
["A. Teaching and Learning","A-2 Inclusivity",11,1,"Percentage of BPL Students.",null,"","","",0.25,"","","","","","",0,0,8.9999999999999998E-4,9.9999000000000002,10,19.998999999999999,20,29.998999999999999,30,10000,{"$f":"IF(OR(AND(AE18=\"YES\",AF18=\"PHYSICALLY VERIFIED\"),AND(AE18=\"YES\",AF18=\"DOCUMENT VERIFIED\"),AND(AE18=\"YES\",'Basic Details'!$D$31=\"Self Assessment\"),AND(AE18=\"YES\",'Basic Details'!$D$31=\"Draft\")),1*IF(BB18=\"ERROR INPUT\",0+1,1),0)","v":0},null,"",null,null,null,null,"From nodal (Admission login)",null,null,null,null,null,null,null,null,null,null,null,null,null,null,null,null,null,null,null,"",null,0,"More than 0 but less than 10","10-20","20-30","30 & Above",null,null,null,null,"A-2",11,4,0.25,1,0]
[null,null,12,1,"Percentage of Divyang students.",null,"","","",0.25,"","","","","","",0,0,8.9999999999999998E-4,9.9000000000000005E-2,0.1,0.19989999999999999,0.2,0.2999,0.3,10000,{"$f":"IF(OR(AND(AE19=\"YES\",AF19=\"PHYSICALLY VERIFIED\"),AND(AE19=\"YES\",AF19=\"DOCUMENT VERIFIED\"),AND(AE19=\"YES\",'Basic Details'!$D$31=\"Self Assessment\"),AND(AE19=\"YES\",'Basic Details'!$D$31=\"Draft\")),1*IF(BB19=\"ERROR INPUT\",0+1,1),0)","v":0},null,"",null,null,null,null,"From AISHE DSF / From nodal (Admission login)",null,null,null,null,null,null,null,null,null,null,null,null,null,null,null,null,null,null,null,"",null,0,"More than 0 but less than 0.1","0.1-0.2","0.2-0.3","0.3 & Above",null,null,null,null,"A-2",12,4,0.25,1,0,{"$f":"SUM(BP9:BP19)","v":3.25},{"$f":"SUM(BR9:BR19)","v":0},{"$f":"SUM(BQ9:BQ19)","v":13}]
[null,"A-3 Choices",13,1,"No. of Faculties (Arts, Science, Commerce, Agriculture, Law etc.).",null,null,{"$f":"+F20","v":0},{"$f":"IF(F20=\"\",\"\",SUM(L20:P20))","v":""},0.5,"",{"$f":"IF($H20<$S20,$L$5,\"\")","v":0},{"$f":"IF(AND($H20<$U20,$H20>$R20),$M$5,\"\")","v":""},{"$f":"IF(AND($H20<$W20,$H20>$T20),$N$5,\"\")","v":""},{"$f":"IF(AND($H20<$Y20,$H20>$V20),$O$5,\"\")","v":""},{"$f":"IF(AND($H20<Z20,H20>X20),$P$5,\"\")","v":""},0,0.999,1,1.9990000000000001,2,2.9990000000000001,3,3.9990000000000001,4,10000,{"$f":"IF(OR(AND(AE20=\"YES\",AF20=\"PHYSICALLY VERIFIED\"),AND(AE20=\"YES\",AF20=\"DOCUMENT VERIFIED\"),AND(AE20=\"YES\",'Basic Details'!$D$31=\"Self Assessment\"),AND(AE20=\"YES\",'Basic Details'!$D$31=\"Draft\")),1*IF(BB20=\"ERROR INPUT\",0+1,1),0)","v":0},null,"",null,null,null,null,"College Statistical booklet/AISHE DCF / Online data verified from nodal login",null,null,null,null,null,null,null,null,null,null,null,null,null,null,null,null,null,null,null,null,null,0,1,2,3,"4 & Above",null,null,null,null,"A-3",13,4,0.5,2,0]
[null,null,14,1,"No. of Subjects offered at UG Courses.",null,null,{"$f":"+F21","v":0},{"$f":"IF(F21=\"\",\"\",SUM(L21:P21))","v":""},1,"",{"$f":"IF($H21<$S21,$L$5,\"\")","v":0},{"$f":"IF(AND($H21<$U21,$H21>$R21),$M$5,\"\")","v":""},{"$f":"IF(AND($H21<$W21,$H21>$T21),$N$5,\"\")","v":""},{"$f":"IF(AND($H21<$Y21,$H21>$V21),$O$5,\"\")","v":""},{"$f":"IF(AND($H21<Z21,H21>X21),$P$5,\"\")","v":""},0,2,3,5,6,8,9,12,13,10000,{"$f":"IF(OR(AND(AE21=\"YES\",AF21=\"PHYSICALLY VERIFIED\"),AND(AE21=\"YES\",AF21=\"DOCUMENT VERIFIED\"),AND(AE21=\"YES\",'Basic Details'!$D$31=\"Self Assessment\"),AND(AE21=\"YES\",'Basic Details'!$D$31=\"Draft\")),1*IF(BB21=\"ERROR INPUT\",0+1,1),0)","v":0},null,"",null,null,null,null,"College Statistical booklet/AISHE DCF / Online data verified from nodal login",null,null,null,null,null,null,null,null,null,null,null,null,null,null,null,null,null,null,null,null,null,0,"3-5","6-8","9-12","13 & Above",null,null,null,null,"A-3",14,4,1,4,0]
[null,null,15,1,"No. of PG Courses offered.",null,null,0,"",0.5,"",{"$f":"IF($H22<$S22,$L$5,\"\")","v":0},{"$f":"IF(AND($H22<$U22,$H22>$R22),$M$5,\"\")","v":""},{"$f":"IF(AND($H22<$W22,$H22>$T22),$N$5,\"\")","v":""},{"$f":"IF(AND($H22<$Y22,$H22>$V22),$O$5,\"\")","v":""},{"$f":"IF(AND($H22<Z22,H22>X22),$P$5,\"\")","v":""},0,0,1,3,4,6,7,9,10,10000,{"$f":"IF(OR(AND(AE22=\"YES\",AF22=\"PHYSICALLY VERIFIED\"),AND(AE22=\"YES\",AF22=\"DOCUMENT VERIFIED\"),AND(AE22=\"YES\",'Basic Details'!$D$31=\"Self Assessment\"),AND(AE22=\"YES\",'Basic Details'!$D$31=\"Draft\")),1*IF(BB22=\"ERROR INPUT\",0+1,1),0)","v":0},null,"",null,null,null,null,"College Statistical booklet/AISHE DCF / Online data verified from nodal login",null,null,null,null,null,null,null,null,null,null,null,null,null,null,null,null,null,null,null,null,null,0,"1-3","4-6","7-9","10 & Above",null,null,null,null,"A-3",15,4,0.5,2,0]
[null,null,16,1,"No. of Vocational / Skill development Courses offered (RSLDC and Other agencies, including college level).",null,null,0,"",0.5,"",{"$f":"IF($H23<$S23,$L$5,\"\")","v":0},{"$f":"IF(AND($H23<$U23,$H23>$R23),$M$5,\"\")","v":""},{"$f":"IF(AND($H23<$W23,$H23>$T23),$N$5,\"\")","v":""},{"$f":"IF(AND($H23<$Y23,$H23>$V23),$O$5,\"\")","v":""},{"$f":"IF(AND($H23<Z23,H23>X23),$P$5,\"\")","v":""},0,0,1,5,6,10,11,15,16,10000,{"$f":"IF(OR(AND(AE23=\"YES\",AF23=\"PHYSICALLY VERIFIED\"),AND(AE23=\"YES\",AF23=\"DOCUMENT VERIFIED\"),AND(AE23=\"YES\",'Basic Details'!$D$31=\"Self Assessment\"),AND(AE23=\"YES\",'Basic Details'!$D$31=\"Draft\")),1*IF(BB23=\"ERROR INPUT\",0+1,1),0)","v":0},null,"",null,null,null,null,"Check from IGNOU / VMOU / Spoken Tutotrial Centre, whichever is applicable",null,null,null,null,null,null,null,null,null,null,null,null,null,null,null,null,null,null,null,null,null,0,"1-5","6-10","10-15","16 & Above",null,null,null,null,"A-3",16,4,0.5,2,0]
[null,null,17,1,"Percentage of students enrolled in Vocational / Skill development Courses.",null,{"$f":"IF(F24=\"\",\"\",+$F$7)","v":""},{"$f":"IF(F24=\"\",\"\",ROUND(F24/G24,4))","v":""},{"$f":"IF(OR(F24=\"\",G24=\"\",G24=0),\"\",SUM(L24:P24))","v":""},0.5,"",{"$f":"IF($H24<$S24%,$L$5,\"\")","v":""},{"$f":"IF(AND($H24<$U24%,$H24>$R24%),$M$5,\"\")","v":""},{"$f":"IF(AND($H24<$W24%,$H24>$T24%),$N$5,\"\")","v":""},{"$f":"IF(AND($H24<$Y24%,$H24>$V24%),$O$5,\"\")","v":""},{"$f":"IF(AND($H24<Z24%,H24>X24%),$P$5,\"\")","v":""},0,0.999,1,2.9990000000000001,3,5.9989999999999997,6,9.9990000000000006,10,10000,{"$f":"IF(OR(AND(AE24=\"YES\",AF24=\"PHYSICALLY VERIFIED\"),AND(AE24=\"YES\",AF24=\"DOCUMENT VERIFIED\"),AND(AE24=\"YES\",'Basic Details'!$D$31=\"Self Assessment\"),AND(AE24=\"YES\",'Basic Details'!$D$31=\"Draft\")),1*IF(BB24=\"ERROR INPUT\",0+1,1),0)","v":0},null,"",null,null,null,null,"Registration records of students enrolled in IGNOU/VMOU skill courses",null,null,null,null,null,null,null,null,null,null,null,null,null,null,null,null,null,null,null,{"$f":"IF(F24>G24,\"ERROR INPUT\",\"\")","v":""},null,"0-1","1-3","3-6","6-10","10 & Above",null,null,null,null,"A-3",17,4,0.5,2,0]
[null,null,18,1,"Percentage of Students passed in Vocational / Skill development Courses.",null,{"$f":"+F24","v":0},{"$f":"IF(F25=\"\",\"\",ROUND(F25/G25,4))","v":""},{"$f":"IF(OR(F25=\"\",G25=\"\",G25=0),\"\",SUM(L25:P25))","v":""},1,"","","","","","",0,0.999,1,2.9990000000000001,3,5.9989999999999997,6,9.9990000000000006,10,10000,{"$f":"IF(OR(AND(AE25=\"YES\",AF25=\"PHYSICALLY VERIFIED\"),AND(AE25=\"YES\",AF25=\"DOCUMENT VERIFIED\"),AND(AE25=\"YES\",'Basic Details'!$D$31=\"Self Assessment\"),AND(AE25=\"YES\",'Basic Details'!$D$31=\"Draft\")),1*IF(BB25=\"ERROR INPUT\",0+1,1),0)","v":0},null,"",null,null,null,null,"List of enrolled Students / Attendance Register",null,null,null,null,null,null,null,null,null,null,null,null,null,null,null,null,null,null,null,{"$f":"IF(F25>G25,\"ERROR INPUT\",\"\")","v":""},null,"0-1","1-3","3-6","6-10","10 & Above",null,null,null,null,"A-3",18,4,1,4,0,{"$f":"SUM(BP20:BP25)","v":4},{"$f":"SUM(BR20:BR25)","v":0},{"$f":"SUM(BQ20:BQ25)","v":16}]
[null,null,19,null,"Number of subjects approved by the CCE",null,null,{"$f":"+F26","v":0},{"$f":"IF(F26=\"\",\"\",SUM(L26:P26))","v":""},0.5,"",{"$f":"IF($H26<$S26,$L$5,\"\")","v":0},{"$f":"IF(AND($H26<$U26,$H26>$R26),$M$5,\"\")","v":""},{"$f":"IF(AND($H26<$W26,$H26>$T26),$N$5,\"\")","v":""},{"$f":"IF(AND($H26<$Y26,$H26>$V26),$O$5,\"\")","v":""},{"$f":"IF(AND($H26<Z26,H26>X26),$P$5,\"\")","v":""},0,5,6,10,11,15,16,20,21,10000,{"$f":"IF(OR(AND(AE26=\"YES\",AF26=\"PHYSICALLY VERIFIED\"),AND(AE26=\"YES\",AF26=\"DOCUMENT VERIFIED\"),AND(AE26=\"YES\",'Basic Details'!$D$31=\"Self Assessment\"),AND(AE26=\"YES\",'Basic Details'!$D$31=\"Draft\")),1*IF(BB26=\"ERROR INPUT\",0+1,1),0)","v":0},null,"",null,null,null,null,null,null,null,null,null,null,null,null,null,null,null,null,null,null,null,null,null,null,null,null,null,null,"0-5","6-10","11-15","16-20","21 & Above",null,null,null,null,"A-3",19,4,0.5,2,0]
["A. Teaching and Learning","A-3 Choices",20,null,"Number of subjects approved by the University",null,null,0,"",0.5,"",0,"","","","",0,5,6,10,11,15,16,20,21,10000,{"$f":"IF(OR(AND(AE27=\"YES\",AF27=\"PHYSICALLY VERIFIED\"),AND(AE27=\"YES\",AF27=\"DOCUMENT VERIFIED\"),AND(AE27=\"YES\",'Basic Details'!$D$31=\"Self Assessment\"),AND(AE27=\"YES\",'Basic Details'!$D$31=\"Draft\")),1*IF(BB27=\"ERROR INPUT\",0+1,1),0)","v":0},null,"",null,null,null,null,null,null,null,null,null,null,null,null,null,null,null,null,null,null,null,null,null,null,null,null,null,null,"0-5","6-10","11-15","16-20","21 & Above",null,null,null,null,"A-3",20,4,0.5,2,0]
[null,null,21,null,"Average number of students per class  (ARTS-UG-Part 1)",null,null,{"$f":"IF(F28=0,\"\",ROUND(F28/G28,4))","v":""},"",0.25,"","","","","","",0,0.99999000000000005,1,79.999899999999997,80,100000,100000000,100000000,100000000,100000000,{"$f":"IF(OR(AND(AE28=\"YES\",AF28=\"PHYSICALLY VERIFIED\"),AND(AE28=\"YES\",AF28=\"DOCUMENT VERIFIED\"),AND(AE28=\"YES\",'Basic Details'!$D$31=\"Self Assessment\"),AND(AE28=\"YES\",'Basic Details'!$D$31=\"Draft\")),1*IF(BB28=\"ERROR INPUT\",0+1,1),0)","v":0},null,"",null,null,null,null,null,null,null,null,null,null,null,null,null,null,null,null,null,null,null,null,null,null,null,null,null,null,"0","More than 0 but less than 80","80 & More",null,null,null,null,null,null,"A-3",21,4,0.25,1,0]
[null,null,22,null,"Average number of students per class  (COMMERCE, BBA-UG-Part 1)",null,null,{"$f":"IF(F29=0,\"\",ROUND(F29/G29,4))","v":""},"",0.25,"","","","","","",0,0.99999000000000005,1,79.999899999999997,80,100000,100000000,100000000,100000000,100000000,{"$f":"IF(OR(AND(AE29=\"YES\",AF29=\"PHYSICALLY VERIFIED\"),AND(AE29=\"YES\",AF29=\"DOCUMENT VERIFIED\"),AND(AE29=\"YES\",'Basic Details'!$D$31=\"Self Assessment\"),AND(AE29=\"YES\",'Basic Details'!$D$31=\"Draft\")),1*IF(BB29=\"ERROR INPUT\",0+1,1),0)","v":0},null,"",null,null,null,null,null,null,null,null,null,null,null,null,null,null,null,null,null,null,null,null,null,null,null,null,null,null,"0","More than 0 but less than 80","80 & More",null,null,null,null,null,null,"A-3",22,4,0.25,1,0]
[null,null,23,null,"Average number of students per class  (ALL SCIENCES-UG-Part 1)",null,null,{"$f":"IF(F30=0,\"\",ROUND(F30/G30,4))","v":""},"",0.25,"","","","","","",0,0.99999000000000005,1,69.999899999999997,70,100000,100000000,100000000,100000000,100000000,{"$f":"IF(OR(AND(AE30=\"YES\",AF30=\"PHYSICALLY VERIFIED\"),AND(AE30=\"YES\",AF30=\"DOCUMENT VERIFIED\"),AND(AE30=\"YES\",'Basic Details'!$D$31=\"Self Assessment\"),AND(AE30=\"YES\",'Basic Details'!$D$31=\"Draft\")),1*IF(BB30=\"ERROR INPUT\",0+1,1),0)","v":0},null,"",null,null,null,null,null,null,null,null,null,null,null,null,null,null,null,null,null,null,null,null,null,null,null,null,null,null,"0","More than 0 but less than 70","70 & More",null,null,null,null,null,null,"A-3",23,4,0.25,1,0]
[null,null,24,null,"Number of Working Subject Combinations in  (ARTS-UG)",null,null,{"$f":"+F31","v":0},"",0.25,"",0,"","","","",0,0,1,5,6,10,11,15,16,100,{"$f":"IF(OR(AND(AE31=\"YES\",AF31=\"PHYSICALLY VERIFIED\"),AND(AE31=\"YES\",AF31=\"DOCUMENT VERIFIED\"),AND(AE31=\"YES\",'Basic Details'!$D$31=\"Self Assessment\"),AND(AE31=\"YES\",'Basic Details'!$D$31=\"Draft\")),1*IF(BB31=\"ERROR INPUT\",0+1,1),0)","v":0},null,"",null,null,null,null,null,null,null,null,null,null,null,null,null,null,null,null,null,null,null,null,null,null,null,null,null,null,0,"1-5","6-10","11-15","16 & More",null,null,null,null,"A-3",24,4,0.25,1,0]
[null,null,25,null,"Number of Working Subject Combinations in  (COMMERCE,BBA-UG)",null,null,{"$f":"+F32","v":0},"",0.25,"",0,"","","","",0,0,1,1,2,2,3,3,4,100,{"$f":"IF(OR(AND(AE32=\"YES\",AF32=\"PHYSICALLY VERIFIED\"),AND(AE32=\"YES\",AF32=\"DOCUMENT VERIFIED\"),AND(AE32=\"YES\",'Basic Details'!$D$31=\"Self Assessment\"),AND(AE32=\"YES\",'Basic Details'!$D$31=\"Draft\")),1*IF(BB32=\"ERROR INPUT\",0+1,1),0)","v":0},null,"",null,null,null,null,null,null,null,null,null,null,null,null,null,null,null,null,null,null,null,null,null,null,null,null,null,null,0,"1","2","3","4 & More",null,null,null,null,"A-3",25,4,0.25,1,0]
[null,null,26,null,"Number of Working Subject Combinations in  (ALL SCIENCES-UG)",null,null,0,"",0.25,"",0,"","","","",0,0,1,2,3,3,4,4,5,100,{"$f":"IF(OR(AND(AE33=\"YES\",AF33=\"PHYSICALLY VERIFIED\"),AND(AE33=\"YES\",AF33=\"DOCUMENT VERIFIED\"),AND(AE33=\"YES\",'Basic Details'!$D$31=\"Self Assessment\"),AND(AE33=\"YES\",'Basic Details'!$D$31=\"Draft\")),1*IF(BB33=\"ERROR INPUT\",0+1,1),0)","v":0},null,"",null,null,null,null,null,null,null,null,null,null,null,null,null,null,null,null,null,null,null,null,null,null,null,null,null,null,0,"1-2",3,4,"5 & More",null,null,null,null,"A-3",26,4,0.25,1,0]
[null,"A-4 Faculty-Portrayal",{"$f":"1+C33","v":27},1,"Working faculty as percentage of posts- required-as-per-rules",null,null,{"$f":"IF(F34=\"\",\"\",ROUND(F34/G34,4))","v":""},"",1,"",{"$f":"IF($H34<$S34%,$L$5,\"\")","v":""},{"$f":"IF(AND($H34<$U34%,$H34>$R34%),$M$5,\"\")","v":""},{"$f":"IF(AND($H34<$W34%,$H34>$T34%),$N$5,\"\")","v":""},{"$f":"IF(AND($H34<$Y34%,$H34>$V34%),$O$5,\"\")","v":""},{"$f":"IF(AND($H34<Z34%,H34>X34%),$P$5,\"\")","v":""},0,19.998999999999999,20,39.999000000000002,40,59.999000000000002,60,79.998999999999995,80,10000,{"$f":"IF(OR(AND(AE34=\"YES\",AF34=\"PHYSICALLY VERIFIED\"),AND(AE34=\"YES\",AF34=\"DOCUMENT VERIFIED\"),AND(AE34=\"YES\",'Basic Details'!$D$31=\"Self Assessment\"),AND(AE34=\"YES\",'Basic Details'!$D$31=\"Draft\")),1*IF(BB34=\"ERROR INPUT\",0+1,1),0)","v":0},null,"",null,null,null,null,"Attendance Register / AISHE DCF",null,null,null,null,null,null,null,null,null,null,null,null,null,null,null,null,null,null,null,null,null,"0-20","20-40","40-60","60-80","80 & Above",null,null,null,null,"A-4",27,4,1,4,0]
[null,null,28,1,"Percentage of filled posts (regular appointments) against no. of posts-required-as-per-rules",null,{"$f":"IF(F35=\"\",\"\",+G34)","v":""},{"$f":"IF(F35=\"\",\"\",ROUND(F35/G35,4))","v":""},"",1,"","","","","","",0,19.998999999999999,20,39.999000000000002,40,59.999000000000002,60,79.998999999999995,80,10000,{"$f":"IF(OR(AND(AE35=\"YES\",AF35=\"PHYSICALLY VERIFIED\"),AND(AE35=\"YES\",AF35=\"DOCUMENT VERIFIED\"),AND(AE35=\"YES\",'Basic Details'!$D$31=\"Self Assessment\"),AND(AE35=\"YES\",'Basic Details'!$D$31=\"Draft\")),1*IF(BB35=\"ERROR INPUT\",0+1,1),0)","v":0},null,"",null,null,null,null,"Attendance Register / AISHE DCF",null,null,null,null,null,null,null,null,null,null,null,null,null,null,null,null,null,null,null,"",null,"0-20","20-40","40-60","60-80","80 & Above",null,null,null,null,"A-4",28,4,1,4,0]
["A. Teaching and Learning","A-4 Faculty-Portrayal",29,1,"Percentage of working faculty members having Ph.D Degree.",null,{"$f":"IF(F36=\"\",\"\",+$F$34)","v":""},{"$f":"IF(F36=\"\",\"\",ROUND(F36/G36,4))","v":""},"",1.5,"","","","","","",0,20,20.0001,40,40.000100000000003,60,60.000100000000003,80,80.000100000000003,10000,{"$f":"IF(OR(AND(AE36=\"YES\",AF36=\"PHYSICALLY VERIFIED\"),AND(AE36=\"YES\",AF36=\"DOCUMENT VERIFIED\"),AND(AE36=\"YES\",'Basic Details'!$D$31=\"Self Assessment\"),AND(AE36=\"YES\",'Basic Details'!$D$31=\"Draft\")),1*IF(BB36=\"ERROR INPUT\",0+1,1),0)","v":0},null,"",null,null,null,null,"AISHE DCF AND Ph. D. Certificate",null,null,null,null,null,null,null,null,null,null,null,null,null,null,null,null,null,null,null,"",null,"0-20","20-40","40-60","60-80","80 & Above",null,null,null,null,"A-4",29,4,1.5,6,0]
[null,null,30,1,"Percentage of working faculty members having M.Phil. Degree (other than Ph.D).",null,{"$f":"IF(F37=\"\",\"\",+$F$34)","v":""},"","",0.5,"","","","","","",0,1.9990000000000001,2,3.9990000000000001,4,5.9989999999999997,6,7.9989999999999997,8,10000,{"$f":"IF(OR(AND(AE37=\"YES\",AF37=\"PHYSICALLY VERIFIED\"),AND(AE37=\"YES\",AF37=\"DOCUMENT VERIFIED\"),AND(AE37=\"YES\",'Basic Details'!$D$31=\"Self Assessment\"),AND(AE37=\"YES\",'Basic Details'!$D$31=\"Draft\")),1*IF(BB37=\"ERROR INPUT\",0+1,1),0)","v":0},null,"",null,null,null,null,"AISHE DCF AND M.Phil. Certificate",null,null,null,null,null,null,null,null,null,null,null,null,null,null,null,null,null,null,null,"",null,"0-2","2-4","4-6","6-8","8 & Above",null,null,null,null,"A-4",30,4,0.5,2,0]
[null,null,31,1,"Percentage of working faculty members awarded PDF/D.Litt.",null,{"$f":"IF(F38=\"\",\"\",+$F$34)","v":""},"","",0.5,"","","","","","",0,1.9990000000000001,2,3.9990000000000001,4,5.9989999999999997,6,7.9989999999999997,8,10000,{"$f":"IF(OR(AND(AE38=\"YES\",AF38=\"PHYSICALLY VERIFIED\"),AND(AE38=\"YES\",AF38=\"DOCUMENT VERIFIED\"),AND(AE38=\"YES\",'Basic Details'!$D$31=\"Self Assessment\"),AND(AE38=\"YES\",'Basic Details'!$D$31=\"Draft\")),1*IF(BB38=\"ERROR INPUT\",0+1,1),0)","v":0},null,"",null,null,null,null,"Certificate from Personal File / Copy Provided",null,null,null,null,null,null,null,null,null,null,null,null,null,null,null,null,null,null,null,"",null,"0-2","2-4","4-6","6-8","8 & Above",null,null,null,null,"A-4",31,4,0.5,2,0]
[null,null,32,1,"Student-Teacher ratio as per posts-required-as-per-rules",{"$f":"+$F$7","v":0},{"$f":"+G35","v":""},{"$f":"IF(F39=0,\"\",ROUND(F39/G39,4))","v":""},"",2,"",{"$f":"IF($H39>$S39,$L$5,\"\")","v":0},{"$f":"IF(AND($H39>$U39,$H39<$R39),$M$5,\"\")","v":""},{"$f":"IF(AND($H39>$W39,$H39<$T39),$N$5,\"\")","v":""},{"$f":"IF(AND($H39>$Y39,$H39<$V39),$O$5,\"\")","v":""},{"$f":"IF(AND($H39>Z39,H39<X39),$P$5,\"\")","v":""},1000,100.0001,100,80.000100000000003,80,60.000100000000003,60,40.000100000000003,40,1E-4,{"$f":"IF(OR(AND(AE39=\"YES\",AF39=\"PHYSICALLY VERIFIED\"),AND(AE39=\"YES\",AF39=\"DOCUMENT VERIFIED\"),AND(AE39=\"YES\",'Basic Details'!$D$31=\"Self Assessment\"),AND(AE39=\"YES\",'Basic Details'!$D$31=\"Draft\")),1*IF(BB39=\"ERROR INPUT\",0+1,1),0)","v":0},null,"",null,null,null,null,"College Statistical booklet/AISHE DCF ",null,null,null,null,null,null,null,null,null,null,null,null,null,null,null,null,null,null,null,null,null,"Above 1000","100-80","80-60","60-40","40 & Below",null,null,null,null,"A-4",32,4,2,8,0]
[null,null,33,1,"Student-Teacher ratio as per working no. of teachers",{"$f":"+$F$7","v":0},{"$f":"IF(F40=\"\",\"\",+$F$34)","v":0},{"$f":"IF(F40=0,\"\",ROUND(F40/G40,4))","v":""},"",2,"",{"$f":"IF($H40>$S40,$L$5,\"\")","v":0},{"$f":"IF(AND($H40>$U40,$H40<$R40),$M$5,\"\")","v":""},{"$f":"IF(AND($H40>$W40,$H40<$T40),$N$5,\"\")","v":""},{"$f":"IF(AND($H40>$Y40,$H40<$V40),$O$5,\"\")","v":""},{"$f":"IF(AND($H40>Z40,H40<X40),$P$5,\"\")","v":""},1000,100.0001,100,80.000100000000003,80,60.000100000000003,60,40.000100000000003,40,1E-4,{"$f":"IF(OR(AND(AE40=\"YES\",AF40=\"PHYSICALLY VERIFIED\"),AND(AE40=\"YES\",AF40=\"DOCUMENT VERIFIED\"),AND(AE40=\"YES\",'Basic Details'!$D$31=\"Self Assessment\"),AND(AE40=\"YES\",'Basic Details'!$D$31=\"Draft\")),1*IF(BB40=\"ERROR INPUT\",0+1,1),0)","v":0},null,"",null,null,null,null,"College Statistical booklet/AISHE DCF ",null,null,null,null,null,null,null,null,null,null,null,null,null,null,null,null,null,null,null,null,null,"Above 1000","100-80","80-60","60-40","40 & Below",null,null,null,null,"A-4",33,4,2,8,0]
[null,null,34,1,"Target of content-wise teaching achieved in percentage.",null,null,{"$f":"IF(F41=\"\",\"\",ROUND(F41/G41,4))","v":""},"",1,"",{"$f":"IF($H41<$S41%,$L$5,\"\")","v":""},{"$f":"IF(AND($H41<$U41%,$H41>$R41%),$M$5,\"\")","v":""},{"$f":"IF(AND($H41<$W41%,$H41>$T41%),$N$5,\"\")","v":""},{"$f":"IF(AND($H41<$Y41%,$H41>$V41%),$O$5,\"\")","v":""},{"$f":"IF(AND($H41<Z41%,H41>X41%),$P$5,\"\")","v":""},0,19.998999999999999,20,39.999000000000002,40,59.999000000000002,60,79.998999999999995,80,10000,{"$f":"IF(OR(AND(AE41=\"YES\",AF41=\"PHYSICALLY VERIFIED\"),AND(AE41=\"YES\",AF41=\"DOCUMENT VERIFIED\"),AND(AE41=\"YES\",'Basic Details'!$D$31=\"Self Assessment\"),AND(AE41=\"YES\",'Basic Details'!$D$31=\"Draft\")),1*IF(BB41=\"ERROR INPUT\",0+1,1),0)","v":0},null,"",null,null,null,null,"Self Declaration by concerned faculty and if feasible then to be verified from students.",null,null,null,null,null,null,null,null,null,null,null,null,null,null,null,null,null,null,null,null,null,"0-20","20-40","40-60","60-80","80 & Above",null,null,null,null,"A-4",34,4,1,4,0]
[null,null,35,1,"Percentage of faculty members contributed to devlopment of E-content (which is being utilised in more than one institution).",null,{"$f":"IF(F42=\"\",\"\",+$F$34)","v":""},{"$f":"IF(F42=\"\",\"\",ROUND(F42/G42,4))","v":""},"",1,"","","","","","",0,0,1E-4,9.9999000000000002,10,19.9999,20,29.9999,30,10000,{"$f":"IF(OR(AND(AE42=\"YES\",AF42=\"PHYSICALLY VERIFIED\"),AND(AE42=\"YES\",AF42=\"DOCUMENT VERIFIED\"),AND(AE42=\"YES\",'Basic Details'!$D$31=\"Self Assessment\"),AND(AE42=\"YES\",'Basic Details'!$D$31=\"Draft\")),1*IF(BB42=\"ERROR INPUT\",0+1,1),0)","v":0},null,"",null,null,null,null,"CCE Orders AND Recordings / YouTube channel",null,null,null,null,null,null,null,null,null,null,null,null,null,null,null,null,null,null,null,{"$f":"IF(F42>G42,\"ERROR INPUT\",\"\")","v":""},null,0,"More than 0 but less than 10","10-20","20-30","30 & Above",null,null,null,null,"A-4",35,4,1,4,0,{"$f":"SUM(BP34:BP42)","v":10.5},{"$f":"SUM(BR34:BR42)","v":0},{"$f":"SUM(BQ34:BQ42)","v":42}]
[null,null,{"$f":"+C42+1","v":36},null,"Percentage of the working staff approved by the University",null,null,{"$f":"IF(F43=\"\",\"\",ROUND(F43/G43,4))","v":""},{"$f":"IF(F43=\"\",\"\",SUM(L43:P43))","v":""},0.5,"","","","","","",0,25,25.001000000000001,50,50.000999999999998,70,70.001000000000005,90,90.001000000000005,1000,{"$f":"IF(OR(AND(AE43=\"YES\",AF43=\"PHYSICALLY VERIFIED\"),AND(AE43=\"YES\",AF43=\"DOCUMENT VERIFIED\"),AND(AE43=\"YES\",'Basic Details'!$D$31=\"Self Assessment\"),AND(AE43=\"YES\",'Basic Details'!$D$31=\"Draft\")),1*IF(BB43=\"ERROR INPUT\",0+1,1),0)","v":0},null,"",null,null,null,null,null,null,null,null,null,null,null,null,null,null,null,null,null,null,null,null,null,null,null,null,null,null,"0-25","25-50","50-70","70-90","More than 90",null,null,null,null,"A-4",36,4,0.5,2,0]
[null,null,{"$f":"+C43+1","v":37},null,"Percentage of the faculty members (including Principal) working in the college continuously for 5 years.",null,null,"",{"$f":"IF(F44=\"\",\"\",SUM(L44:P44))","v":""},0.5,"","","","","","",0,25,25.001000000000001,50,50.000999999999998,70,70.001000000000005,90,90.001000000000005,1000,{"$f":"IF(OR(AND(AE44=\"YES\",AF44=\"PHYSICALLY VERIFIED\"),AND(AE44=\"YES\",AF44=\"DOCUMENT VERIFIED\"),AND(AE44=\"YES\",'Basic Details'!$D$31=\"Self Assessment\"),AND(AE44=\"YES\",'Basic Details'!$D$31=\"Draft\")),1*IF(BB44=\"ERROR INPUT\",0+1,1),0)","v":0},null,"",null,null,null,null,null,null,null,null,null,null,null,null,null,null,null,null,null,null,null,null,null,null,null,null,null,null,"0-25","25-50","50-70","70-90","More than 90",null,null,null,null,"A-4",37,4,0.5,2,0]
["A. Teaching and Learning","A-5 Student performance and learning outcomes",{"$f":"1+C44","v":38},2,"Pass percentage in last University result.",null,null,"","",3,"","","","","","",0,20,20.0001,40,40.000100000000003,60,60.000100000000003,80,80.000100000000003,10000,{"$f":"IF(OR(AND(AE45=\"YES\",AF45=\"PHYSICALLY VERIFIED\"),AND(AE45=\"YES\",AF45=\"DOCUMENT VERIFIED\"),AND(AE45=\"YES\",'Basic Details'!$D$31=\"Self Assessment\"),AND(AE45=\"YES\",'Basic Details'!$D$31=\"Draft\")),1*IF(BB45=\"ERROR INPUT\",0+1,1),0)","v":0},null,"",null,null,null,null,"TR of all courses AND AISHE DCF AND to be randomly verified by team (Only Final UG and Final PG)",null,null,null,null,null,null,null,null,null,null,null,null,null,null,null,null,null,null,null,{"$f":"IF(F45>G45,\"ERROR INPUT\",\"\")","v":""},null,"0-20","20-40","40-60","60-80","80-100",null,null,null,null,"A-5",38,4,3,12,0]
[null,null,39,2,"Percentage of Students scored 60% and above in University result.",null,{"$f":"+$G$45","v":0},"","",2,"","","","","","",0,9.9990000000000006,10,19.998999999999999,20,29.998999999999999,30,39.999000000000002,40,10000,{"$f":"IF(OR(AND(AE46=\"YES\",AF46=\"PHYSICALLY VERIFIED\"),AND(AE46=\"YES\",AF46=\"DOCUMENT VERIFIED\"),AND(AE46=\"YES\",'Basic Details'!$D$31=\"Self Assessment\"),AND(AE46=\"YES\",'Basic Details'!$D$31=\"Draft\")),1*IF(BB46=\"ERROR INPUT\",0+1,1),0)","v":0},null,"",null,null,null,null,"To be calculated from TR AND to be randomly verified by team",null,null,null,null,null,null,null,null,null,null,null,null,null,null,null,null,null,null,null,{"$f":"IF(F46>G46,\"ERROR INPUT\",\"\")","v":""},null,"0-10","10-20","20-30","30-40","40 & Above",null,null,null,null,"A-5",39,4,2,8,0]
[null,null,40,2,"Percentage of Students scored 75% and above in University result.",null,{"$f":"+$G$45","v":0},"","",1,"",{"$f":"IF($H47<$S47%,$L$5,\"\")","v":""},{"$f":"IF(AND($H47<$U47%,$H47>$R47%),$M$5,\"\")","v":""},{"$f":"IF(AND($H47<$W47%,$H47>$T47%),$N$5,\"\")","v":""},{"$f":"IF(AND($H47<$Y47%,$H47>$V47%),$O$5,\"\")","v":""},{"$f":"IF(AND($H47<Z47%,H47>X47%),$P$5,\"\")","v":""},0,5.0000000000000002E-5,1E-4,4.9989999999999997,5,9.9990000000000006,10,14.9999,15,10000,{"$f":"IF(OR(AND(AE47=\"YES\",AF47=\"PHYSICALLY VERIFIED\"),AND(AE47=\"YES\",AF47=\"DOCUMENT VERIFIED\"),AND(AE47=\"YES\",'Basic Details'!$D$31=\"Self Assessment\"),AND(AE47=\"YES\",'Basic Details'!$D$31=\"Draft\")),1*IF(BB47=\"ERROR INPUT\",0+1,1),0)","v":0},null,"",null,null,null,null,"To be calculated from TR AND to be randomly verified by team",null,null,null,null,null,null,null,null,null,null,null,null,null,null,null,null,null,null,null,{"$f":"IF(F47>G47,\"ERROR INPUT\",\"\")","v":""},null,0,"More than 0 but less than 5","5-10","10-15","15 & Above",null,null,null,null,"A-5",40,4,1,4,0]
[null,null,41,2,"Number of students who won Gold Medal in University exam.",null,null,{"$f":"+F48","v":0},{"$f":"IF(F48=\"\",\"\",SUM(L48:P48))","v":""},0.5,"",{"$f":"IF($H48<$S48,$L$5,\"\")","v":0},{"$f":"IF(AND($H48<$U48,$H48>$R48),$M$5,\"\")","v":""},{"$f":"IF(AND($H48<$W48,$H48>$T48),$N$5,\"\")","v":""},{"$f":"IF(AND($H48<$Y48,$H48>$V48),$O$5,\"\")","v":""},{"$f":"IF(AND($H48<Z48,H48>X48),$P$5,\"\")","v":""},0,0,1,1,2,2,3,3,4,100,{"$f":"IF(OR(AND(AE48=\"YES\",AF48=\"PHYSICALLY VERIFIED\"),AND(AE48=\"YES\",AF48=\"DOCUMENT VERIFIED\"),AND(AE48=\"YES\",'Basic Details'!$D$31=\"Self Assessment\"),AND(AE48=\"YES\",'Basic Details'!$D$31=\"Draft\")),1*IF(BB48=\"ERROR INPUT\",0+1,1),0)","v":0},null,"",null,null,null,null,null,null,null,null,null,null,null,null,null,null,null,null,null,null,null,null,null,null,null,null,null,null,0,1,2,3,"4 & Above",null,null,null,null,"A-5",41,4,0.5,2,0,{"$f":"SUM(BP45:BP48)","v":6.5},{"$f":"SUM(BR45:BR48)","v":0},{"$f":"SUM(BQ45:BQ48)","v":26},{"$f":"SUM(BS7:BS48)","v":27.75},{"$f":"SUM(BT7:BT48)","v":0},{"$f":"SUM(BU7:BU48)","v":111}]
["B. Research and Professional Practices","B-1 Research Output",42,1,"Percentage of faculty members having research papers published in UGC care list  journals or in peer reviewd journals with ISSN  during last 3 years.",null,{"$f":"IF(F49=\"\",\"\",+$F$34)","v":""},{"$f":"IF(F49=\"\",\"\",ROUND(F49/G49,4))","v":""},"",1.5,"",{"$f":"IF($H49<$S49%,$L$5,\"\")","v":""},{"$f":"IF(AND($H49<$U49%,$H49>$R49%),$M$5,\"\")","v":""},{"$f":"IF(AND($H49<$W49%,$H49>$T49%),$N$5,\"\")","v":""},{"$f":"IF(AND($H49<$Y49%,$H49>$V49%),$O$5,\"\")","v":""},{"$f":"IF(AND($H49<Z49%,H49>X49%),$P$5,\"\")","v":""},0,0,1.0000000000000001E-5,1.9999,2,2.9998999999999998,3,3.9998999999999998,4,10000,{"$f":"IF(OR(AND(AE49=\"YES\",AF49=\"PHYSICALLY VERIFIED\"),AND(AE49=\"YES\",AF49=\"DOCUMENT VERIFIED\"),AND(AE49=\"YES\",'Basic Details'!$D$31=\"Self Assessment\"),AND(AE49=\"YES\",'Basic Details'!$D$31=\"Draft\")),1*IF(BB49=\"ERROR INPUT\",0+1,1),0)","v":0},null,"",null,null,null,null,"URL of Journal/Peer Reviewed/UGC Notified  Copies of all publications. (Make a separate file with list)",null,null,null,null,null,null,null,null,null,null,null,null,null,null,null,null,null,null,null,{"$f":"IF(F49>G49,\"ERROR INPUT\",\"\")","v":""},null,0,"More than 0 but less than 2","2-3","3-4","4 & Above",null,null,null,null,"B-1",42,4,1.5,6,0]
[null,null,43,1,"Percentage of faculty members authored/co-authored at least one book with ISBN / Chapter in a Book (with ISBN).during last 3 years.",null,"","","",1.5,"","","","","","",0,0,1.0000000000000001E-5,1.9999,2,2.9998999999999998,3,3.9998999999999998,4,10000,{"$f":"IF(OR(AND(AE50=\"YES\",AF50=\"PHYSICALLY VERIFIED\"),AND(AE50=\"YES\",AF50=\"DOCUMENT VERIFIED\"),AND(AE50=\"YES\",'Basic Details'!$D$31=\"Self Assessment\"),AND(AE50=\"YES\",'Basic Details'!$D$31=\"Draft\")),1*IF(BB50=\"ERROR INPUT\",0+1,1),0)","v":0},null,"",null,null,null,null,"Copies of all books/Chapter published (Make a separate file with list)",null,null,null,null,null,null,null,null,null,null,null,null,null,null,null,null,null,null,null,"",null,0,"More than 0 but less than 2","2-3","3-4","4 & Above",null,null,null,null,"B-1",43,4,1.5,6,0]
[null,null,44,1,"Percentage of faculty members recognized as research supervisor.",null,"","","",1.5,"","","","","","",0,0,1.0000000000000001E-5,1.9999,2,2.9998999999999998,3,3.9998999999999998,4,10000,{"$f":"IF(OR(AND(AE51=\"YES\",AF51=\"PHYSICALLY VERIFIED\"),AND(AE51=\"YES\",AF51=\"DOCUMENT VERIFIED\"),AND(AE51=\"YES\",'Basic Details'!$D$31=\"Self Assessment\"),AND(AE51=\"YES\",'Basic Details'!$D$31=\"Draft\")),1*IF(BB51=\"ERROR INPUT\",0+1,1),0)","v":0},null,"",null,null,null,null,"Copies of research guide registration letter (Make a list)",null,null,null,null,null,null,null,null,null,null,null,null,null,null,null,null,null,null,null,"",null,0,"More than 0 but less than 2","2-3","3-4","4 & Above",null,null,null,null,"B-1",44,4,1.5,6,0]
[null,null,45,1,"Percentage of faculty members under whom at least one scholar is awarded Ph.D..",null,"","","",1,"","","","","","",0,0,1.0000000000000001E-5,1.9999,2,2.9998999999999998,3,3.9998999999999998,4,10000,{"$f":"IF(OR(AND(AE52=\"YES\",AF52=\"PHYSICALLY VERIFIED\"),AND(AE52=\"YES\",AF52=\"DOCUMENT VERIFIED\"),AND(AE52=\"YES\",'Basic Details'!$D$31=\"Self Assessment\"),AND(AE52=\"YES\",'Basic Details'!$D$31=\"Draft\")),1*IF(BB52=\"ERROR INPUT\",0+1,1),0)","v":0},null,"",null,null,null,null,"Copies of registeration letter of scholer (Make a list of such scholars)",null,null,null,null,null,null,null,null,null,null,null,null,null,null,null,null,null,null,null,"",null,0,"More than 0 but less than 2","2-3","3-4","4 & Above",null,null,null,null,"B-1",45,4,1,4,0]
["B. Research and Professional Practices","B-1 Research Output",46,1,"Percentage of faculty members presented at least 2 papers in international seminars / conferences / E Conferences during last 3 years.",null,"","","",1,"","","","","","",0,0,1.0000000000000001E-5,9.9999000000000002,10,19.9999,20,29.9999,30,10000,{"$f":"IF(OR(AND(AE53=\"YES\",AF53=\"PHYSICALLY VERIFIED\"),AND(AE53=\"YES\",AF53=\"DOCUMENT VERIFIED\"),AND(AE53=\"YES\",'Basic Details'!$D$31=\"Self Assessment\"),AND(AE53=\"YES\",'Basic Details'!$D$31=\"Draft\")),1*IF(BB53=\"ERROR INPUT\",0+1,1),0)","v":0},null,"",null,null,null,null,"Copies of certificate of presentation (Make a list of such staff members)",null,null,null,null,null,null,null,null,null,null,null,null,null,null,null,null,null,null,null,"",null,0,"More than 0 but less than 10","10-20","20-30","30 & Above",null,null,null,null,"B-1",46,4,1,4,0]
[null,null,47,1,"Percentage faculty members presented at least 3 papers in national seminars / conferences / E Conference during last 3 years.",null,"","","",1.5,"","","","","","",0,0,1.0000000000000001E-5,19.9999,20,29.9999,30,39.999899999999997,40,10000,{"$f":"IF(OR(AND(AE54=\"YES\",AF54=\"PHYSICALLY VERIFIED\"),AND(AE54=\"YES\",AF54=\"DOCUMENT VERIFIED\"),AND(AE54=\"YES\",'Basic Details'!$D$31=\"Self Assessment\"),AND(AE54=\"YES\",'Basic Details'!$D$31=\"Draft\")),1*IF(BB54=\"ERROR INPUT\",0+1,1),0)","v":0},null,"",null,null,null,null,"Copies of certificate of presentation (Make a list of such staff members)",null,null,null,null,null,null,null,null,null,null,null,null,null,null,null,null,null,null,null,"",null,0,"More than 0 but less than 20","20-30","30-40","40 & Above",null,null,null,null,"B-1",47,4,1.5,6,0]
[null,null,48,1,"No. of International/National seminars / conferences/workshops / E Conference organized during last 5 years.",null,null,{"$f":"+F55","v":0},{"$f":"IF(F55=\"\",\"\",SUM(L55:P55))","v":""},1.5,"",{"$f":"IF($H55<$S55,$L$5,\"\")","v":0},{"$f":"IF(AND($H55<$U55,$H55>$R55),$M$5,\"\")","v":""},{"$f":"IF(AND($H55<$W55,$H55>$T55),$N$5,\"\")","v":""},{"$f":"IF(AND($H55<$Y55,$H55>$V55),$O$5,\"\")","v":""},{"$f":"IF(AND($H55<Z55,H55>X55),$P$5,\"\")","v":""},0,0,1,1,2,2,3,3,4,10000,{"$f":"IF(OR(AND(AE55=\"YES\",AF55=\"PHYSICALLY VERIFIED\"),AND(AE55=\"YES\",AF55=\"DOCUMENT VERIFIED\"),AND(AE55=\"YES\",'Basic Details'!$D$31=\"Self Assessment\"),AND(AE55=\"YES\",'Basic Details'!$D$31=\"Draft\")),1*IF(BB55=\"ERROR INPUT\",0+1,1),0)","v":0},null,"",null,null,null,null,"Copies of brochurs, photographs and proceedings of conference (Make a list of such events)",null,null,null,null,null,null,null,null,null,null,null,null,null,null,null,null,null,null,null,null,null,0,1,2,3,"4 & Above",null,null,null,null,"B-1",48,4,1.5,6,0]
[null,null,49,1,"No. of faculty members who have acted as convener / Organizing secretary in national seminar / conferences / E Conference during last 5 years.",null,null,0,"",1.5,"",{"$f":"IF($H56<$S56,$L$5,\"\")","v":0},{"$f":"IF(AND($H56<$U56,$H56>$R56),$M$5,\"\")","v":""},{"$f":"IF(AND($H56<$W56,$H56>$T56),$N$5,\"\")","v":""},{"$f":"IF(AND($H56<$Y56,$H56>$V56),$O$5,\"\")","v":""},{"$f":"IF(AND($H56<Z56,H56>X56),$P$5,\"\")","v":""},0,0,1,1,2,2,3,3,4,10000,{"$f":"IF(OR(AND(AE56=\"YES\",AF56=\"PHYSICALLY VERIFIED\"),AND(AE56=\"YES\",AF56=\"DOCUMENT VERIFIED\"),AND(AE56=\"YES\",'Basic Details'!$D$31=\"Self Assessment\"),AND(AE56=\"YES\",'Basic Details'!$D$31=\"Draft\")),1*IF(BB56=\"ERROR INPUT\",0+1,1),0)","v":0},null,"",null,null,null,null,"Copies of brochurs, photographs and certificates (Make a list of such staff members)",null,null,null,null,null,null,null,null,null,null,null,null,null,null,null,null,null,null,null,null,null,0,1,2,3,"4 & Above",null,null,null,null,"B-1",49,4,1.5,6,0]
[null,null,50,1,"No. of Faculty members delivered Keynote / Plenary / Invited Lecture in  Regional / National/ International Seminars / E-Conference (during last 3 years).",null,null,{"$f":"+F57","v":0},"",1.5,"",{"$f":"IF($H57<$S57,$L$5,\"\")","v":0},{"$f":"IF(AND($H57<$U57,$H57>$R57),$M$5,\"\")","v":""},{"$f":"IF(AND($H57<$W57,$H57>$T57),$N$5,\"\")","v":""},{"$f":"IF(AND($H57<$Y57,$H57>$V57),$O$5,\"\")","v":""},{"$f":"IF(AND($H57<Z57,H57>X57),$P$5,\"\")","v":""},0,0,1,1,2,2,3,3,4,10000,{"$f":"IF(OR(AND(AE57=\"YES\",AF57=\"PHYSICALLY VERIFIED\"),AND(AE57=\"YES\",AF57=\"DOCUMENT VERIFIED\"),AND(AE57=\"YES\",'Basic Details'!$D$31=\"Self Assessment\"),AND(AE57=\"YES\",'Basic Details'!$D$31=\"Draft\")),1*IF(BB57=\"ERROR INPUT\",0+1,1),0)","v":0},null,"",null,null,null,null,null,null,null,null,null,null,null,null,null,null,null,null,null,null,null,null,null,null,null,null,null,null,0,1,2,3,"4 & Above",null,null,null,null,"B-1",50,4,1.5,6,0]
["B. Research and Professional Practices","B-1 Research Output",51,1,"Percentage of faculty members who have been Awarded Research Projects from  UGC, CSIR, DST, DBT, ICSSR and other research funding agency.",null,{"$f":"IF(F58=\"\",\"\",+$F$34)","v":""},{"$f":"IF(F58=\"\",\"\",ROUND(F58/G58,4))","v":""},{"$f":"IF(OR(F58=\"\",G58=\"\",G58=0),\"\",SUM(L58:P58))","v":""},1,"",{"$f":"IF($H58<$S58%,$L$5,\"\")","v":""},{"$f":"IF(AND($H58<$U58%,$H58>$R58%),$M$5,\"\")","v":""},{"$f":"IF(AND($H58<$W58%,$H58>$T58%),$N$5,\"\")","v":""},{"$f":"IF(AND($H58<$Y58%,$H58>$V58%),$O$5,\"\")","v":""},{"$f":"IF(AND($H58<Z58%,H58>X58%),$P$5,\"\")","v":""},0,0,1.0000000000000001E-5,1.9999,2,4.9999000000000002,5,8.9999000000000002,9,10000,{"$f":"IF(OR(AND(AE58=\"YES\",AF58=\"PHYSICALLY VERIFIED\"),AND(AE58=\"YES\",AF58=\"DOCUMENT VERIFIED\"),AND(AE58=\"YES\",'Basic Details'!$D$31=\"Self Assessment\"),AND(AE58=\"YES\",'Basic Details'!$D$31=\"Draft\")),1*IF(BB58=\"ERROR INPUT\",0+1,1),0)","v":0},null,"",null,null,null,null,"Copies of Award letter/ (Make a list of such staff members)",null,null,null,null,null,null,null,null,null,null,null,null,null,null,null,null,null,null,null,"",null,0,"More than 0 but less than 2","2-5","5-9","9 & Above",null,null,null,null,"B-1",51,4,1,4,0]
[null,null,52,1,"No. of faculty members, who are associated with any foreign agency for research / referee assignments.",null,null,{"$f":"+F59","v":0},{"$f":"IF(F59=\"\",\"\",SUM(L59:P59))","v":""},1,"",{"$f":"IF($H59<$S59,$L$5,\"\")","v":0},{"$f":"IF(AND($H59<$U59,$H59>$R59),$M$5,\"\")","v":""},{"$f":"IF(AND($H59<$W59,$H59>$T59),$N$5,\"\")","v":""},{"$f":"IF(AND($H59<$Y59,$H59>$V59),$O$5,\"\")","v":""},{"$f":"IF(AND($H59<Z59,H59>X59),$P$5,\"\")","v":""},0,0,1,1,2,2,3,3,4,10000,{"$f":"IF(OR(AND(AE59=\"YES\",AF59=\"PHYSICALLY VERIFIED\"),AND(AE59=\"YES\",AF59=\"DOCUMENT VERIFIED\"),AND(AE59=\"YES\",'Basic Details'!$D$31=\"Self Assessment\"),AND(AE59=\"YES\",'Basic Details'!$D$31=\"Draft\")),1*IF(BB59=\"ERROR INPUT\",0+1,1),0)","v":0},null,"",null,null,null,null,"Copies of documents issued by agency (Make a list of such staff members)",null,null,null,null,null,null,null,null,null,null,null,null,null,null,null,null,null,null,null,null,null,0,1,2,3,"4 & Above",null,null,null,null,"B-1",52,4,1,4,0,{"$f":"SUM(BP49:BP59)","v":14.5},{"$f":"SUM(BR49:BR59)","v":0},{"$f":"SUM(BQ49:BQ59)","v":58}]
[null,"B-2 Academic Enrichment",53,1,"Percentage of faculty members associated with academic associations/BOS member/University Academic Council/Associated with Board/Public Service Commission of any state.",null,{"$f":"IF(F60=\"\",\"\",+$F$34)","v":""},{"$f":"IF(F60=\"\",\"\",ROUND(F60/G60,4))","v":""},{"$f":"IF(OR(F60=\"\",G60=\"\",G60=0),\"\",SUM(L60:P60))","v":""},1,"",{"$f":"IF($H60<$S60%,$L$5,\"\")","v":""},{"$f":"IF(AND($H60<$U60%,$H60>$R60%),$M$5,\"\")","v":""},{"$f":"IF(AND($H60<$W60%,$H60>$T60%),$N$5,\"\")","v":""},{"$f":"IF(AND($H60<$Y60%,$H60>$V60%),$O$5,\"\")","v":""},{"$f":"IF(AND($H60<Z60%,H60>X60%),$P$5,\"\")","v":""},0,0,1.0000000000000001E-5,19.9999,20,29.9999,30,39.999899999999997,40,10000,{"$f":"IF(OR(AND(AE60=\"YES\",AF60=\"PHYSICALLY VERIFIED\"),AND(AE60=\"YES\",AF60=\"DOCUMENT VERIFIED\"),AND(AE60=\"YES\",'Basic Details'!$D$31=\"Self Assessment\"),AND(AE60=\"YES\",'Basic Details'!$D$31=\"Draft\")),1*IF(BB60=\"ERROR INPUT\",0+1,1),0)","v":0},null,"",null,null,null,null,"Copies of certificates issued by Academic Association etc. (Make a list of such staff members)",null,null,null,null,null,null,null,null,null,null,null,null,null,null,null,null,null,null,null,"",null,0,"More than 0 but less than 20","20-30","30-40","40 & Above",null,null,null,null,"B-2",53,4,1,4,0]
[null,null,54,1,"Percentage of faculty members who have attended international level academic events / programmes outside India during last 5 years.",null,{"$f":"IF(F61=\"\",\"\",+$F$34)","v":""},"","",1,"","","","","","",0,0,1.0000000000000001E-5,0.999,1,1.9990000000000001,2,2.9990000000000001,3,10000,{"$f":"IF(OR(AND(AE61=\"YES\",AF61=\"PHYSICALLY VERIFIED\"),AND(AE61=\"YES\",AF61=\"DOCUMENT VERIFIED\"),AND(AE61=\"YES\",'Basic Details'!$D$31=\"Self Assessment\"),AND(AE61=\"YES\",'Basic Details'!$D$31=\"Draft\")),1*IF(BB61=\"ERROR INPUT\",0+1,1),0)","v":0},null,"",null,null,null,null,"Copies of participation certificates (Make a list of such staff members)",null,null,null,null,null,null,null,null,null,null,null,null,null,null,null,null,null,null,null,"",null,0,"More than 0 but less than 1","1-2","2-3","3 & Above",null,null,null,null,"B-2",54,4,1,4,0]
[null,null,55,1,"Number of IPRs (Patents, Copyrights, Trade marks etc.) if any, in the name of faculty member of the college.",null,null,{"$f":"+F62","v":0},{"$f":"IF(F62=\"\",\"\",SUM(L62:P62))","v":""},1,"",{"$f":"IF($H62<$S62,$L$5,\"\")","v":0},{"$f":"IF(AND($H62<$U62,$H62>$R62),$M$5,\"\")","v":""},{"$f":"IF(AND($H62<$W62,$H62>$T62),$N$5,\"\")","v":""},{"$f":"IF(AND($H62<$Y62,$H62>$V62),$O$5,\"\")","v":""},{"$f":"IF(AND($H62<Z62,H62>X62),$P$5,\"\")","v":""},0,0,1,1,2,2,3,3,4,10000,{"$f":"IF(OR(AND(AE62=\"YES\",AF62=\"PHYSICALLY VERIFIED\"),AND(AE62=\"YES\",AF62=\"DOCUMENT VERIFIED\"),AND(AE62=\"YES\",'Basic Details'!$D$31=\"Self Assessment\"),AND(AE62=\"YES\",'Basic Details'!$D$31=\"Draft\")),1*IF(BB62=\"ERROR INPUT\",0+1,1),0)","v":0},null,"",null,null,null,null,"Copies of documentary proof of IPR (Make a list of such staff members)",null,null,null,null,null,null,null,null,null,null,null,null,null,null,null,null,null,null,null,null,null,0,1,2,3,"4 & Above",null,null,null,null,"B-2",55,4,1,4,0,{"$f":"SUM(BP60:BP62)","v":3},{"$f":"SUM(BR60:BR62)","v":0},{"$f":"SUM(BQ60:BQ62)","v":12},{"$f":"SUM(BS49:BS62)","v":17.5},{"$f":"SUM(BT49:BT62)","v":0},{"$f":"SUM(BU49:BU62)","v":70}]
[null,null,56,null,"Have you ever been declared a defaulter by the CCE ",null,null,0,{"$f":"IF(F63=\"\",\"\",SUM(L63:P63))","v":""},0.5,"",{"$f":"IF(OR(H63=\"\",H63=\"yes\"),$L$5,\"\")","v":""},{"$f":"IF(AND($H63<$U63%,$H63>$R63%),$M$5,\"\")","v":""},{"$f":"IF(AND($H63<$W63%,$H63>$T63%),$N$5,\"\")","v":""},{"$f":"IF(AND($H63<$Y63%,$H63>$V63%),$O$5,\"\")","v":""},{"$f":"IF(H63=\"no\",$N$5,\"\")","v":""},null,null,null,null,null,null,null,null,null,null,{"$f":"IF(OR(AND(AE63=\"YES\",AF63=\"PHYSICALLY VERIFIED\"),AND(AE63=\"YES\",AF63=\"DOCUMENT VERIFIED\"),AND(AE63=\"YES\",'Basic Details'!$D$31=\"Self Assessment\"),AND(AE63=\"YES\",'Basic Details'!$D$31=\"Draft\")),1*IF(BB63=\"ERROR INPUT\",0+1,1),0)","v":0},null,"",null,null,null,null,null,null,null,null,null,null,null,null,null,null,null,null,null,null,null,null,null,null,null,null,null,null,"Yes",null,"No",null,null,null,null,null,null,"B-2",56,4,0.5,2,0]
[null,null,57,null,"Have you ever been declared a defaulter by the University? ",null,null,0,{"$f":"IF(F64=\"\",\"\",SUM(L64:P64))","v":""},0.5,"",{"$f":"IF(OR(H64=\"\",H64=\"yes\"),$L$5,\"\")","v":""},"","","",{"$f":"IF(H64=\"no\",$N$5,\"\")","v":""},null,null,null,null,null,null,null,null,null,null,{"$f":"IF(OR(AND(AE64=\"YES\",AF64=\"PHYSICALLY VERIFIED\"),AND(AE64=\"YES\",AF64=\"DOCUMENT VERIFIED\"),AND(AE64=\"YES\",'Basic Details'!$D$31=\"Self Assessment\"),AND(AE64=\"YES\",'Basic Details'!$D$31=\"Draft\")),1*IF(BB64=\"ERROR INPUT\",0+1,1),0)","v":0},null,"",null,null,null,null,null,null,null,null,null,null,null,null,null,null,null,null,null,null,null,null,null,null,null,null,null,null,"Yes",null,"No",null,null,null,null,null,null,"B-2",57,4,0.5,2,0]
["C. Infrastructure and Learning Resources","C-1 Physical Assets",{"$f":"1+C64","v":58},1,"Whether the college has its own building.",null,null,0,{"$f":"IF(F65=\"\",\"\",SUM(L65:P65))","v":""},0.5,"",{"$f":"IF(OR(H65=\"\",H65=\"NO\"),$L$5,\"\")","v":""},"","","",{"$f":"IF(H65=\"YES\",$P$5,\"\")","v":""},null,null,null,null,null,null,null,null,null,null,{"$f":"IF(OR(AND(AE65=\"YES\",AF65=\"PHYSICALLY VERIFIED\"),AND(AE65=\"YES\",AF65=\"DOCUMENT VERIFIED\"),AND(AE65=\"YES\",'Basic Details'!$D$31=\"Self Assessment\"),AND(AE65=\"YES\",'Basic Details'!$D$31=\"Draft\")),1*IF(BB65=\"ERROR INPUT\",0+1,1),0)","v":0},null,"",null,null,null,null,"To be verified physically by Peer Team",null,null,null,null,null,null,null,null,null,null,null,null,null,null,null,null,null,null,null,null,null,"NO",null,null,null,"Yes",null,null,null,null,"C-1",58,4,0.5,2,0]
[null,null,59,1,"Ratio of total students to No. of classrooms in the college.",{"$f":"IF(G66=\"\",\"\",+$F$7)","v":""},null,{"$f":"IF(F66=0,\"\",ROUND(F66/G66,4))","v":{"$error":"#VALUE!"}},{"$f":"IF(OR(F66=\"\",G66=\"\",G66=0),\"\",SUM(L66:P66))","v":""},1,"",{"$f":"IF($H66>$S66,$L$5,\"\")","v":{"$error":"#VALUE!"}},{"$f":"IF(AND($H66>$U66,$H66<$R66),$M$5,\"\")","v":{"$error":"#VALUE!"}},{"$f":"IF(AND($H66>$W66,$H66<$T66),$N$5,\"\")","v":{"$error":"#VALUE!"}},{"$f":"IF(AND($H66>$Y66,$H66<$V66),$O$5,\"\")","v":{"$error":"#VALUE!"}},{"$f":"IF(AND($H66>Z66,H66<X66),$P$5,\"\")","v":{"$error":"#VALUE!"}},1000,150.0001,150,125.0001,125,100.0001,100,80.000100000000003,80,1E-4,{"$f":"IF(OR(AND(AE66=\"YES\",AF66=\"PHYSICALLY VERIFIED\"),AND(AE66=\"YES\",AF66=\"DOCUMENT VERIFIED\"),AND(AE66=\"YES\",'Basic Details'!$D$31=\"Self Assessment\"),AND(AE66=\"YES\",'Basic Details'!$D$31=\"Draft\")),1*IF(BB66=\"ERROR INPUT\",0+1,1),0)","v":0},null,"",null,null,null,null,"To be verified physically by Peer Team",null,null,null,null,null,null,null,null,null,null,null,null,null,null,null,null,null,null,null,null,null,"Above 150","125-150","100-125","80-100","80 & Below",null,null,null,null,"C-1",59,4,1,4,0]
[null,null,60,1,"Ratio of students in practical subjects to the number of labs.",null,null,{"$f":"IF(F67=0,\"\",ROUND(F67/G67,4))","v":""},"",1,"",{"$f":"IF($H67>$S67,$L$5,\"\")","v":0},{"$f":"IF(AND($H67>$U67,$H67<$R67),$M$5,\"\")","v":""},{"$f":"IF(AND($H67>$W67,$H67<$T67),$N$5,\"\")","v":""},{"$f":"IF(AND($H67>$Y67,$H67<$V67),$O$5,\"\")","v":""},{"$f":"IF(AND($H67>Z67,H67<X67),$P$5,\"\")","v":""},1000,150.0001,150,120.0001,120,90.000100000000003,90,60.000100000000003,60,1E-4,{"$f":"IF(OR(AND(AE67=\"YES\",AF67=\"PHYSICALLY VERIFIED\"),AND(AE67=\"YES\",AF67=\"DOCUMENT VERIFIED\"),AND(AE67=\"YES\",'Basic Details'!$D$31=\"Self Assessment\"),AND(AE67=\"YES\",'Basic Details'!$D$31=\"Draft\")),1*IF(BB67=\"ERROR INPUT\",0+1,1),0)","v":0},null,"",null,null,null,null,"Classwise list of Students with practical subjects AND Labs to be verified physically by Peer Team",null,null,null,null,null,null,null,null,null,null,null,null,null,null,null,null,null,null,null,null,null,"Above 150","120-150","120-90","60-90","60 & Below",null,null,null,null,"C-1",60,4,1,4,0]
[null,null,61,1,"Ratio of student furniture to the total number of class rooms.",null,{"$f":"+$G$66","v":0},{"$f":"IF(F68=0,\"\",ROUND(F68/G68,4))","v":""},"",1,"",{"$f":"IF($H68<$S68,$L$5,\"\")","v":""},{"$f":"IF(AND($H68<$U68,$H68>$R68),$M$5,\"\")","v":""},{"$f":"IF(AND($H68<$W68,$H68>$T68),$N$5,\"\")","v":""},{"$f":"IF(AND($H68<$Y68,$H68>$V68),$O$5,\"\")","v":""},{"$f":"IF(AND($H68<Z68,H68>X68),$P$5,\"\")","v":""},0,19.9999,20,49.999899999999997,50,69.999899999999997,70,89.999899999999997,90,10000,{"$f":"IF(OR(AND(AE68=\"YES\",AF68=\"PHYSICALLY VERIFIED\"),AND(AE68=\"YES\",AF68=\"DOCUMENT VERIFIED\"),AND(AE68=\"YES\",'Basic Details'!$D$31=\"Self Assessment\"),AND(AE68=\"YES\",'Basic Details'!$D$31=\"Draft\")),1*IF(BB68=\"ERROR INPUT\",0+1,1),0)","v":0},null,"",null,null,null,null,"To be verified from stock register AND to be verified physically randomly by Peer Team",null,null,null,null,null,null,null,null,null,null,null,null,null,null,null,null,null,null,null,null,null,"0-20","20-50","50-70","70-90","90 & Above",null,null,null,null,"C-1",61,4,1,4,0]
[null,null,62,1,"Percentage of class rooms / labs equipped with working fans and LED tube lights / bulbs.",null,{"$f":"+$G$66+$G$67","v":0},{"$f":"IF(F69=\"\",\"\",ROUND(F69/G69,4))","v":""},"",0.5,"",{"$f":"IF($H69<$S69%,$L$5,\"\")","v":""},{"$f":"IF(AND($H69<$U69%,$H69>$R69%),$M$5,\"\")","v":""},{"$f":"IF(AND($H69<$W69%,$H69>$T69%),$N$5,\"\")","v":""},{"$f":"IF(AND($H69<$Y69%,$H69>$V69%),$O$5,\"\")","v":""},{"$f":"IF(AND($H69<Z69%,H69>X69%),$P$5,\"\")","v":""},0,20,20.0001,40,40.000100000000003,60,60.000100000000003,80,80.000100000000003,10000,{"$f":"IF(OR(AND(AE69=\"YES\",AF69=\"PHYSICALLY VERIFIED\"),AND(AE69=\"YES\",AF69=\"DOCUMENT VERIFIED\"),AND(AE69=\"YES\",'Basic Details'!$D$31=\"Self Assessment\"),AND(AE69=\"YES\",'Basic Details'!$D$31=\"Draft\")),1*IF(BB69=\"ERROR INPUT\",0+1,1),0)","v":0},null,"",null,null,null,null,"To be verified physically by Peer Team",null,null,null,null,null,null,null,null,null,null,null,null,null,null,null,null,null,null,null,"",null,"0-20","20-40","40-60","60-80","80-100",null,null,null,null,"C-1",62,4,0.5,2,0]
[null,null,63,1,"Ratio of number of boys students to the No. of toilets.",{"$f":"IF(G70=\"\",\"\",IF(F10=\"yes\",\"\",+F7-F9))","v":""},null,{"$f":"IF(F70=0,\"\",ROUND(F70/G70,4))","v":{"$error":"#VALUE!"}},"",0.5,"",{"$f":"IF($H70>$S70,$L$5,\"\")","v":{"$error":"#VALUE!"}},{"$f":"IF(AND($H70>$U70,$H70<$R70),$M$5,\"\")","v":{"$error":"#VALUE!"}},{"$f":"IF(AND($H70>$W70,$H70<$T70),$N$5,\"\")","v":{"$error":"#VALUE!"}},{"$f":"IF(AND($H70>$Y70,$H70<$V70),$O$5,\"\")","v":{"$error":"#VALUE!"}},{"$f":"IF(AND($H70>Z70,H70<X70),$P$5,\"\")","v":{"$error":"#VALUE!"}},1000,400.00009999999997,400,300.00099999999998,300,200.001,200,100.001,100,1E-4,{"$f":"IF(OR(AND(AE70=\"YES\",AF70=\"PHYSICALLY VERIFIED\"),AND(AE70=\"YES\",AF70=\"DOCUMENT VERIFIED\"),AND(AE70=\"YES\",'Basic Details'!$D$31=\"Self Assessment\"),AND(AE70=\"YES\",'Basic Details'!$D$31=\"Draft\")),1*IF(BB70=\"ERROR INPUT\",0+1,1),0)","v":0},null,"",null,null,null,null,"Number and functional status to be verified physically by Peer Team",null,null,null,null,null,null,null,null,null,null,null,null,null,null,null,null,null,null,null,null,null,"Above 400","300-400","200-300","100-200","100 & Below",null,null,null,null,"C-1",63,4,0.5,2,0]
[null,null,64,1,"Ratio of number of girls students to the No. of toilets.",{"$f":"IF(G71=\"\",\"\",IF(F70=\"\",$F$7,+$F$7-F70))","v":""},null,{"$f":"IF(F71=0,\"\",ROUND(F71/G71,4))","v":{"$error":"#VALUE!"}},"",0.5,"",{"$f":"IF($H71>$S71,$L$5,\"\")","v":{"$error":"#VALUE!"}},{"$f":"IF(AND($H71>$U71,$H71<$R71),$M$5,\"\")","v":{"$error":"#VALUE!"}},{"$f":"IF(AND($H71>$W71,$H71<$T71),$N$5,\"\")","v":{"$error":"#VALUE!"}},{"$f":"IF(AND($H71>$Y71,$H71<$V71),$O$5,\"\")","v":{"$error":"#VALUE!"}},{"$f":"IF(AND($H71>Z71,H71<X71),$P$5,\"\")","v":{"$error":"#VALUE!"}},1000,200.001,200,150.001,150,100.001,100,50.000999999999998,50,1E-4,{"$f":"IF(OR(AND(AE71=\"YES\",AF71=\"PHYSICALLY VERIFIED\"),AND(AE71=\"YES\",AF71=\"DOCUMENT VERIFIED\"),AND(AE71=\"YES\",'Basic Details'!$D$31=\"Self Assessment\"),AND(AE71=\"YES\",'Basic Details'!$D$31=\"Draft\")),1*IF(BB71=\"ERROR INPUT\",0+1,1),0)","v":0},null,"",null,null,null,null,"Number and functional status to be verified physically by Peer Team",null,null,null,null,null,null,null,null,null,null,null,null,null,null,null,null,null,null,null,null,null,"Above 200","150-200","100-150","50-100","50 & Below",null,null,null,null,"C-1",{"$f":"+C71","v":64},4,0.5,2,0]
[null,null,65,1,"Ratio of number of staff (teaching and non-teaching) members to the No. of toilets.",{"$f":"+$F$34+$F$90+$F$91+$F$97+IF(F$92=\"yes\",1,0)+IF($F$95=\"yes\",1,0)+IF($F$107=\"Yes\",1,0)","v":0},null,{"$f":"IF(F72=0,\"\",ROUND(F72/G72,4))","v":""},"",0.5,"",{"$f":"IF($H72>$S72,$L$5,\"\")","v":0},{"$f":"IF(AND($H72>$U72,$H72<$R72),$M$5,\"\")","v":""},{"$f":"IF(AND($H72>$W72,$H72<$T72),$N$5,\"\")","v":""},{"$f":"IF(AND($H72>$Y72,$H72<$V72),$O$5,\"\")","v":""},{"$f":"IF(AND($H72>Z72,H72<X72),$P$5,\"\")","v":""},1000,80.000100000000003,80,60.000100000000003,60,40.000100000000003,40,20.0001,20,1E-4,{"$f":"IF(OR(AND(AE72=\"YES\",AF72=\"PHYSICALLY VERIFIED\"),AND(AE72=\"YES\",AF72=\"DOCUMENT VERIFIED\"),AND(AE72=\"YES\",'Basic Details'!$D$31=\"Self Assessment\"),AND(AE72=\"YES\",'Basic Details'!$D$31=\"Draft\")),1*IF(BB72=\"ERROR INPUT\",0+1,1),0)","v":0},null,{"$f":"IF(AB72=\"\",\"\",\"-\")","v":""},null,null,null,null,"To be verified physically by Peer Team",null,null,null,null,null,null,null,null,null,null,null,null,null,null,null,null,null,null,null,null,null,"Above 80","60-80","40-60","20-40","20 & Below",null,null,null,null,"C-1",65,4,0.5,2,0]
[null,null,{"$f":"1+C72","v":66},1,"Toilets facility for Divyang students and staff members.",null,null,{"$f":"+F73","v":0},{"$f":"IF(F73=\"\",\"\",SUM(L73:P73))","v":""},0.5,"",{"$f":"IF(OR(H73=\"\",H73=\"NO\"),$L$5,\"\")","v":""},{"$f":"IF(AND($H73<$U73%,$H73>$R73%),$M$5,\"\")","v":""},{"$f":"IF(AND($H73<$W73%,$H73>$T73%),$N$5,\"\")","v":""},{"$f":"IF(AND($H73<$Y73%,$H73>$V73%),$O$5,\"\")","v":""},{"$f":"IF(H73=\"YES\",$P$5,\"\")","v":""},null,null,null,null,null,null,null,null,null,null,{"$f":"IF(OR(AND(AE73=\"YES\",AF73=\"PHYSICALLY VERIFIED\"),AND(AE73=\"YES\",AF73=\"DOCUMENT VERIFIED\"),AND(AE73=\"YES\",'Basic Details'!$D$31=\"Self Assessment\"),AND(AE73=\"YES\",'Basic Details'!$D$31=\"Draft\")),1*IF(BB73=\"ERROR INPUT\",0+1,1),0)","v":0},null,"",null,null,null,null,null,null,null,null,null,null,null,null,null,null,null,null,null,null,null,null,null,null,null,null,null,null,"NO",null,null,null,"Yes",null,null,null,null,"C-1",66,4,0.5,2,0]
[null,null,67,1,"Ramp and other facilities for Divyang students and staff members.",null,null,0,"",0.5,"",{"$f":"IF(OR(H74=\"\",H74=\"NO\"),$L$5,\"\")","v":""},"","","",{"$f":"IF(H74=\"YES\",$P$5,\"\")","v":""},null,null,null,null,null,null,null,null,null,null,{"$f":"IF(OR(AND(AE74=\"YES\",AF74=\"PHYSICALLY VERIFIED\"),AND(AE74=\"YES\",AF74=\"DOCUMENT VERIFIED\"),AND(AE74=\"YES\",'Basic Details'!$D$31=\"Self Assessment\"),AND(AE74=\"YES\",'Basic Details'!$D$31=\"Draft\")),1*IF(BB74=\"ERROR INPUT\",0+1,1),0)","v":0},null,"",null,null,null,null,"Toilets, drinking water facilities and RAMPS to be verified physically by Peer Team",null,null,null,null,null,null,null,null,null,null,null,null,null,null,null,null,null,null,null,null,null,"NO",null,null,null,"Yes",null,null,null,null,"C-1",67,4,0.5,2,0]
["C. Infrastructure and Learning Resources","C-1 Physical Assets",68,1,"Girls common room facility (Number of Activities undertaken specially in the Girls Common room other than activities of women cell).",null,null,{"$f":"+F75","v":0},{"$f":"IF(F75=\"\",\"\",SUM(L75:P75))","v":""},0.5,"",{"$f":"IF($H75<$S75,$L$5,\"\")","v":0},{"$f":"IF(AND($H75<$U75,$H75>$R75),$M$5,\"\")","v":""},{"$f":"IF(AND($H75<$W75,$H75>$T75),$N$5,\"\")","v":""},{"$f":"IF(AND($H75<$Y75,$H75>$V75),$O$5,\"\")","v":""},{"$f":"IF(AND($H75<Z75,H75>X75),$P$5,\"\")","v":""},0,0,1,2,3,4,5,6,7,10000,{"$f":"IF(OR(AND(AE75=\"YES\",AF75=\"PHYSICALLY VERIFIED\"),AND(AE75=\"YES\",AF75=\"DOCUMENT VERIFIED\"),AND(AE75=\"YES\",'Basic Details'!$D$31=\"Self Assessment\"),AND(AE75=\"YES\",'Basic Details'!$D$31=\"Draft\")),1*IF(BB75=\"ERROR INPUT\",0+1,1),0)","v":0},null,"",null,null,null,null,"Activities to be verified physically by Peer Team",null,null,null,null,null,null,null,null,null,null,null,null,null,null,null,null,null,null,null,null,null,0,"1-2","3-4","5-6","7 & Above",null,null,null,null,"C-1",68,4,0.5,2,0]
[null,null,69,1,"Availability of Staff room.",null,null,{"$f":"+F76","v":0},{"$f":"IF(F76=\"\",\"\",SUM(L76:P76))","v":""},0.25,"",{"$f":"IF(OR(H76=\"\",H76=\"NO\"),$L$5,\"\")","v":""},{"$f":"IF(AND($H76<$U76%,$H76>$R76%),$M$5,\"\")","v":""},{"$f":"IF(AND($H76<$W76%,$H76>$T76%),$N$5,\"\")","v":""},{"$f":"IF(AND($H76<$Y76%,$H76>$V76%),$O$5,\"\")","v":""},{"$f":"IF(H76=\"YES\",$P$5,\"\")","v":""},null,null,null,null,null,null,null,null,null,null,{"$f":"IF(OR(AND(AE76=\"YES\",AF76=\"PHYSICALLY VERIFIED\"),AND(AE76=\"YES\",AF76=\"DOCUMENT VERIFIED\"),AND(AE76=\"YES\",'Basic Details'!$D$31=\"Self Assessment\"),AND(AE76=\"YES\",'Basic Details'!$D$31=\"Draft\")),1*IF(BB76=\"ERROR INPUT\",0+1,1),0)","v":0},null,"",null,null,null,null,"To be verified physically by Peer Team",null,null,null,null,null,null,null,null,null,null,null,null,null,null,null,null,null,null,null,null,null,"NO",null,null,null,"Yes",null,null,null,null,"C-1",69,4,0.25,1,0]
[null,null,70,1,"Departmental rooms in percentage to No. of subjects being taught in the college.",null,null,{"$f":"IF(F77=0,\"\",ROUND(F77/G77,4))","v":""},{"$f":"IF(OR(F77=\"\",G77=\"\",G77=0),\"\",SUM(L77:P77))","v":""},0.5,"",{"$f":"IF($H77<$S77,$L$5,\"\")","v":""},{"$f":"IF(AND($H77<$U77,$H77>$R77),$M$5,\"\")","v":""},{"$f":"IF(AND($H77<$W77,$H77>$T77),$N$5,\"\")","v":""},{"$f":"IF(AND($H77<$Y77,$H77>$V77),$O$5,\"\")","v":""},{"$f":"IF(AND($H77<Z77,H77>X77),$P$5,\"\")","v":""},0,0,1.0000000000000001E-5,24.9999,25,49.999899999999997,50,74.999899999999997,75,10000,{"$f":"IF(OR(AND(AE77=\"YES\",AF77=\"PHYSICALLY VERIFIED\"),AND(AE77=\"YES\",AF77=\"DOCUMENT VERIFIED\"),AND(AE77=\"YES\",'Basic Details'!$D$31=\"Self Assessment\"),AND(AE77=\"YES\",'Basic Details'!$D$31=\"Draft\")),1*IF(BB77=\"ERROR INPUT\",0+1,1),0)","v":0},null,"",null,null,null,null,"To be verified physically by Peer Team",null,null,null,null,null,null,null,null,null,null,null,null,null,null,null,null,null,null,null,"",null,0,"More than 0 but less than 25","25-50","50-75","75 & Above",null,null,null,null,"C-1",70,4,0.5,2,0]
[null,null,71,1,"No. of computers in campus for Students only (including ICT labs, laboratories etc.).",null,null,{"$f":"+F78","v":0},{"$f":"IF(F78=\"\",\"\",SUM(L78:P78))","v":""},0.5,"",{"$f":"IF($H78<$S78,$L$5,\"\")","v":0},{"$f":"IF(AND($H78<$U78,$H78>$R78),$M$5,\"\")","v":""},{"$f":"IF(AND($H78<$W78,$H78>$T78),$N$5,\"\")","v":""},{"$f":"IF(AND($H78<$Y78,$H78>$V78),$O$5,\"\")","v":""},{"$f":"IF(AND($H78<Z78,H78>X78),$P$5,\"\")","v":""},0,0,1,5,6,10,11,20,21,10000,{"$f":"IF(OR(AND(AE78=\"YES\",AF78=\"PHYSICALLY VERIFIED\"),AND(AE78=\"YES\",AF78=\"DOCUMENT VERIFIED\"),AND(AE78=\"YES\",'Basic Details'!$D$31=\"Self Assessment\"),AND(AE78=\"YES\",'Basic Details'!$D$31=\"Draft\")),1*IF(BB78=\"ERROR INPUT\",0+1,1),0)","v":0},null,"",null,null,null,null,"Number and functional status to be verified physically by Peer Team",null,null,null,null,null,null,null,null,null,null,null,null,null,null,null,null,null,null,null,null,null,0,"1-5","6-10","11-20","21 & Above",null,null,null,null,"C-1",71,4,0.5,2,0]
[null,null,72,null,"Ratio of  Computers  with free access of internet surfing for students.",null,{"$f":"IF(F79=\"\",\"\",+$F$7)","v":""},{"$f":"IF(F79=0,\"\",ROUND(F79/G79,4))","v":""},{"$f":"IF(OR(F79=\"\",G79=\"\",G79=0),\"\",SUM(L79:P79))","v":""},0.5,"",{"$f":"IF($H79<$S79,$L$5,\"\")","v":""},{"$f":"IF(AND($H79<$U79,$H79>$R79),$M$5,\"\")","v":""},{"$f":"IF(AND($H79<$W79,$H79>$T79),$N$5,\"\")","v":""},{"$f":"IF(AND($H79<$Y79,$H79>$V79),$O$5,\"\")","v":""},{"$f":"IF(AND($H79<Z79,H79>X79),$P$5,\"\")","v":""},0,{"$f":"0.999/1000","v":9.990000000000001E-4},{"$f":"1/1000","v":1E-3},{"$f":"2.9999/1000","v":2.9998999999999998E-3},{"$f":"3/1000","v":3.0000000000000001E-3},{"$f":"5.999999/1000","v":5.9999989999999998E-3},{"$f":"6/1000","v":6.0000000000000001E-3},{"$f":"8.99999/1000","v":8.9999900000000011E-3},{"$f":"9/1000","v":8.9999999999999993E-3},{"$f":"1000/1000","v":1},{"$f":"IF(OR(AND(AE79=\"YES\",AF79=\"PHYSICALLY VERIFIED\"),AND(AE79=\"YES\",AF79=\"DOCUMENT VERIFIED\"),AND(AE79=\"YES\",'Basic Details'!$D$31=\"Self Assessment\"),AND(AE79=\"YES\",'Basic Details'!$D$31=\"Draft\")),1*IF(BB79=\"ERROR INPUT\",0+1,1),0)","v":0},null,"",null,null,null,null,null,null,null,null,null,null,null,null,null,null,null,null,null,null,null,null,null,null,null,null,null,null,"Less than .001","0.001 but less than 0.003","0.003 but less than 0.006","0.006 but less than 0.009","0.009 & Above",null,null,null,null,"C-1",72,4,0.5,2,0]
[null,null,73,null,"Availability of Safe/Clean drinking water with functional water purifier system.",null,null,{"$f":"+F80","v":0},"",1,"",{"$f":"IF(OR(H80=\"\",H80=\"NO\"),$L$5,\"\")","v":""},{"$f":"IF(AND($H80<$U80%,$H80>$R80%),$M$5,\"\")","v":""},{"$f":"IF(AND($H80<$W80%,$H80>$T80%),$N$5,\"\")","v":""},{"$f":"IF(AND($H80<$Y80%,$H80>$V80%),$O$5,\"\")","v":""},{"$f":"IF(H80=\"YES\",$P$5,\"\")","v":""},null,null,null,null,null,null,null,null,null,null,{"$f":"IF(OR(AND(AE80=\"YES\",AF80=\"PHYSICALLY VERIFIED\"),AND(AE80=\"YES\",AF80=\"DOCUMENT VERIFIED\"),AND(AE80=\"YES\",'Basic Details'!$D$31=\"Self Assessment\"),AND(AE80=\"YES\",'Basic Details'!$D$31=\"Draft\")),1*IF(BB80=\"ERROR INPUT\",0+1,1),0)","v":0},null,"",null,null,null,null,"Installed ROs  to be verified physically by Peer Team AND if possible get TDS done.",null,null,null,null,null,null,null,null,null,null,null,null,null,null,null,null,null,null,null,null,null,"NO",null,null,null,"Yes",null,null,null,null,"C-1",73,4,1,4,0]
[null,null,{"$f":"1+C80","v":74},null,"No of Languages associated with Language Lab.",null,null,0,"",0.5,"",{"$f":"IF($H81<$S81,$L$5,\"\")","v":0},{"$f":"IF(AND($H81<$U81,$H81>$R81),$M$5,\"\")","v":""},{"$f":"IF(AND($H81<$W81,$H81>$T81),$N$5,\"\")","v":""},{"$f":"IF(AND($H81<$Y81,$H81>$V81),$O$5,\"\")","v":""},{"$f":"IF(AND($H81<Z81,H81>X81),$P$5,\"\")","v":""},0,0,1,1,2,2,3,3,4,20,{"$f":"IF(OR(AND(AE81=\"YES\",AF81=\"PHYSICALLY VERIFIED\"),AND(AE81=\"YES\",AF81=\"DOCUMENT VERIFIED\"),AND(AE81=\"YES\",'Basic Details'!$D$31=\"Self Assessment\"),AND(AE81=\"YES\",'Basic Details'!$D$31=\"Draft\")),1*IF(BB81=\"ERROR INPUT\",0+1,1),0)","v":0},null,"",null,null,null,null,"Lab AND consoles AND Mike to be verified physically by Peer Team",null,null,null,null,null,null,null,null,null,null,null,null,null,null,null,null,null,null,null,null,null,0,1,2,3,"4 & Above",null,null,null,null,"C-1",74,4,0.5,2,0]
[null,null,75,null,"Speed of Wi-Fi facility in the Campus.",null,null,0,"",0.5,"",{"$f":"IF($H82<$S82,$L$5,\"\")","v":0},{"$f":"IF(AND($H82<$U82,$H82>$R82),$M$5,\"\")","v":""},{"$f":"IF(AND($H82<$W82,$H82>$T82),$N$5,\"\")","v":""},{"$f":"IF(AND($H82<$Y82,$H82>$V82),$O$5,\"\")","v":""},{"$f":"IF(AND($H82<Z82,H82>X82),$P$5,\"\")","v":""},0,0,1,20,20.001000000000001,40,40.000999999999998,49.000999999999998,50,20000,{"$f":"IF(OR(AND(AE82=\"YES\",AF82=\"PHYSICALLY VERIFIED\"),AND(AE82=\"YES\",AF82=\"DOCUMENT VERIFIED\"),AND(AE82=\"YES\",'Basic Details'!$D$31=\"Self Assessment\"),AND(AE82=\"YES\",'Basic Details'!$D$31=\"Draft\")),1*IF(BB82=\"ERROR INPUT\",0+1,1),0)","v":0},null,"",null,null,null,null,"To be verified by Peer Team by connecting through college wi-fi network",null,null,null,null,null,null,null,null,null,null,null,null,null,null,null,null,null,null,null,null,null,0,"1-20","20-40","40-50","50 & Above",null,null,null,null,"C-1",75,4,0.5,2,0]
[null,null,76,null,"Number of class rooms covered under LAN.",null,null,0,"",0.5,"",{"$f":"IF($H83<$S83,$L$5,\"\")","v":0},{"$f":"IF(AND($H83<$U83,$H83>$R83),$M$5,\"\")","v":""},{"$f":"IF(AND($H83<$W83,$H83>$T83),$N$5,\"\")","v":""},{"$f":"IF(AND($H83<$Y83,$H83>$V83),$O$5,\"\")","v":""},{"$f":"IF(AND($H83<Z83,H83>X83),$P$5,\"\")","v":""},0,0,1,4,5,9,10,19,20,100,{"$f":"IF(OR(AND(AE83=\"YES\",AF83=\"PHYSICALLY VERIFIED\"),AND(AE83=\"YES\",AF83=\"DOCUMENT VERIFIED\"),AND(AE83=\"YES\",'Basic Details'!$D$31=\"Self Assessment\"),AND(AE83=\"YES\",'Basic Details'!$D$31=\"Draft\")),1*IF(BB83=\"ERROR INPUT\",0+1,1),0)","v":0},null,"",null,null,null,null,null,null,null,null,null,null,null,null,null,null,null,null,null,null,null,null,null,null,null,null,null,null,0,"1-4","5-9","10-19","20 & Above",null,null,null,null,"C-1",76,4,0.5,2,0]
[null,null,77,null,"No. of smart classrooms (Functional interactive Board).",null,null,0,"",0.5,"",{"$f":"IF($H84<$S84,$L$5,\"\")","v":0},{"$f":"IF(AND($H84<$U84,$H84>$R84),$M$5,\"\")","v":""},{"$f":"IF(AND($H84<$W84,$H84>$T84),$N$5,\"\")","v":""},{"$f":"IF(AND($H84<$Y84,$H84>$V84),$O$5,\"\")","v":""},{"$f":"IF(AND($H84<Z84,H84>X84),$P$5,\"\")","v":""},0,0,1,1,2,2,3,3,4,10000,{"$f":"IF(OR(AND(AE84=\"YES\",AF84=\"PHYSICALLY VERIFIED\"),AND(AE84=\"YES\",AF84=\"DOCUMENT VERIFIED\"),AND(AE84=\"YES\",'Basic Details'!$D$31=\"Self Assessment\"),AND(AE84=\"YES\",'Basic Details'!$D$31=\"Draft\")),1*IF(BB84=\"ERROR INPUT\",0+1,1),0)","v":0},null,"",null,null,null,null,"Installed set up and its functionality to be verified physically by Peer Team",null,null,null,null,null,null,null,null,null,null,null,null,null,null,null,null,null,null,null,null,null,0,1,2,3,"4 & Above",null,null,null,null,"C-1",77,4,{"$f":"+J84","v":0.5},{"$f":"+BO84*BP84","v":2},{"$f":"IF(K84=\"\",0,+K84)","v":0}]
["C. Infrastructure and Learning Resources","C-1 Physical Assets",78,null,"Percentage of capacity of power generation through Generator / inverter/Solar panel to total electricity requirement of the college.",null,null,{"$f":"IF(F85=\"\",\"\",ROUND(F85/G85,4))","v":""},{"$f":"IF(OR(F85=\"\",G85=\"\",G85=0),\"\",SUM(L85:P85))","v":""},0.75,"",{"$f":"IF($H85<$S85%,$L$5,\"\")","v":""},{"$f":"IF(AND($H85<$U85%,$H85>$R85%),$M$5,\"\")","v":""},{"$f":"IF(AND($H85<$W85%,$H85>$T85%),$N$5,\"\")","v":""},{"$f":"IF(AND($H85<$Y85%,$H85>$V85%),$O$5,\"\")","v":""},{"$f":"IF(AND($H85<Z85%,H85>X85%),$P$5,\"\")","v":""},0,20,20.0001,40,40.000100000000003,60,60.000100000000003,80,80.000100000000003,10000,{"$f":"IF(OR(AND(AE85=\"YES\",AF85=\"PHYSICALLY VERIFIED\"),AND(AE85=\"YES\",AF85=\"DOCUMENT VERIFIED\"),AND(AE85=\"YES\",'Basic Details'!$D$31=\"Self Assessment\"),AND(AE85=\"YES\",'Basic Details'!$D$31=\"Draft\")),1*IF(BB85=\"ERROR INPUT\",0+1,1),0)","v":0},null,"",null,null,null,null,"Documentary proof of total electricity load AND its generation in institute AND to be verified physically by Peer Team",null,null,null,null,null,null,null,null,null,null,null,null,null,null,null,null,null,null,null,null,null,"0-20","20-40","40-60","60-80","80-100",null,null,null,null,"C-1",78,4,0.75,3,0]
[null,null,79,null,"Availability of Audio / video system in the college (Mic, TV, Projector, Laptops etc.).",null,null,{"$f":"+F86","v":0},{"$f":"IF(F86=\"\",\"\",SUM(L86:P86))","v":""},0.5,"",{"$f":"IF(OR(H86=\"\",H86=\"NO\"),$L$5,\"\")","v":""},{"$f":"IF(AND($H86<$U86%,$H86>$R86%),$M$5,\"\")","v":""},{"$f":"IF(AND($H86<$W86%,$H86>$T86%),$N$5,\"\")","v":""},{"$f":"IF(AND($H86<$Y86%,$H86>$V86%),$O$5,\"\")","v":""},{"$f":"IF(H86=\"YES\",$P$5,\"\")","v":""},null,null,null,null,null,null,null,null,null,null,{"$f":"IF(OR(AND(AE86=\"YES\",AF86=\"PHYSICALLY VERIFIED\"),AND(AE86=\"YES\",AF86=\"DOCUMENT VERIFIED\"),AND(AE86=\"YES\",'Basic Details'!$D$31=\"Self Assessment\"),AND(AE86=\"YES\",'Basic Details'!$D$31=\"Draft\")),1*IF(BB86=\"ERROR INPUT\",0+1,1),0)","v":0},null,"",null,null,null,null,"To be verified physically by Peer Team",null,null,null,null,null,null,null,null,null,null,null,null,null,null,null,null,null,null,null,null,null,"NO",null,null,null,"Yes",null,null,null,null,"C-1",79,4,0.5,2,0]
[null,null,80,null,"Availability of Auditorium in the Campus (Above 150 seating capacity).",null,null,0,{"$f":"IF(F87=\"\",\"\",SUM(L87:P87))","v":""},0.5,"",{"$f":"IF(OR(H87=\"\",H87=\"NO\"),$L$5,\"\")","v":""},"","","",{"$f":"IF(H87=\"YES\",$P$5,\"\")","v":""},null,null,null,null,null,null,null,null,null,null,{"$f":"IF(OR(AND(AE87=\"YES\",AF87=\"PHYSICALLY VERIFIED\"),AND(AE87=\"YES\",AF87=\"DOCUMENT VERIFIED\"),AND(AE87=\"YES\",'Basic Details'!$D$31=\"Self Assessment\"),AND(AE87=\"YES\",'Basic Details'!$D$31=\"Draft\")),1*IF(BB87=\"ERROR INPUT\",0+1,1),0)","v":0},null,"",null,null,null,null,null,null,null,null,null,null,null,null,null,null,null,null,null,null,null,null,null,null,null,null,null,null,"NO",null,null,null,"Yes",null,null,null,null,"C-1",80,4,0.5,2,0]
[null,null,81,null,"No. of Seminar Halls/Lecture Theater with fitted/permanent Audio/Video system.",null,null,{"$f":"+F88","v":0},{"$f":"IF(F88=\"\",\"\",SUM(L88:P88))","v":""},0.5,"",{"$f":"IF($H88<$S88,$L$5,\"\")","v":0},{"$f":"IF(AND($H88<$U88,$H88>$R88),$M$5,\"\")","v":""},{"$f":"IF(AND($H88<$W88,$H88>$T88),$N$5,\"\")","v":""},{"$f":"IF(AND($H88<$Y88,$H88>$V88),$O$5,\"\")","v":""},{"$f":"IF(AND($H88<Z88,H88>X88),$P$5,\"\")","v":""},0,0,1,1,2,2,3,3,4,10000,{"$f":"IF(OR(AND(AE88=\"YES\",AF88=\"PHYSICALLY VERIFIED\"),AND(AE88=\"YES\",AF88=\"DOCUMENT VERIFIED\"),AND(AE88=\"YES\",'Basic Details'!$D$31=\"Self Assessment\"),AND(AE88=\"YES\",'Basic Details'!$D$31=\"Draft\")),1*IF(BB88=\"ERROR INPUT\",0+1,1),0)","v":0},null,"",null,null,null,null,null,null,null,null,null,null,null,null,null,null,null,null,null,null,null,null,null,null,null,null,null,null,0,1,2,3,"4 & Above",null,null,null,null,"C-1",81,4,0.5,2,0]
[null,null,82,null,"Functional Fire Extinguishers available.",null,null,{"$f":"+F89","v":0},"",0.25,"",{"$f":"IF(OR(H89=\"\",H89=\"NO\"),$L$5,\"\")","v":""},{"$f":"IF(AND($H89<$U89%,$H89>$R89%),$M$5,\"\")","v":""},{"$f":"IF(AND($H89<$W89%,$H89>$T89%),$N$5,\"\")","v":""},{"$f":"IF(AND($H89<$Y89%,$H89>$V89%),$O$5,\"\")","v":""},{"$f":"IF(H89=\"YES\",$P$5,\"\")","v":""},null,null,null,null,null,null,null,null,null,null,{"$f":"IF(OR(AND(AE89=\"YES\",AF89=\"PHYSICALLY VERIFIED\"),AND(AE89=\"YES\",AF89=\"DOCUMENT VERIFIED\"),AND(AE89=\"YES\",'Basic Details'!$D$31=\"Self Assessment\"),AND(AE89=\"YES\",'Basic Details'!$D$31=\"Draft\")),1*IF(BB89=\"ERROR INPUT\",0+1,1),0)","v":0},null,"",null,null,null,null,"Installation and date of refill to be verified physically by Peer Team",null,null,null,null,null,null,null,null,null,null,null,null,null,null,null,null,null,null,null,null,null,"NO",null,null,null,"Yes",null,null,null,null,"C-1",82,4,0.25,1,0,{"$f":"SUM(BP65:BP89)","v":14.25},{"$f":"SUM(BR65:BR89)","v":0},{"$f":"SUM(BQ65:BQ89)","v":57}]
[null,"C-2 Office Setup",{"$f":"1+C89","v":83},null,"Percentage of working Ministerial staff to no. of posts-required-as-per-rules (including Lab asstts.).",null,null,{"$f":"IF(F90=\"\",\"\",ROUND(F90/G90,4))","v":""},{"$f":"IF(OR(F90=\"\",G90=\"\",G90=0),\"\",SUM(L90:P90))","v":""},1,"",{"$f":"IF($H90<$S90%,$L$5,\"\")","v":""},"","","",{"$f":"IF(AND($H90<Z90%,H90>X90%),$P$5,\"\")","v":""},0,20,20.0001,40,40.000100000000003,60,60.000100000000003,80,80.000100000000003,10000,{"$f":"IF(OR(AND(AE90=\"YES\",AF90=\"PHYSICALLY VERIFIED\"),AND(AE90=\"YES\",AF90=\"DOCUMENT VERIFIED\"),AND(AE90=\"YES\",'Basic Details'!$D$31=\"Self Assessment\"),AND(AE90=\"YES\",'Basic Details'!$D$31=\"Draft\")),1*IF(BB90=\"ERROR INPUT\",0+1,1),0)","v":0},null,"",null,null,null,null,"Attendance Register / AISHE DCF",null,null,null,null,null,null,null,null,null,null,null,null,null,null,null,null,null,null,null,"",null,"0-20","20-40","40-60","60-80","80-100",null,null,null,null,"C-2",83,4,1,4,0]
[null,null,84,null,"Percentage of working supporting staff to no. of posts-required-as-per-rules (including Lab bearers, gas man etc.).",null,null,"","",1,"","","","","","",0,20,20.0001,40,40.000100000000003,60,60.000100000000003,80,80.000100000000003,10000,{"$f":"IF(OR(AND(AE91=\"YES\",AF91=\"PHYSICALLY VERIFIED\"),AND(AE91=\"YES\",AF91=\"DOCUMENT VERIFIED\"),AND(AE91=\"YES\",'Basic Details'!$D$31=\"Self Assessment\"),AND(AE91=\"YES\",'Basic Details'!$D$31=\"Draft\")),1*IF(BB91=\"ERROR INPUT\",0+1,1),0)","v":0},null,"",null,null,null,null,"Attendance Register / AISHE DCF",null,null,null,null,null,null,null,null,null,null,null,null,null,null,null,null,null,null,null,"",null,"0-20","20-40","40-60","60-80","80-100",null,null,null,null,"C-2",84,4,1,4,0]
[null,null,85,null,"Working accounts personnel.",null,null,{"$f":"+F92","v":0},{"$f":"IF(F92=\"\",\"\",SUM(L92:P92))","v":""},0.5,"",{"$f":"IF(OR(H92=\"\",H92=\"NO\"),$L$5,\"\")","v":""},"","","",{"$f":"IF(H92=\"YES\",$P$5,\"\")","v":""},null,null,null,null,null,null,null,null,null,null,{"$f":"IF(OR(AND(AE92=\"YES\",AF92=\"PHYSICALLY VERIFIED\"),AND(AE92=\"YES\",AF92=\"DOCUMENT VERIFIED\"),AND(AE92=\"YES\",'Basic Details'!$D$31=\"Self Assessment\"),AND(AE92=\"YES\",'Basic Details'!$D$31=\"Draft\")),1*IF(BB92=\"ERROR INPUT\",0+1,1),0)","v":0},null,"",null,null,null,null,"Attendance Register",null,null,null,null,null,null,null,null,null,null,null,null,null,null,null,null,null,null,null,null,null,"NO",null,null,null,"Yes",null,null,null,null,"C-2",85,4,0.5,2,0]
[null,null,86,null,"Automation of offices.",null,null,0,"",0.25,{"$f":"IF(I93=\"\",\"\",+I93*J93*AA93)","v":""},{"$f":"IF(OR(H93=\"\",H93=\"NO\"),$L$5,\"\")","v":""},"","","",{"$f":"IF(H93=\"YES\",$P$5,\"\")","v":""},null,null,null,null,null,null,null,null,null,null,{"$f":"IF(OR(AND(AE93=\"YES\",AF93=\"PHYSICALLY VERIFIED\"),AND(AE93=\"YES\",AF93=\"DOCUMENT VERIFIED\"),AND(AE93=\"YES\",'Basic Details'!$D$31=\"Self Assessment\"),AND(AE93=\"YES\",'Basic Details'!$D$31=\"Draft\")),1*IF(BB93=\"ERROR INPUT\",0+1,1),0)","v":0},null,"",null,null,null,null,null,null,null,null,null,null,null,null,null,null,null,null,null,null,null,null,null,null,null,null,null,null,"NO",null,null,null,"Yes",null,null,null,null,"C-2",86,4,0.25,1,0,{"$f":"SUM(BP90:BP93)","v":2.75},{"$f":"SUM(BR90:BR93)","v":0},{"$f":"SUM(BQ90:BQ93)","v":11},{"$f":"SUM(BS65:BS93)","v":17},{"$f":"SUM(BT65:BT93)","v":0},{"$f":"SUM(BU65:BU93)","v":68}]
["D. Student Support and participation","D-1 Learning Support",87,null,"Library with or without e-library/inflibnet/delnet facility (Based on total Hits).",null,null,{"$f":"IF(F94=\"Yes Library No Facility\",1,IF(F94=\"yes library yes facility\",2,0))","v":0},"",0.5,"",{"$f":"IF($H94<$S94,$L$5,\"\")","v":""},{"$f":"IF(AND($H94<$U94,$H94>$R94),$M$5,\"\")","v":""},{"$f":"IF(AND($H94<$W94,$H94>$T94),$N$5,\"\")","v":""},{"$f":"IF(AND($H94<$Y94,$H94>$V94),$O$5,\"\")","v":""},{"$f":"IF(AND($H94<Z94,H94>X94),$P$5,\"\")","v":""},0,0,0,0,1,1,2,1,2,100,{"$f":"IF(OR(AND(AE94=\"YES\",AF94=\"PHYSICALLY VERIFIED\"),AND(AE94=\"YES\",AF94=\"DOCUMENT VERIFIED\"),AND(AE94=\"YES\",'Basic Details'!$D$31=\"Self Assessment\"),AND(AE94=\"YES\",'Basic Details'!$D$31=\"Draft\")),1*IF(BB94=\"ERROR INPUT\",0+1,1),0)","v":0},null,"",null,null,null,null,"To be verified physically by Peer Team",null,null,null,null,null,null,null,null,null,null,null,null,null,null,null,null,null,null,null,null,null,"No Library",null,"Yes Library, No Facility",null,"Yes Library, Yes Facility",null,null,null,null,"D-1",87,4,0.5,2,0]
[null,null,88,null,"Working Librarian.",null,null,{"$f":"+F95","v":0},"",0.25,"",{"$f":"IF(OR(H95=\"\",H95=\"NO\"),$L$5,\"\")","v":""},{"$f":"IF(AND($H95<$U95%,$H95>$R95%),$M$5,\"\")","v":""},{"$f":"IF(AND($H95<$W95%,$H95>$T95%),$N$5,\"\")","v":""},{"$f":"IF(AND($H95<$Y95%,$H95>$V95%),$O$5,\"\")","v":""},{"$f":"IF(H95=\"YES\",$P$5,\"\")","v":""},null,null,null,null,null,null,null,null,null,null,{"$f":"IF(OR(AND(AE95=\"YES\",AF95=\"PHYSICALLY VERIFIED\"),AND(AE95=\"YES\",AF95=\"DOCUMENT VERIFIED\"),AND(AE95=\"YES\",'Basic Details'!$D$31=\"Self Assessment\"),AND(AE95=\"YES\",'Basic Details'!$D$31=\"Draft\")),1*IF(BB95=\"ERROR INPUT\",0+1,1),0)","v":0},null,"",null,null,null,null,"Attendance Register",null,null,null,null,null,null,null,null,null,null,null,null,null,null,null,null,null,null,null,null,null,"No",null,null,null,"Yes",null,null,null,null,"D-1",88,4,0.25,1,0]
[null,null,89,null,"Whether library is automated.",null,null,0,"",0.25,"",{"$f":"IF(OR(H96=\"\",H96=\"NO\"),$L$5,\"\")","v":""},"","","",{"$f":"IF(H96=\"YES\",$P$5,\"\")","v":""},null,null,null,null,null,null,null,null,null,null,{"$f":"IF(OR(AND(AE96=\"YES\",AF96=\"PHYSICALLY VERIFIED\"),AND(AE96=\"YES\",AF96=\"DOCUMENT VERIFIED\"),AND(AE96=\"YES\",'Basic Details'!$D$31=\"Self Assessment\"),AND(AE96=\"YES\",'Basic Details'!$D$31=\"Draft\")),1*IF(BB96=\"ERROR INPUT\",0+1,1),0)","v":0},null,"",null,null,null,null,"Bar-coding, issuing of books using the software to be verified physically by Peer Team",null,null,null,null,null,null,null,null,null,null,null,null,null,null,null,null,null,null,null,null,null,"No",null,null,null,"Yes",null,null,null,null,"D-1",89,4,0.25,1,0]
[null,null,90,null,"Percentage of working Library staff against  no. of posts-required-as-per-rules",null,null,{"$f":"IF(F97=\"\",\"\",ROUND(F97/G97,4))","v":""},{"$f":"IF(OR(F97=\"\",G97=\"\",G97=0),\"\",SUM(L97:P97))","v":""},0.25,"",{"$f":"IF($H97<$S97%,$L$5,\"\")","v":""},"","","",{"$f":"IF(AND($H97<Z97%,H97>X97%),$P$5,\"\")","v":""},0,20,20.0001,40,40.000100000000003,60,60.000100000000003,80,80.000100000000003,10000,{"$f":"IF(OR(AND(AE97=\"YES\",AF97=\"PHYSICALLY VERIFIED\"),AND(AE97=\"YES\",AF97=\"DOCUMENT VERIFIED\"),AND(AE97=\"YES\",'Basic Details'!$D$31=\"Self Assessment\"),AND(AE97=\"YES\",'Basic Details'!$D$31=\"Draft\")),1*IF(BB97=\"ERROR INPUT\",0+1,1),0)","v":0},null,"",null,null,null,null,"Attendance Register",null,null,null,null,null,null,null,null,null,null,null,null,null,null,null,null,null,null,null,"",null,"0-20","20-40","40-60","60-80","80-100",null,null,null,null,"D-1",90,4,0.25,1,0]
[null,null,91,null,"Ratio of total books in library to total No. of students.",null,{"$f":"IF(F98=\"\",\"\",+$F$7)","v":""},{"$f":"IF(F98=0,\"\",ROUND(F98/G98,4))","v":""},"",0.5,"",{"$f":"IF($H98<$S98,$L$5,\"\")","v":""},{"$f":"IF(AND($H98<$U98,$H98>$R98),$M$5,\"\")","v":""},{"$f":"IF(AND($H98<$W98,$H98>$T98),$N$5,\"\")","v":""},{"$f":"IF(AND($H98<$Y98,$H98>$V98),$O$5,\"\")","v":""},{"$f":"IF(AND($H98<Z98,H98>X98),$P$5,\"\")","v":""},0,0,1E-4,2.9998999999999998,3,3.9998999999999998,4,4.9999000000000002,5,10000,{"$f":"IF(OR(AND(AE98=\"YES\",AF98=\"PHYSICALLY VERIFIED\"),AND(AE98=\"YES\",AF98=\"DOCUMENT VERIFIED\"),AND(AE98=\"YES\",'Basic Details'!$D$31=\"Self Assessment\"),AND(AE98=\"YES\",'Basic Details'!$D$31=\"Draft\")),1*IF(BB98=\"ERROR INPUT\",0+1,1),0)","v":0},null,"",null,null,null,null,"Library stock register",null,null,null,null,null,null,null,null,null,null,null,null,null,null,null,null,null,null,null,null,null,0,"More than 0 and less than 3","3-4","4-5","5 & Above",null,null,null,null,"D-1",91,4,0.5,2,0]
[null,null,92,null,"No. of Reading Rooms.",null,null,{"$f":"+F99","v":0},{"$f":"IF(F99=\"\",\"\",SUM(L99:P99))","v":""},0.5,"",{"$f":"IF($H99<$S99,$L$5,\"\")","v":0},{"$f":"IF(AND($H99<$U99,$H99>$R99),$M$5,\"\")","v":""},{"$f":"IF(AND($H99<$W99,$H99>$T99),$N$5,\"\")","v":""},{"$f":"IF(AND($H99<$Y99,$H99>$V99),$O$5,\"\")","v":""},{"$f":"IF(AND($H99<Z99,H99>X99),$P$5,\"\")","v":""},0,0.999,0.999,0.999,1,1.9999,2,1.9999,2,10000,{"$f":"IF(OR(AND(AE99=\"YES\",AF99=\"PHYSICALLY VERIFIED\"),AND(AE99=\"YES\",AF99=\"DOCUMENT VERIFIED\"),AND(AE99=\"YES\",'Basic Details'!$D$31=\"Self Assessment\"),AND(AE99=\"YES\",'Basic Details'!$D$31=\"Draft\")),1*IF(BB99=\"ERROR INPUT\",0+1,1),0)","v":0},null,"",null,null,null,null,"Required furniture and display stands to be verified physically by Peer Team",null,null,null,null,null,null,null,null,null,null,null,null,null,null,null,null,null,null,null,null,null,0,null,1,null,"2 & Above",null,null,null,null,"D-1",92,4,0.5,2,0]
[null,null,93,null,"No. of copies of News papers subscribed per 100 students.",null,{"$f":"IF(F100=\"\",\"\",+$F$7)","v":""},{"$f":"IF(F100=0,\"\",ROUND(F100/G100,4))","v":""},{"$f":"IF(OR(F100=\"\",G100=\"\",G100=0),\"\",SUM(L100:P100))","v":""},0.25,"",{"$f":"IF($H100<$S100,$L$5,\"\")","v":""},{"$f":"IF(AND($H100<$U100,$H100>$R100),$M$5,\"\")","v":""},{"$f":"IF(AND($H100<$W100,$H100>$T100),$N$5,\"\")","v":""},{"$f":"IF(AND($H100<$Y100,$H100>$V100),$O$5,\"\")","v":""},{"$f":"IF(AND($H100<Z100,H100>X100),$P$5,\"\")","v":""},0,0,1,1,2,2,3,3,4,10000,{"$f":"IF(OR(AND(AE100=\"YES\",AF100=\"PHYSICALLY VERIFIED\"),AND(AE100=\"YES\",AF100=\"DOCUMENT VERIFIED\"),AND(AE100=\"YES\",'Basic Details'!$D$31=\"Self Assessment\"),AND(AE100=\"YES\",'Basic Details'!$D$31=\"Draft\")),1*IF(BB100=\"ERROR INPUT\",0+1,1),0)","v":0},null,"",null,null,null,null,"Number of copies of last 2 months to be verified physically by Peer Team",null,null,null,null,null,null,null,null,null,null,null,null,null,null,null,null,null,null,null,null,null,0,1,2,3,"4 & Above",null,null,null,null,"D-1",93,4,0.25,1,0]
[null,null,94,null,"Subscription of employment News paper.",null,null,{"$f":"+F101","v":0},{"$f":"IF(F101=\"\",\"\",SUM(L101:P101))","v":""},0.25,"",{"$f":"IF(OR(H101=\"\",H101=\"NO\"),$L$5,\"\")","v":""},{"$f":"IF(AND($H101<$U101%,$H101>$R101%),$M$5,\"\")","v":""},{"$f":"IF(AND($H101<$W101%,$H101>$T101%),$N$5,\"\")","v":""},{"$f":"IF(AND($H101<$Y101%,$H101>$V101%),$O$5,\"\")","v":""},{"$f":"IF(H101=\"YES\",$P$5,\"\")","v":""},null,null,null,null,null,null,null,null,null,null,{"$f":"IF(OR(AND(AE101=\"YES\",AF101=\"PHYSICALLY VERIFIED\"),AND(AE101=\"YES\",AF101=\"DOCUMENT VERIFIED\"),AND(AE101=\"YES\",'Basic Details'!$D$31=\"Self Assessment\"),AND(AE101=\"YES\",'Basic Details'!$D$31=\"Draft\")),1*IF(BB101=\"ERROR INPUT\",0+1,1),0)","v":0},null,"",null,null,null,null,"Number of copies of last 2 months to be verified physically by Peer Team",null,null,null,null,null,null,null,null,null,null,null,null,null,null,null,null,null,null,null,null,null,"No",null,null,null,"Yes",null,null,null,null,"D-1",94,4,0.25,1,0]
[null,null,95,null,"No. of magazines subscribed.",null,null,{"$f":"+F102","v":0},{"$f":"IF(F102=\"\",\"\",SUM(L102:P102))","v":""},0.25,"",{"$f":"IF($H102<$S102,$L$5,\"\")","v":0},{"$f":"IF(AND($H102<$U102,$H102>$R102),$M$5,\"\")","v":""},{"$f":"IF(AND($H102<$W102,$H102>$T102),$N$5,\"\")","v":""},{"$f":"IF(AND($H102<$Y102,$H102>$V102),$O$5,\"\")","v":""},{"$f":"IF(AND($H102<Z102,H102>X102),$P$5,\"\")","v":""},0,0,1,3,4,6,7,9,10,10000,{"$f":"IF(OR(AND(AE102=\"YES\",AF102=\"PHYSICALLY VERIFIED\"),AND(AE102=\"YES\",AF102=\"DOCUMENT VERIFIED\"),AND(AE102=\"YES\",'Basic Details'!$D$31=\"Self Assessment\"),AND(AE102=\"YES\",'Basic Details'!$D$31=\"Draft\")),1*IF(BB102=\"ERROR INPUT\",0+1,1),0)","v":0},null,"",null,null,null,null,"Latest and few earlier editions to be verified physically by Peer Team",null,null,null,null,null,null,null,null,null,null,null,null,null,null,null,null,null,null,null,null,null,0,"1-3","4-6","7-9","10 & Above",null,null,null,null,"D-1",95,4,0.25,1,0]
[null,null,96,null,"Number of journals subscribed per subject by the college.",null,{"$f":"+$G$77","v":0},{"$f":"IF(F103=0,\"\",ROUND(F103/G103,4))","v":""},{"$f":"IF(OR(F103=\"\",G103=\"\",G103=0),\"\",SUM(L103:P103))","v":""},0.25,"",{"$f":"IF($H103<$S103,$L$5,\"\")","v":""},{"$f":"IF(AND($H103<$U103,$H103>$R103),$M$5,\"\")","v":""},{"$f":"IF(AND($H103<$W103,$H103>$T103),$N$5,\"\")","v":""},{"$f":"IF(AND($H103<$Y103,$H103>$V103),$O$5,\"\")","v":""},{"$f":"IF(AND($H103<Z103,H103>X103),$P$5,\"\")","v":""},0,0,1,1,2,2,3,3,4,10000,{"$f":"IF(OR(AND(AE103=\"YES\",AF103=\"PHYSICALLY VERIFIED\"),AND(AE103=\"YES\",AF103=\"DOCUMENT VERIFIED\"),AND(AE103=\"YES\",'Basic Details'!$D$31=\"Self Assessment\"),AND(AE103=\"YES\",'Basic Details'!$D$31=\"Draft\")),1*IF(BB103=\"ERROR INPUT\",0+1,1),0)","v":0},null,"",null,null,null,null,"Latest and few earlier editions to be verified physically by Peer Team",null,null,null,null,null,null,null,null,null,null,null,null,null,null,null,null,null,null,null,null,null,0,1,2,3,"4 & Above",null,null,null,null,"D-1",96,4,0.25,1,0]
[null,null,97,null,"Log book is maintained regularly in the library.",null,null,{"$f":"+F104","v":0},{"$f":"IF(F104=\"\",\"\",SUM(L104:P104))","v":""},0.5,"",{"$f":"IF(OR(H104=\"\",H104=\"NO\"),$L$5,\"\")","v":""},{"$f":"IF(AND($H104<$U104%,$H104>$R104%),$M$5,\"\")","v":""},{"$f":"IF(AND($H104<$W104%,$H104>$T104%),$N$5,\"\")","v":""},{"$f":"IF(AND($H104<$Y104%,$H104>$V104%),$O$5,\"\")","v":""},{"$f":"IF(H104=\"YES\",$P$5,\"\")","v":""},null,null,null,null,null,null,null,null,null,null,{"$f":"IF(OR(AND(AE104=\"YES\",AF104=\"PHYSICALLY VERIFIED\"),AND(AE104=\"YES\",AF104=\"DOCUMENT VERIFIED\"),AND(AE104=\"YES\",'Basic Details'!$D$31=\"Self Assessment\"),AND(AE104=\"YES\",'Basic Details'!$D$31=\"Draft\")),1*IF(BB104=\"ERROR INPUT\",0+1,1),0)","v":0},null,"",null,null,null,null,null,null,null,null,null,null,null,null,null,null,null,null,null,null,null,null,null,null,null,null,null,null,"No",null,"Yes",null,null,null,null,null,null,"D-1",97,4,0.5,2,0,{"$f":"SUM(BP94:BP104)","v":3.75},{"$f":"SUM(BR94:BR104)","v":0},{"$f":"SUM(BQ94:BQ104)","v":15}]
["D. Student Support and participation","D-2 Counseling and Mentoring",98,null,"Percentage of Students guided through Counselling cell (includes mental health counselling and career counselling).",null,{"$f":"IF(F105=\"\",\"\",+$F$7)","v":""},{"$f":"IF(F105=\"\",\"\",ROUND(F105/G105,4))","v":""},"",0.25,"",{"$f":"IF($H105<$S105%,$L$5,\"\")","v":""},{"$f":"IF(AND($H105<$U105%,$H105>$R105%),$M$5,\"\")","v":""},{"$f":"IF(AND($H105<$W105%,$H105>$T105%),$N$5,\"\")","v":""},{"$f":"IF(AND($H105<$Y105%,$H105>$V105%),$O$5,\"\")","v":""},{"$f":"IF(AND($H105<Z105%,H105>X105%),$P$5,\"\")","v":""},0,0,1E-4,1.9999,2,3.9998999999999998,4,5.9999000000000002,6,10000,{"$f":"IF(OR(AND(AE105=\"YES\",AF105=\"PHYSICALLY VERIFIED\"),AND(AE105=\"YES\",AF105=\"DOCUMENT VERIFIED\"),AND(AE105=\"YES\",'Basic Details'!$D$31=\"Self Assessment\"),AND(AE105=\"YES\",'Basic Details'!$D$31=\"Draft\")),1*IF(BB105=\"ERROR INPUT\",0+1,1),0)","v":0},null,"",null,null,null,null,"Register / Relevant document for number of students guided along with field",null,null,null,null,null,null,null,null,null,null,null,null,null,null,null,null,null,null,null,"",null,0,"More than 0 but less than 2","2-4","4-6","6 & Above",null,null,null,null,"D-2",98,4,0.25,1,0]
[null,null,99,null,"Sports Ground.",null,null,{"$f":"+F106","v":0},{"$f":"IF(F106=\"\",\"\",SUM(L106:P106))","v":""},0.25,"",{"$f":"IF(OR(H106=\"\",H106=\"NO\"),$L$5,\"\")","v":""},{"$f":"IF(AND($H106<$U106%,$H106>$R106%),$M$5,\"\")","v":""},{"$f":"IF(AND($H106<$W106%,$H106>$T106%),$N$5,\"\")","v":""},{"$f":"IF(AND($H106<$Y106%,$H106>$V106%),$O$5,\"\")","v":""},{"$f":"IF(H106=\"YES\",$P$5,\"\")","v":""},null,null,null,null,null,null,null,null,null,null,{"$f":"IF(OR(AND(AE106=\"YES\",AF106=\"PHYSICALLY VERIFIED\"),AND(AE106=\"YES\",AF106=\"DOCUMENT VERIFIED\"),AND(AE106=\"YES\",'Basic Details'!$D$31=\"Self Assessment\"),AND(AE106=\"YES\",'Basic Details'!$D$31=\"Draft\")),1*IF(BB106=\"ERROR INPUT\",0+1,1),0)","v":0},null,"",null,null,null,null,"To be verified physically by Peer Team",null,null,null,null,null,null,null,null,null,null,null,null,null,null,null,null,null,null,null,null,null,"No",null,null,null,"Yes",null,null,null,null,"D-2",99,4,0.25,1,0]
[null,null,100,null,"Working Director Physical Education.",null,null,0,"",0.25,"",{"$f":"IF(OR(H107=\"\",H107=\"NO\"),$L$5,\"\")","v":""},"","","",{"$f":"IF(H107=\"YES\",$P$5,\"\")","v":""},null,null,null,null,null,null,null,null,null,null,{"$f":"IF(OR(AND(AE107=\"YES\",AF107=\"PHYSICALLY VERIFIED\"),AND(AE107=\"YES\",AF107=\"DOCUMENT VERIFIED\"),AND(AE107=\"YES\",'Basic Details'!$D$31=\"Self Assessment\"),AND(AE107=\"YES\",'Basic Details'!$D$31=\"Draft\")),1*IF(BB107=\"ERROR INPUT\",0+1,1),0)","v":0},null,"",null,null,null,null,"Attendance Register",null,null,null,null,null,null,null,null,null,null,null,null,null,null,null,null,null,null,null,null,null,"No",null,null,null,"Yes",null,null,null,null,"D-2",100,4,0.25,1,0]
[null,null,101,null,"No. of games for which complete set of equipments and gears available.",null,null,0,"",0.5,"",{"$f":"IF($H108<$S108,$L$5,\"\")","v":0},{"$f":"IF(AND($H108<$U108,$H108>$R108),$M$5,\"\")","v":""},{"$f":"IF(AND($H108<$W108,$H108>$T108),$N$5,\"\")","v":""},{"$f":"IF(AND($H108<$Y108,$H108>$V108),$O$5,\"\")","v":""},{"$f":"IF(AND($H108<Z108,H108>X108),$P$5,\"\")","v":""},0,2,3,3,4,6,7,9,10,10000,{"$f":"IF(OR(AND(AE108=\"YES\",AF108=\"PHYSICALLY VERIFIED\"),AND(AE108=\"YES\",AF108=\"DOCUMENT VERIFIED\"),AND(AE108=\"YES\",'Basic Details'!$D$31=\"Self Assessment\"),AND(AE108=\"YES\",'Basic Details'!$D$31=\"Draft\")),1*IF(BB108=\"ERROR INPUT\",0+1,1),0)","v":0},null,"",null,null,null,null,"Gears and equipments randomly to be verified physically by Peer Team",null,null,null,null,null,null,null,null,null,null,null,null,null,null,null,null,null,null,null,null,null,0,3,"4-6","7-9","10 & Above",null,null,null,null,"D-2",101,4,0.5,2,0]
[null,null,102,null,"Total No. of students benefited by issuing of sports equipments and gears.",null,null,0,"",0.5,"",{"$f":"IF($H109<$S109,$L$5,\"\")","v":0},{"$f":"IF(AND($H109<$U109,$H109>$R109),$M$5,\"\")","v":""},{"$f":"IF(AND($H109<$W109,$H109>$T109),$N$5,\"\")","v":""},{"$f":"IF(AND($H109<$Y109,$H109>$V109),$O$5,\"\")","v":""},{"$f":"IF(AND($H109<Z109,H109>X109),$P$5,\"\")","v":""},0,0,1,49,50,99,100,199,200,10000,{"$f":"IF(OR(AND(AE109=\"YES\",AF109=\"PHYSICALLY VERIFIED\"),AND(AE109=\"YES\",AF109=\"DOCUMENT VERIFIED\"),AND(AE109=\"YES\",'Basic Details'!$D$31=\"Self Assessment\"),AND(AE109=\"YES\",'Basic Details'!$D$31=\"Draft\")),1*IF(BB109=\"ERROR INPUT\",0+1,1),0)","v":0},null,"",null,null,null,null,"Issue register",null,null,null,null,null,null,null,null,null,null,null,null,null,null,null,null,null,null,null,null,null,0,"More than 0 but less than 50","50-100","100-200","200 & Above",null,null,null,null,"D-2",102,4,0.5,2,0]
[null,null,103,null,"No. of events at Inter-college / University / National and International level in which college participated.",null,null,0,"",0.5,"",{"$f":"IF($H110<$S110,$L$5,\"\")","v":0},{"$f":"IF(AND($H110<$U110,$H110>$R110),$M$5,\"\")","v":""},{"$f":"IF(AND($H110<$W110,$H110>$T110),$N$5,\"\")","v":""},{"$f":"IF(AND($H110<$Y110,$H110>$V110),$O$5,\"\")","v":""},{"$f":"IF(AND($H110<Z110,H110>X110),$P$5,\"\")","v":""},0,0,1,5,6,10,11,15,16,10000,{"$f":"IF(OR(AND(AE110=\"YES\",AF110=\"PHYSICALLY VERIFIED\"),AND(AE110=\"YES\",AF110=\"DOCUMENT VERIFIED\"),AND(AE110=\"YES\",'Basic Details'!$D$31=\"Self Assessment\"),AND(AE110=\"YES\",'Basic Details'!$D$31=\"Draft\")),1*IF(BB110=\"ERROR INPUT\",0+1,1),0)","v":0},null,"",null,null,null,null,"Copies of documentary proof (Make a list of such events)",null,null,null,null,null,null,null,null,null,null,null,null,null,null,null,null,null,null,null,null,null,0,"1-5","6-10","11-15","16 & Above",null,null,null,null,"D-2",103,4,0.5,2,0]
[null,null,104,null,"No. of prizes won by college at  state / University level sports/ games.",null,null,0,"",0.5,"",{"$f":"IF($H111<$S111,$L$5,\"\")","v":0},{"$f":"IF(AND($H111<$U111,$H111>$R111),$M$5,\"\")","v":""},{"$f":"IF(AND($H111<$W111,$H111>$T111),$N$5,\"\")","v":""},{"$f":"IF(AND($H111<$Y111,$H111>$V111),$O$5,\"\")","v":""},{"$f":"IF(AND($H111<Z111,H111>X111),$P$5,\"\")","v":""},0,0,1,2,3,5,6,8,9,10000,{"$f":"IF(OR(AND(AE111=\"YES\",AF111=\"PHYSICALLY VERIFIED\"),AND(AE111=\"YES\",AF111=\"DOCUMENT VERIFIED\"),AND(AE111=\"YES\",'Basic Details'!$D$31=\"Self Assessment\"),AND(AE111=\"YES\",'Basic Details'!$D$31=\"Draft\")),1*IF(BB111=\"ERROR INPUT\",0+1,1),0)","v":0},null,"",null,null,null,null,"Copies of documentary proof / Certificates (Make a list of such events)",null,null,null,null,null,null,null,null,null,null,null,null,null,null,null,null,null,null,null,null,null,0,"1-2","3-5","6-8","9 & Above",null,null,null,null,"D-2",104,4,0.5,2,0]
[null,null,105,null,"No. of prizes won by college at National and International level sports/ games.",null,null,0,"",0.5,"",{"$f":"IF($H112<$S112,$L$5,\"\")","v":0},{"$f":"IF(AND($H112<$U112,$H112>$R112),$M$5,\"\")","v":""},{"$f":"IF(AND($H112<$W112,$H112>$T112),$N$5,\"\")","v":""},{"$f":"IF(AND($H112<$Y112,$H112>$V112),$O$5,\"\")","v":""},{"$f":"IF(AND($H112<Z112,H112>X112),$P$5,\"\")","v":""},0,0,1,2,3,5,6,8,9,10000,{"$f":"IF(OR(AND(AE112=\"YES\",AF112=\"PHYSICALLY VERIFIED\"),AND(AE112=\"YES\",AF112=\"DOCUMENT VERIFIED\"),AND(AE112=\"YES\",'Basic Details'!$D$31=\"Self Assessment\"),AND(AE112=\"YES\",'Basic Details'!$D$31=\"Draft\")),1*IF(BB112=\"ERROR INPUT\",0+1,1),0)","v":0},null,"",null,null,null,null,null,null,null,null,null,null,null,null,null,null,null,null,null,null,null,null,null,null,null,null,null,null,0,"1-2","3-5","6-8","9 & Above",null,null,null,null,"D-2",105,4,0.5,2,0]
[null,null,106,null,"No. of prizes won by college at Regional Cultural, Litrary events and NSS, NCC, Rover, Ranger  programes.",null,null,0,"",0.25,"",0,"","","","",0,0,1,2,3,5,6,8,9,10000,{"$f":"IF(OR(AND(AE113=\"YES\",AF113=\"PHYSICALLY VERIFIED\"),AND(AE113=\"YES\",AF113=\"DOCUMENT VERIFIED\"),AND(AE113=\"YES\",'Basic Details'!$D$31=\"Self Assessment\"),AND(AE113=\"YES\",'Basic Details'!$D$31=\"Draft\")),1*IF(BB113=\"ERROR INPUT\",0+1,1),0)","v":0},null,"",null,null,null,null,null,null,null,null,null,null,null,null,null,null,null,null,null,null,null,null,null,null,null,null,null,null,0,"1-2","3-5","6-8","9 & Above",null,null,null,null,"D-2",106,4,0.25,1,0]
["D. Student Support and participation","D-2 Counseling and Mentoring",107,null,"No. of prizes won by college at  National/International Cultural, Litrary events and NSS , NCC, Rover, Ranger  programes.",null,null,0,"",0.5,"",0,"","","","",0,0,1,2,3,5,6,8,9,10000,{"$f":"IF(OR(AND(AE114=\"YES\",AF114=\"PHYSICALLY VERIFIED\"),AND(AE114=\"YES\",AF114=\"DOCUMENT VERIFIED\"),AND(AE114=\"YES\",'Basic Details'!$D$31=\"Self Assessment\"),AND(AE114=\"YES\",'Basic Details'!$D$31=\"Draft\")),1*IF(BB114=\"ERROR INPUT\",0+1,1),0)","v":0},null,"",null,null,null,null,null,null,null,null,null,null,null,null,null,null,null,null,null,null,null,null,null,null,null,null,null,null,0,"1-2","3-5","6-8","9 & Above",null,null,null,null,"D-2",107,4,0.5,2,0]
[null,null,null,null,null,null,null,null,null,null,null,null,null,null,null,null,null,null,null,null,null,null,null,null,null,null,null,null,null,null,null,null,null,null,null,null,null,null,null,null,null,null,null,null,null,null,null,null,null,null,null,null,null,null,null,null,null,null,null,null,null,null,null,null,"D-2",0,4,0,0,0]
[null,null,{"$f":"1+C114","v":108},null,"Prizes won/Awards received by any teaching/non teaching staff (Local / State / National / International).",null,null,0,"",0.25,"",{"$f":"IF($H116<$S116,$L$5,\"\")","v":0},{"$f":"IF(AND($H116<$U116,$H116>$R116),$M$5,\"\")","v":""},{"$f":"IF(AND($H116<$W116,$H116>$T116),$N$5,\"\")","v":""},{"$f":"IF(AND($H116<$Y116,$H116>$V116),$O$5,\"\")","v":""},{"$f":"IF(AND($H116<Z116,H116>X116),$P$5,\"\")","v":""},0,0,1,1,2,2,3,3,4,10000,{"$f":"IF(OR(AND(AE116=\"YES\",AF116=\"PHYSICALLY VERIFIED\"),AND(AE116=\"YES\",AF116=\"DOCUMENT VERIFIED\"),AND(AE116=\"YES\",'Basic Details'!$D$31=\"Self Assessment\"),AND(AE116=\"YES\",'Basic Details'!$D$31=\"Draft\")),1*IF(BB116=\"ERROR INPUT\",0+1,1),0)","v":0},null,"",null,null,null,null,null,null,null,null,null,null,null,null,null,null,null,null,null,null,null,null,null,null,null,null,null,null,"No","Local Level","State Level","Natational Level","International Level",null,null,null,null,"D-2",108,4,0.25,1,0]
[null,null,109,null,"Activities organised by Grievence Redressal Cell.",null,null,0,"",0.25,"",{"$f":"IF(OR(H117=\"\",H117=\"NO\"),$L$5,\"\")","v":""},{"$f":"IF(AND($H117<$U117%,$H117>$R117%),$M$5,\"\")","v":""},{"$f":"IF(AND($H117<$W117%,$H117>$T117%),$N$5,\"\")","v":""},{"$f":"IF(AND($H117<$Y117%,$H117>$V117%),$O$5,\"\")","v":""},{"$f":"IF(H117=\"YES\",$P$5,\"\")","v":""},null,null,null,null,null,null,null,null,null,null,{"$f":"IF(OR(AND(AE117=\"YES\",AF117=\"PHYSICALLY VERIFIED\"),AND(AE117=\"YES\",AF117=\"DOCUMENT VERIFIED\"),AND(AE117=\"YES\",'Basic Details'!$D$31=\"Self Assessment\"),AND(AE117=\"YES\",'Basic Details'!$D$31=\"Draft\")),1*IF(BB117=\"ERROR INPUT\",0+1,1),0)","v":0},null,"",null,null,null,null,null,null,null,null,null,null,null,null,null,null,null,null,null,null,null,null,null,null,null,null,null,null,"No",null,null,null,"Yes",null,null,null,null,"D-2",109,4,0.25,1,0]
[null,null,110,null,"Activities performed by Anti ragging cell.",null,null,0,"",0.25,"","","","","","",null,null,null,null,null,null,null,null,null,null,{"$f":"IF(OR(AND(AE118=\"YES\",AF118=\"PHYSICALLY VERIFIED\"),AND(AE118=\"YES\",AF118=\"DOCUMENT VERIFIED\"),AND(AE118=\"YES\",'Basic Details'!$D$31=\"Self Assessment\"),AND(AE118=\"YES\",'Basic Details'!$D$31=\"Draft\")),1*IF(BB118=\"ERROR INPUT\",0+1,1),0)","v":0},null,"",null,null,null,null,"College orders to this effect",null,null,null,null,null,null,null,null,null,null,null,null,null,null,null,null,null,null,null,null,null,"No",null,null,null,"Yes",null,null,null,null,"D-2",110,4,0.25,1,0]
[null,null,111,null,"Activities organised by Women cell.",null,null,0,"",0.25,"","","","","","",null,null,null,null,null,null,null,null,null,null,{"$f":"IF(OR(AND(AE119=\"YES\",AF119=\"PHYSICALLY VERIFIED\"),AND(AE119=\"YES\",AF119=\"DOCUMENT VERIFIED\"),AND(AE119=\"YES\",'Basic Details'!$D$31=\"Self Assessment\"),AND(AE119=\"YES\",'Basic Details'!$D$31=\"Draft\")),1*IF(BB119=\"ERROR INPUT\",0+1,1),0)","v":0},null,"",null,null,null,null,"College orders to this effect AND Copies of documents / photographs / reports",null,null,null,null,null,null,null,null,null,null,null,null,null,null,null,null,null,null,null,null,null,"No",null,null,null,"Yes",null,null,null,null,"D-2",111,4,0.25,1,0]
[null,null,112,null,"Activities organised by Student Advisory cell.",null,null,0,"",0.25,"","","","","","",null,null,null,null,null,null,null,null,null,null,{"$f":"IF(OR(AND(AE120=\"YES\",AF120=\"PHYSICALLY VERIFIED\"),AND(AE120=\"YES\",AF120=\"DOCUMENT VERIFIED\"),AND(AE120=\"YES\",'Basic Details'!$D$31=\"Self Assessment\"),AND(AE120=\"YES\",'Basic Details'!$D$31=\"Draft\")),1*IF(BB120=\"ERROR INPUT\",0+1,1),0)","v":0},null,"",null,null,null,null,null,null,null,null,null,null,null,null,null,null,null,null,null,null,null,null,null,null,null,null,null,null,"No",null,null,null,"Yes",null,null,null,null,"D-2",112,4,0.25,1,0]
[null,null,113,null,"Activities organised by Amensty cell.",null,null,0,"",0.25,"","","","","","",null,null,null,null,null,null,null,null,null,null,{"$f":"IF(OR(AND(AE121=\"YES\",AF121=\"PHYSICALLY VERIFIED\"),AND(AE121=\"YES\",AF121=\"DOCUMENT VERIFIED\"),AND(AE121=\"YES\",'Basic Details'!$D$31=\"Self Assessment\"),AND(AE121=\"YES\",'Basic Details'!$D$31=\"Draft\")),1*IF(BB121=\"ERROR INPUT\",0+1,1),0)","v":0},null,"",null,null,null,null,null,null,null,null,null,null,null,null,null,null,null,null,null,null,null,null,null,null,null,null,null,null,"No",null,null,null,"Yes",null,null,null,null,"D-2",113,4,0.25,1,0]
[null,null,114,null,"Sexual harassment and Internal  complaint cell.",null,null,0,"",0.25,"","","","","","",null,null,null,null,null,null,null,null,null,null,{"$f":"IF(OR(AND(AE122=\"YES\",AF122=\"PHYSICALLY VERIFIED\"),AND(AE122=\"YES\",AF122=\"DOCUMENT VERIFIED\"),AND(AE122=\"YES\",'Basic Details'!$D$31=\"Self Assessment\"),AND(AE122=\"YES\",'Basic Details'!$D$31=\"Draft\")),1*IF(BB122=\"ERROR INPUT\",0+1,1),0)","v":0},null,"",null,null,null,null,"College orders to this effect AND Copies of documents / photographs / reports",null,null,null,null,null,null,null,null,null,null,null,null,null,null,null,null,null,null,null,null,null,"No",null,null,null,"Yes",null,null,null,null,"D-2",114,4,0.25,1,0]
["D. Student Support and participation","D-2 Counseling and Mentoring",115,null,"Total No. of Extra-curricular activities organised.",null,null,{"$f":"+F123","v":0},"",1,"",{"$f":"IF($H123<$S123,$L$5,\"\")","v":0},{"$f":"IF(AND($H123<$U123,$H123>$R123),$M$5,\"\")","v":""},{"$f":"IF(AND($H123<$W123,$H123>$T123),$N$5,\"\")","v":""},{"$f":"IF(AND($H123<$Y123,$H123>$V123),$O$5,\"\")","v":""},{"$f":"IF(AND($H123<Z123,H123>X123),$P$5,\"\")","v":""},0,0,1,5,6,10,11,15,16,10000,{"$f":"IF(OR(AND(AE123=\"YES\",AF123=\"PHYSICALLY VERIFIED\"),AND(AE123=\"YES\",AF123=\"DOCUMENT VERIFIED\"),AND(AE123=\"YES\",'Basic Details'!$D$31=\"Self Assessment\"),AND(AE123=\"YES\",'Basic Details'!$D$31=\"Draft\")),1*IF(BB123=\"ERROR INPUT\",0+1,1),0)","v":0},null,"",null,null,null,null,"Copies of news / photographs / reports of events (Make a list of such events with name, purpose and documents)",null,null,null,null,null,null,null,null,null,null,null,null,null,null,null,null,null,null,null,null,null,0,"1-5","5-10","10-15","15 & Above",null,null,null,null,"D-2",115,4,1,4,0]
[null,null,116,null,"Activities of Entrepreneurship / Skill Development promotional cell in the college.",null,null,{"$f":"+F124","v":0},"",0.25,"",{"$f":"IF(OR(H124=\"\",H124=\"NO\"),$L$5,\"\")","v":""},{"$f":"IF(AND($H124<$U124%,$H124>$R124%),$M$5,\"\")","v":""},{"$f":"IF(AND($H124<$W124%,$H124>$T124%),$N$5,\"\")","v":""},{"$f":"IF(AND($H124<$Y124%,$H124>$V124%),$O$5,\"\")","v":""},{"$f":"IF(H124=\"YES\",$P$5,\"\")","v":""},null,null,null,null,null,null,null,null,null,null,{"$f":"IF(OR(AND(AE124=\"YES\",AF124=\"PHYSICALLY VERIFIED\"),AND(AE124=\"YES\",AF124=\"DOCUMENT VERIFIED\"),AND(AE124=\"YES\",'Basic Details'!$D$31=\"Self Assessment\"),AND(AE124=\"YES\",'Basic Details'!$D$31=\"Draft\")),1*IF(BB124=\"ERROR INPUT\",0+1,1),0)","v":0},null,"",null,null,null,null,"College orders to this effect AND Copies of documents / photographs / reports of activities",null,null,null,null,null,null,null,null,null,null,null,null,null,null,null,null,null,null,null,null,null,"No",null,null,null,"Yes",null,null,null,null,"D-2",116,4,0.25,1,0]
[null,null,117,null,"Activities of NSS units in the college.",null,null,0,"",0.5,"",{"$f":"IF(OR(H125=\"\",H125=\"NO\"),$L$5,\"\")","v":""},"","","",{"$f":"IF(H125=\"YES\",$P$5,\"\")","v":""},null,null,null,null,null,null,null,null,null,null,{"$f":"IF(OR(AND(AE125=\"YES\",AF125=\"PHYSICALLY VERIFIED\"),AND(AE125=\"YES\",AF125=\"DOCUMENT VERIFIED\"),AND(AE125=\"YES\",'Basic Details'!$D$31=\"Self Assessment\"),AND(AE125=\"YES\",'Basic Details'!$D$31=\"Draft\")),1*IF(BB125=\"ERROR INPUT\",0+1,1),0)","v":0},null,"",null,null,null,null,"Visit units and see activity documents",null,null,null,null,null,null,null,null,null,null,null,null,null,null,null,null,null,null,null,null,null,"No",null,null,null,"Yes",null,null,null,null,"D-2",117,4,0.5,2,0]
[null,null,118,null,"Activities of Rover/ Ranger unit.",null,null,0,"",0.5,"",{"$f":"IF(OR(H126=\"\",H126=\"NO\"),$L$5,\"\")","v":""},"","","",{"$f":"IF(H126=\"YES\",$P$5,\"\")","v":""},null,null,null,null,null,null,null,null,null,null,{"$f":"IF(OR(AND(AE126=\"YES\",AF126=\"PHYSICALLY VERIFIED\"),AND(AE126=\"YES\",AF126=\"DOCUMENT VERIFIED\"),AND(AE126=\"YES\",'Basic Details'!$D$31=\"Self Assessment\"),AND(AE126=\"YES\",'Basic Details'!$D$31=\"Draft\")),1*IF(BB126=\"ERROR INPUT\",0+1,1),0)","v":0},null,"",null,null,null,null,"Visit units and see activity documents",null,null,null,null,null,null,null,null,null,null,null,null,null,null,null,null,null,null,null,null,null,"No",null,null,null,"Yes",null,null,null,null,"D-2",118,4,0.5,2,0]
[null,null,119,null,"Activities of NCC unit in the college.",null,null,0,"",0.5,"",{"$f":"IF(OR(H127=\"\",H127=\"NO\"),$L$5,\"\")","v":""},"","","",{"$f":"IF(H127=\"YES\",$P$5,\"\")","v":""},null,null,null,null,null,null,null,null,null,null,{"$f":"IF(OR(AND(AE127=\"YES\",AF127=\"PHYSICALLY VERIFIED\"),AND(AE127=\"YES\",AF127=\"DOCUMENT VERIFIED\"),AND(AE127=\"YES\",'Basic Details'!$D$31=\"Self Assessment\"),AND(AE127=\"YES\",'Basic Details'!$D$31=\"Draft\")),1*IF(BB127=\"ERROR INPUT\",0+1,1),0)","v":0},null,"",null,null,null,null,"Visit units and see activity documents",null,null,null,null,null,null,null,null,null,null,null,null,null,null,null,null,null,null,null,null,null,"No",null,null,null,"Yes",null,null,null,null,"D-2",119,4,0.5,2,0]
[null,null,120,null,"Employment/ job vacancy display board for students.",null,null,0,"",0.25,"",{"$f":"IF(OR(H128=\"\",H128=\"NO\"),$L$5,\"\")","v":""},"","","",{"$f":"IF(H128=\"YES\",$P$5,\"\")","v":""},null,null,null,null,null,null,null,null,null,null,{"$f":"IF(OR(AND(AE128=\"YES\",AF128=\"PHYSICALLY VERIFIED\"),AND(AE128=\"YES\",AF128=\"DOCUMENT VERIFIED\"),AND(AE128=\"YES\",'Basic Details'!$D$31=\"Self Assessment\"),AND(AE128=\"YES\",'Basic Details'!$D$31=\"Draft\")),1*IF(BB128=\"ERROR INPUT\",0+1,1),0)","v":0},null,"",null,null,null,null,"Display boards and latest job vacancies to be verified physically by Peer Team",null,null,null,null,null,null,null,null,null,null,null,null,null,null,null,null,null,null,null,null,null,"No",null,null,null,"Yes",null,null,null,null,"D-2",120,4,0.25,1,0]
[null,null,121,null,"First-Aid kit available/Dispensery facilities available.",null,null,{"$f":"IF(F129=\"NO\",0,IF(F129=\"Only FIRST AID KIT\",2,IF(F129=\"Dispensery Facility\",4,0)))","v":0},"",0.25,"",{"$f":"IF($H129<$S129,$L$5,\"\")","v":0},{"$f":"IF(AND($H129<$U129,$H129>$R129),$M$5,\"\")","v":""},{"$f":"IF(AND($H129<$W129,$H129>$T129),$N$5,\"\")","v":""},{"$f":"IF(AND($H129<$Y129,$H129>$V129),$O$5,\"\")","v":""},{"$f":"IF(AND($H129<Z129,H129>X129),$P$5,\"\")","v":""},0,0,1,1,1.0001,2,2.0000100000000001,3,4,100,{"$f":"IF(OR(AND(AE129=\"YES\",AF129=\"PHYSICALLY VERIFIED\"),AND(AE129=\"YES\",AF129=\"DOCUMENT VERIFIED\"),AND(AE129=\"YES\",'Basic Details'!$D$31=\"Self Assessment\"),AND(AE129=\"YES\",'Basic Details'!$D$31=\"Draft\")),1*IF(BB129=\"ERROR INPUT\",0+1,1),0)","v":0},null,"",null,null,null,null,"Basic first aid material to be verified physically by Peer Team",null,null,null,null,null,null,null,null,null,null,null,null,null,null,null,null,null,null,null,null,null,"No",null,"Only FIRST AID KIT",null,"Dispensery Facility",null,null,null,null,"D-2",121,4,0.25,1,0]
[null,null,122,null,"Day Care Facility.",null,null,{"$f":"+F130","v":0},"",0.25,"",{"$f":"IF(OR(H130=\"\",H130=\"NO\"),$L$5,\"\")","v":""},{"$f":"IF(AND($H130<$U130%,$H130>$R130%),$M$5,\"\")","v":""},{"$f":"IF(AND($H130<$W130%,$H130>$T130%),$N$5,\"\")","v":""},{"$f":"IF(AND($H130<$Y130%,$H130>$V130%),$O$5,\"\")","v":""},{"$f":"IF(H130=\"YES\",$P$5,\"\")","v":""},null,null,null,null,null,null,null,null,null,null,{"$f":"IF(OR(AND(AE130=\"YES\",AF130=\"PHYSICALLY VERIFIED\"),AND(AE130=\"YES\",AF130=\"DOCUMENT VERIFIED\"),AND(AE130=\"YES\",'Basic Details'!$D$31=\"Self Assessment\"),AND(AE130=\"YES\",'Basic Details'!$D$31=\"Draft\")),1*IF(BB130=\"ERROR INPUT\",0+1,1),0)","v":0},null,"",null,null,null,null,null,null,null,null,null,null,null,null,null,null,null,null,null,null,null,null,null,null,null,null,null,null,"No",null,null,null,"Yes",null,null,null,null,"D-2",122,4,0.25,1,0]
[null,null,{"$f":"1+C130","v":123},null,"Canteen facility available with proper space, hygenic environmen, menu and Food availablity.",null,null,{"$f":"IF(F131=\"No Canteen\",0,IF(F131=\"Yes Canteen\",2,IF(F131=\"Yes Canteen & proper space & Hygenic environment & Menu\",3,IF(F131=\"Yes Canteen & proper space & Hygenic environment & Menu & Yes Food Availability\",4,0))))","v":0},"",0.25,"",{"$f":"IF($H131<$S131,$L$5,\"\")","v":0},{"$f":"IF(AND($H131<$U131,$H131>$R131),$M$5,\"\")","v":""},{"$f":"IF(AND($H131<$W131,$H131>$T131),$N$5,\"\")","v":""},{"$f":"IF(AND($H131<$Y131,$H131>$V131),$O$5,\"\")","v":""},{"$f":"IF(AND($H131<Z131,H131>X131),$P$5,\"\")","v":""},0,0,1E-4,1.9999899999999999,2,2.9999500000000001,3,3.9999500000000001,4,100,{"$f":"IF(OR(AND(AE131=\"YES\",AF131=\"PHYSICALLY VERIFIED\"),AND(AE131=\"YES\",AF131=\"DOCUMENT VERIFIED\"),AND(AE131=\"YES\",'Basic Details'!$D$31=\"Self Assessment\"),AND(AE131=\"YES\",'Basic Details'!$D$31=\"Draft\")),1*IF(BB131=\"ERROR INPUT\",0+1,1),0)","v":0},null,"",null,null,null,null,"Functionality to be verified physically by Peer Team",null,null,null,null,null,null,null,null,null,null,null,null,null,null,null,null,null,null,null,null,null,"No Canteen",null,"Yes Canteen","Yes Canteen & proper space & Hygenic environment & Menu","Yes Canteen & proper space & Hygenic environment & Menu & Yes Food Availability",null,null,null,null,"D-2",123,4,0.25,1,0]
[null,null,124,null,"Functional Hostel facility.",null,null,{"$f":"+F132","v":0},"",0.25,"",{"$f":"IF(OR(H132=\"\",H132=\"NO\"),$L$5,\"\")","v":""},{"$f":"IF(AND($H132<$U132%,$H132>$R132%),$M$5,\"\")","v":""},{"$f":"IF(AND($H132<$W132%,$H132>$T132%),$N$5,\"\")","v":""},{"$f":"IF(AND($H132<$Y132%,$H132>$V132%),$O$5,\"\")","v":""},{"$f":"IF(H132=\"YES\",$P$5,\"\")","v":""},null,null,null,null,null,null,null,null,null,null,{"$f":"IF(OR(AND(AE132=\"YES\",AF132=\"PHYSICALLY VERIFIED\"),AND(AE132=\"YES\",AF132=\"DOCUMENT VERIFIED\"),AND(AE132=\"YES\",'Basic Details'!$D$31=\"Self Assessment\"),AND(AE132=\"YES\",'Basic Details'!$D$31=\"Draft\")),1*IF(BB132=\"ERROR INPUT\",0+1,1),0)","v":0},null,"",null,null,null,null,"To be verified physically by Peer Team",null,null,null,null,null,null,null,null,null,null,null,null,null,null,null,null,null,null,null,null,null,"No",null,null,null,"Yes",null,null,null,null,"D-2",124,4,0.25,1,0,{"$f":"SUM(BP105:BP132)","v":9.75},{"$f":"SUM(BR105:BR132)","v":0},{"$f":"SUM(BQ105:BQ132)","v":39},{"$f":"SUM(BS94:BS132)","v":13.5},{"$f":"SUM(BT94:BT132)","v":0},{"$f":"SUM(BU94:BU132)","v":54}]
["E. Financial Resources and Utilisation","E-1 Financial Management",125,4,"Percentage of total grants utilized in last 3 years.",null,null,{"$f":"IF(F133=\"\",\"\",ROUND(F133/G133,4))","v":""},{"$f":"IF(OR(F133=\"\",G133=\"\",G133=0),\"\",SUM(L133:P133))","v":""},0.5,"",{"$f":"IF($H133<$S133%,$L$5,\"\")","v":""},{"$f":"IF(AND($H133<$U133%,$H133>$R133%),$M$5,\"\")","v":""},{"$f":"IF(AND($H133<$W133%,$H133>$T133%),$N$5,\"\")","v":""},{"$f":"IF(AND($H133<$Y133%,$H133>$V133%),$O$5,\"\")","v":""},{"$f":"IF(AND($H133<Z133%,H133>X133%),$P$5,\"\")","v":""},0,20,20.0001,40,40.000100000000003,60,60.000100000000003,80,80.000100000000003,10000,{"$f":"IF(OR(AND(AE133=\"YES\",AF133=\"PHYSICALLY VERIFIED\"),AND(AE133=\"YES\",AF133=\"DOCUMENT VERIFIED\"),AND(AE133=\"YES\",'Basic Details'!$D$31=\"Self Assessment\"),AND(AE133=\"YES\",'Basic Details'!$D$31=\"Draft\")),1*IF(BB133=\"ERROR INPUT\",0+1,1),0)","v":0},null,"",null,null,null,null,"Copies of sanction order and Utilisation / Expenditure certificates / documents",null,null,null,null,null,null,null,null,null,null,null,null,null,null,null,null,null,null,null,{"$f":"IF(F133>G133,\"ERROR INPUT\",\"\")","v":""},null,"0-20","20-40","40-60","60-80","80-100",null,null,null,null,"E-1",125,4,0.5,2,0]
[null,null,126,4,"Average annual per capita capital expenditure.",null,{"$f":"IF(F134=\"\",\"\",+$F$7)","v":""},{"$f":"IF(F134=0,\"\",ROUND(F134/G134,4))","v":""},{"$f":"IF(F134=\"\",\"\",SUM(L134:P134))","v":""},0.5,"",{"$f":"IF($H134<$S134,$L$5,\"\")","v":""},{"$f":"IF(AND($H134<$U134,$H134>$R134),$M$5,\"\")","v":""},{"$f":"IF(AND($H134<$W134,$H134>$T134),$N$5,\"\")","v":""},{"$f":"IF(AND($H134<$Y134,$H134>$V134),$O$5,\"\")","v":""},{"$f":"IF(AND($H134<Z134,H134>X134),$P$5,\"\")","v":""},0,0,1.0000000000000001E-5,499.99990000000003,500,999.99990000000003,1000,1499.9999,1500,100000000,{"$f":"IF(OR(AND(AE134=\"YES\",AF134=\"PHYSICALLY VERIFIED\"),AND(AE134=\"YES\",AF134=\"DOCUMENT VERIFIED\"),AND(AE134=\"YES\",'Basic Details'!$D$31=\"Self Assessment\"),AND(AE134=\"YES\",'Basic Details'!$D$31=\"Draft\")),1*IF(BB134=\"ERROR INPUT\",0+1,1),0)","v":0},null,"",null,null,null,null,"Copies of sanction order and Utilisation / Expenditure certificates / documents",null,null,null,null,null,null,null,null,null,null,null,null,null,null,null,null,null,null,null,null,null,0,"More than 0 but less than 500","500-1000","1000-1500","1500 & Above",null,null,null,null,"E-1",126,4,0.5,2,0]
[null,null,127,4,"Average annual per capita operational expenditure.",null,{"$f":"IF(F135=\"\",\"\",+$F$7)","v":""},{"$f":"IF(F135=0,\"\",ROUND(F135/G135,4))","v":""},"",0.5,"",{"$f":"IF($H135<$S135,$L$5,\"\")","v":""},{"$f":"IF(AND($H135<$U135,$H135>$R135),$M$5,\"\")","v":""},{"$f":"IF(AND($H135<$W135,$H135>$T135),$N$5,\"\")","v":""},{"$f":"IF(AND($H135<$Y135,$H135>$V135),$O$5,\"\")","v":""},{"$f":"IF(AND($H135<Z135,H135>X135),$P$5,\"\")","v":""},0,199.9999,200,399.99990000000003,400,599.99990000000003,600,799.99990000000003,800,100000000,{"$f":"IF(OR(AND(AE135=\"YES\",AF135=\"PHYSICALLY VERIFIED\"),AND(AE135=\"YES\",AF135=\"DOCUMENT VERIFIED\"),AND(AE135=\"YES\",'Basic Details'!$D$31=\"Self Assessment\"),AND(AE135=\"YES\",'Basic Details'!$D$31=\"Draft\")),1*IF(BB135=\"ERROR INPUT\",0+1,1),0)","v":0},null,"",null,null,null,null,"Copies of sanction order and Utilisation / Expenditure certificates / documents",null,null,null,null,null,null,null,null,null,null,null,null,null,null,null,null,null,null,null,null,null,"0-200","200-400","400-600","600-800","800 & Above",null,null,null,null,"E-1",{"$f":"+C135","v":127},4,0.5,2,0]
[null,null,128,4,"No. of Internal/ CA Audits undertaken during last 3 years.",null,null,{"$f":"+F136","v":0},"",0.5,"",{"$f":"IF($H136<$S136,$L$5,\"\")","v":0},{"$f":"IF(AND($H136<$U136,$H136>$R136),$M$5,\"\")","v":""},{"$f":"IF(AND($H136<$W136,$H136>$T136),$N$5,\"\")","v":""},{"$f":"IF(AND($H136<$Y136,$H136>$V136),$O$5,\"\")","v":""},{"$f":"IF(AND($H136<Z136,H136>X136),$P$5,\"\")","v":""},0,0,1,1,2,2,3,3,4,10000,{"$f":"IF(OR(AND(AE136=\"YES\",AF136=\"PHYSICALLY VERIFIED\"),AND(AE136=\"YES\",AF136=\"DOCUMENT VERIFIED\"),AND(AE136=\"YES\",'Basic Details'!$D$31=\"Self Assessment\"),AND(AE136=\"YES\",'Basic Details'!$D$31=\"Draft\")),1*IF(BB136=\"ERROR INPUT\",0+1,1),0)","v":0},null,{"$f":"IF(AB136=\"\",\"\",\"-\")","v":""},null,null,null,null,"Copies of audit reports",null,null,null,null,null,null,null,null,null,null,null,null,null,null,null,null,null,null,null,null,null,0,1,2,3,"4 & Above",null,null,null,null,"E-1",128,4,0.5,2,0,{"$f":"SUM(BP133:BP136)","v":2},{"$f":"SUM(BR133:BR136)","v":0},{"$f":"SUM(BQ133:BQ136)","v":8}]
[null,"E-2 Self Financing Efforts",{"$f":"1+C136","v":129},null,"(a)(i)  Source of Income-Donationas/Grants in Aid-From Government",null,null,{"$f":"+F137","v":0},{"$f":"IF(F137=\"\",\"\",SUM(L137:P137))","v":""},0.5,"",{"$f":"IF(OR(H137=\"\",H137=\"NO\"),$L$5,\"\")","v":""},{"$f":"IF(AND($H137<$U137%,$H137>$R137%),$M$5,\"\")","v":""},{"$f":"IF(AND($H137<$W137%,$H137>$T137%),$N$5,\"\")","v":""},{"$f":"IF(AND($H137<$Y137%,$H137>$V137%),$O$5,\"\")","v":""},{"$f":"IF(H137=\"YES\",$P$5,\"\")","v":""},null,null,null,null,null,null,null,null,null,null,{"$f":"IF(OR(AND(AE137=\"YES\",AF137=\"PHYSICALLY VERIFIED\"),AND(AE137=\"YES\",AF137=\"DOCUMENT VERIFIED\"),AND(AE137=\"YES\",'Basic Details'!$D$31=\"Self Assessment\"),AND(AE137=\"YES\",'Basic Details'!$D$31=\"Draft\")),1*IF(BB137=\"ERROR INPUT\",0+1,1),0)","v":0},null,"",null,null,null,null,"To be verified physically by Peer Team",null,null,null,null,null,null,null,null,null,null,null,null,null,null,null,null,null,null,null,null,null,"NO",null,null,null,"Yes",null,null,null,null,"E-1",129,4,0.5,2,0]
[null,null,130,null,"(a)(ii)  Source of Income-Donationas-From Private",null,null,0,"",0.5,"",{"$f":"IF(OR(H138=\"\",H138=\"NO\"),$L$5,\"\")","v":""},"","","",{"$f":"IF(H138=\"YES\",$P$5,\"\")","v":""},null,null,null,null,null,null,null,null,null,null,{"$f":"IF(OR(AND(AE138=\"YES\",AF138=\"PHYSICALLY VERIFIED\"),AND(AE138=\"YES\",AF138=\"DOCUMENT VERIFIED\"),AND(AE138=\"YES\",'Basic Details'!$D$31=\"Self Assessment\"),AND(AE138=\"YES\",'Basic Details'!$D$31=\"Draft\")),1*IF(BB138=\"ERROR INPUT\",0+1,1),0)","v":0},null,"",null,null,null,null,"To be verified physically by Peer Team",null,null,null,null,null,null,null,null,null,null,null,null,null,null,null,null,null,null,null,null,null,"NO",null,null,null,"Yes",null,null,null,null,"E-1",130,4,0.5,2,0]
[null,null,131,null,"(a)(iii)  Source of Income-Donationas-From Others",null,null,0,"",0.5,"",{"$f":"IF(OR(H139=\"\",H139=\"NO\"),$L$5,\"\")","v":""},"","","",{"$f":"IF(H139=\"YES\",$P$5,\"\")","v":""},null,null,null,null,null,null,null,null,null,null,{"$f":"IF(OR(AND(AE139=\"YES\",AF139=\"PHYSICALLY VERIFIED\"),AND(AE139=\"YES\",AF139=\"DOCUMENT VERIFIED\"),AND(AE139=\"YES\",'Basic Details'!$D$31=\"Self Assessment\"),AND(AE139=\"YES\",'Basic Details'!$D$31=\"Draft\")),1*IF(BB139=\"ERROR INPUT\",0+1,1),0)","v":0},null,"",null,null,null,null,"To be verified physically by Peer Team",null,null,null,null,null,null,null,null,null,null,null,null,null,null,null,null,null,null,null,null,null,"NO",null,null,null,"Yes",null,null,null,null,"E-1",131,4,0.5,2,0]
[null,null,132,null,"(b) Source of Income-Fee Receipt",null,null,0,"",0.5,"",{"$f":"IF(OR(H140=\"\",H140=\"NO\"),$L$5,\"\")","v":""},"","","",{"$f":"IF(H140=\"YES\",$P$5,\"\")","v":""},null,null,null,null,null,null,null,null,null,null,{"$f":"IF(OR(AND(AE140=\"YES\",AF140=\"PHYSICALLY VERIFIED\"),AND(AE140=\"YES\",AF140=\"DOCUMENT VERIFIED\"),AND(AE140=\"YES\",'Basic Details'!$D$31=\"Self Assessment\"),AND(AE140=\"YES\",'Basic Details'!$D$31=\"Draft\")),1*IF(BB140=\"ERROR INPUT\",0+1,1),0)","v":0},null,"",null,null,null,null,"To be verified physically by Peer Team",null,null,null,null,null,null,null,null,null,null,null,null,null,null,null,null,null,null,null,null,null,"NO",null,null,null,"Yes",null,null,null,null,"E-1",132,4,0.5,2,0]
[null,null,{"$f":"1+C140","v":133},4,"Total funds received from all sources (last 3 years).",null,null,{"$f":"+F141","v":0},"",1.25,"",{"$f":"IF($H141<$S141,$L$5,\"\")","v":0},{"$f":"IF(AND($H141<$U141,$H141>$R141),$M$5,\"\")","v":""},{"$f":"IF(AND($H141<$W141,$H141>$T141),$N$5,\"\")","v":""},{"$f":"IF(AND($H141<$Y141,$H141>$V141),$O$5,\"\")","v":""},{"$f":"IF(AND($H141<Z141,H141>X141),$P$5,\"\")","v":""},0,0,1,{"$f":"-0.1+100000","v":99999.9},100000,{"$f":"-0.1+600000","v":599999.9},600000,{"$f":"-0.1+2000000","v":1999999.9},2000000,1000000000,{"$f":"IF(OR(AND(AE141=\"YES\",AF141=\"PHYSICALLY VERIFIED\"),AND(AE141=\"YES\",AF141=\"DOCUMENT VERIFIED\"),AND(AE141=\"YES\",'Basic Details'!$D$31=\"Self Assessment\"),AND(AE141=\"YES\",'Basic Details'!$D$31=\"Draft\")),1*IF(BB141=\"ERROR INPUT\",0+1,1),0)","v":0},null,"",null,null,null,null,"Copies of such grant / gift sanctioned orders / letter ",null,null,null,null,null,null,null,null,null,null,null,null,null,null,null,null,null,null,null,null,null,0,"Upto 1 Lakh","1-6 Lakh","6-20 Lakh","20 lakh & Above",null,null,null,null,"E-2",133,4,1.25,5,0,{"$f":"+BP141","v":1.25},{"$f":"+BR141","v":0},{"$f":"+BQ141","v":5},{"$f":"+BS136+BS141","v":3.25},{"$f":"+BT136+BT141","v":0},{"$f":"+BU136+BU141","v":13}]
["F. Commitment, Leadership and Management","F-1 Societal Footprint",134,null,"Whether college has any regular center for IGNOU / VMOU etc..",null,null,{"$f":"+F142","v":0},{"$f":"IF(F142=\"\",\"\",SUM(L142:P142))","v":""},0.25,"",{"$f":"IF(OR(H142=\"\",H142=\"NO\"),$L$5,\"\")","v":""},{"$f":"IF(AND($H142<$U142%,$H142>$R142%),$M$5,\"\")","v":""},{"$f":"IF(AND($H142<$W142%,$H142>$T142%),$N$5,\"\")","v":""},{"$f":"IF(AND($H142<$Y142%,$H142>$V142%),$O$5,\"\")","v":""},{"$f":"IF(H142=\"YES\",$P$5,\"\")","v":""},null,null,null,null,null,null,null,null,null,null,{"$f":"IF(OR(AND(AE142=\"YES\",AF142=\"PHYSICALLY VERIFIED\"),AND(AE142=\"YES\",AF142=\"DOCUMENT VERIFIED\"),AND(AE142=\"YES\",'Basic Details'!$D$31=\"Self Assessment\"),AND(AE142=\"YES\",'Basic Details'!$D$31=\"Draft\")),1*IF(BB142=\"ERROR INPUT\",0+1,1),0)","v":0},null,"",null,null,null,null,"Copies of news / photographs / reports of activities (Make a list of such events)",null,null,null,null,null,null,null,null,null,null,null,null,null,null,null,null,null,null,null,null,null,"No",null,null,null,"Yes",null,null,null,null,"F-1",134,4,0.25,1,0]
[null,null,135,null,"No. of efforts undertaken for creating national integration and Community awareness among students.",null,null,{"$f":"+F143","v":0},"",0.25,"",{"$f":"IF($H143<$S143,$L$5,\"\")","v":0},{"$f":"IF(AND($H143<$U143,$H143>$R143),$M$5,\"\")","v":""},{"$f":"IF(AND($H143<$W143,$H143>$T143),$N$5,\"\")","v":""},{"$f":"IF(AND($H143<$Y143,$H143>$V143),$O$5,\"\")","v":""},{"$f":"IF(AND($H143<Z143,H143>X143),$P$5,\"\")","v":""},0,0,1,3,4,6,7,9,10,10000,{"$f":"IF(OR(AND(AE143=\"YES\",AF143=\"PHYSICALLY VERIFIED\"),AND(AE143=\"YES\",AF143=\"DOCUMENT VERIFIED\"),AND(AE143=\"YES\",'Basic Details'!$D$31=\"Self Assessment\"),AND(AE143=\"YES\",'Basic Details'!$D$31=\"Draft\")),1*IF(BB143=\"ERROR INPUT\",0+1,1),0)","v":0},null,"",null,null,null,null,"Copies of news / photographs / reports of activities (Make a list of such events)",null,null,null,null,null,null,null,null,null,null,null,null,null,null,null,null,null,null,null,null,null,0,"1-3","4-6","7-9","10 & Above",null,null,null,null,"F-1",135,4,0.25,1,0]
[null,null,136,null,"No. of Institutional/ Corporate Collaborative activities undertaken by College.",null,null,{"$f":"+F144","v":0},"",0.25,"",{"$f":"IF($H144<$S144,$L$5,\"\")","v":0},{"$f":"IF(AND($H144<$U144,$H144>$R144),$M$5,\"\")","v":""},{"$f":"IF(AND($H144<$W144,$H144>$T144),$N$5,\"\")","v":""},{"$f":"IF(AND($H144<$Y144,$H144>$V144),$O$5,\"\")","v":""},{"$f":"IF(AND($H144<Z144,H144>X144),$P$5,\"\")","v":""},0,0,1,1,2,2,3,3,4,10000,{"$f":"IF(OR(AND(AE144=\"YES\",AF144=\"PHYSICALLY VERIFIED\"),AND(AE144=\"YES\",AF144=\"DOCUMENT VERIFIED\"),AND(AE144=\"YES\",'Basic Details'!$D$31=\"Self Assessment\"),AND(AE144=\"YES\",'Basic Details'!$D$31=\"Draft\")),1*IF(BB144=\"ERROR INPUT\",0+1,1),0)","v":0},null,"",null,null,null,null,"Copies of formal letter / MOU for collaboration (Make a list of such events) ",null,null,null,null,null,null,null,null,null,null,null,null,null,null,null,null,null,null,null,null,null,0,1,2,3,"4 & Above",null,null,null,null,"F-1",136,4,0.25,1,0,{"$f":"SUM(BP142:BP144)","v":0.75},{"$f":"SUM(BR142:BR144)","v":0},{"$f":"SUM(BQ142:BQ144)","v":3}]
[null,null,137,null,"Govt. Schemes run by the college",null,null,{"$f":"+F145","v":0},{"$f":"IF(F145=\"\",\"\",SUM(L145:P145))","v":""},0.5,"",{"$f":"IF(OR(H145=\"\",H145=\"NO\"),$L$5,\"\")","v":""},{"$f":"IF(AND($H145<$U145%,$H145>$R145%),$M$5,\"\")","v":""},{"$f":"IF(AND($H145<$W145%,$H145>$T145%),$N$5,\"\")","v":""},{"$f":"IF(AND($H145<$Y145%,$H145>$V145%),$O$5,\"\")","v":""},{"$f":"IF(H145=\"YES\",$P$5,\"\")","v":""},null,null,null,null,null,null,null,null,null,null,{"$f":"IF(OR(AND(AE145=\"YES\",AF145=\"PHYSICALLY VERIFIED\"),AND(AE145=\"YES\",AF145=\"DOCUMENT VERIFIED\"),AND(AE145=\"YES\",'Basic Details'!$D$31=\"Self Assessment\"),AND(AE145=\"YES\",'Basic Details'!$D$31=\"Draft\")),1*IF(BB145=\"ERROR INPUT\",0+1,1),0)","v":0},null,"",null,null,null,null,null,null,null,null,null,null,null,null,null,null,null,null,null,null,null,null,null,null,null,null,null,null,"NO",null,null,null,"Yes",null,null,null,null,"F-1",137,4,0.5,2,0]
[null,"F-2 Innovation",{"$f":"1+C145","v":138},null,"No. of initiatives undertaken for Students welfare (Human Value added based).",null,null,{"$f":"+F146","v":0},"",0.25,"",{"$f":"IF($H146<$S146,$L$5,\"\")","v":0},{"$f":"IF(AND($H146<$U146,$H146>$R146),$M$5,\"\")","v":""},{"$f":"IF(AND($H146<$W146,$H146>$T146),$N$5,\"\")","v":""},{"$f":"IF(AND($H146<$Y146,$H146>$V146),$O$5,\"\")","v":""},{"$f":"IF(AND($H146<Z146,H146>X146),$P$5,\"\")","v":""},0,0,1,1,2,2,3,3,4,10000,{"$f":"IF(OR(AND(AE146=\"YES\",AF146=\"PHYSICALLY VERIFIED\"),AND(AE146=\"YES\",AF146=\"DOCUMENT VERIFIED\"),AND(AE146=\"YES\",'Basic Details'!$D$31=\"Self Assessment\"),AND(AE146=\"YES\",'Basic Details'!$D$31=\"Draft\")),1*IF(BB146=\"ERROR INPUT\",0+1,1),0)","v":0},null,"",null,null,null,null,"Copies of news / photographs / reports of activities (Make a list of such events)",null,null,null,null,null,null,null,null,null,null,null,null,null,null,null,null,null,null,null,null,null,0,1,2,3,"4 & Above",null,null,null,null,"F-2",138,4,0.25,1,0]
[null,null,139,null,"Quality enhancement training for Faculty/Staff  Initiatives/Activities organised by college.",null,null,{"$f":"+F147","v":0},{"$f":"IF(F147=\"\",\"\",SUM(L147:P147))","v":""},0.25,"",{"$f":"IF(OR(H147=\"\",H147=\"NO\"),$L$5,\"\")","v":""},{"$f":"IF(AND($H147<$U147%,$H147>$R147%),$M$5,\"\")","v":""},{"$f":"IF(AND($H147<$W147%,$H147>$T147%),$N$5,\"\")","v":""},{"$f":"IF(AND($H147<$Y147%,$H147>$V147%),$O$5,\"\")","v":""},{"$f":"IF(H147=\"YES\",$P$5,\"\")","v":""},null,null,null,null,null,null,null,null,null,null,{"$f":"IF(OR(AND(AE147=\"YES\",AF147=\"PHYSICALLY VERIFIED\"),AND(AE147=\"YES\",AF147=\"DOCUMENT VERIFIED\"),AND(AE147=\"YES\",'Basic Details'!$D$31=\"Self Assessment\"),AND(AE147=\"YES\",'Basic Details'!$D$31=\"Draft\")),1*IF(BB147=\"ERROR INPUT\",0+1,1),0)","v":0},null,"",null,null,null,null,"Copes of certificates / news / photographs (Make a list of such activities with date and institution name etc.)",null,null,null,null,null,null,null,null,null,null,null,null,null,null,null,null,null,null,null,null,null,"No",null,null,null,"Yes",null,null,null,null,"F-2",139,4,0.25,1,0]
[null,null,140,null,"Games and Sports Activities for Faculty/Staff organised by college.",null,null,0,"",0.25,"",{"$f":"IF(OR(H148=\"\",H148=\"NO\"),$L$5,\"\")","v":""},"","","",{"$f":"IF(H148=\"YES\",$P$5,\"\")","v":""},null,null,null,null,null,null,null,null,null,null,{"$f":"IF(OR(AND(AE148=\"YES\",AF148=\"PHYSICALLY VERIFIED\"),AND(AE148=\"YES\",AF148=\"DOCUMENT VERIFIED\"),AND(AE148=\"YES\",'Basic Details'!$D$31=\"Self Assessment\"),AND(AE148=\"YES\",'Basic Details'!$D$31=\"Draft\")),1*IF(BB148=\"ERROR INPUT\",0+1,1),0)","v":0},null,"",null,null,null,null,null,null,null,null,null,null,null,null,null,null,null,null,null,null,null,null,null,null,null,null,null,null,"No",null,null,null,"Yes",null,null,null,null,"F-2",140,4,0.25,1,0]
[null,null,141,null,"No. of Books collected under Community Book Bank scheme.",null,null,{"$f":"+F149","v":0},"",0.5,"",{"$f":"IF($H149<$S149,$L$5,\"\")","v":0},{"$f":"IF(AND($H149<$U149,$H149>$R149),$M$5,\"\")","v":""},{"$f":"IF(AND($H149<$W149,$H149>$T149),$N$5,\"\")","v":""},{"$f":"IF(AND($H149<$Y149,$H149>$V149),$O$5,\"\")","v":""},{"$f":"IF(AND($H149<Z149,H149>X149),$P$5,\"\")","v":""},0,0,1,100,101,200,201,499,500,10000,{"$f":"IF(OR(AND(AE149=\"YES\",AF149=\"PHYSICALLY VERIFIED\"),AND(AE149=\"YES\",AF149=\"DOCUMENT VERIFIED\"),AND(AE149=\"YES\",'Basic Details'!$D$31=\"Self Assessment\"),AND(AE149=\"YES\",'Basic Details'!$D$31=\"Draft\")),1*IF(BB149=\"ERROR INPUT\",0+1,1),0)","v":0},null,"",null,null,null,null,"Collection of books register AND issue of books register to be verified physically by Peer Team",null,null,null,null,null,null,null,null,null,null,null,null,null,null,null,null,null,null,null,null,null,0,"1-100","101-200","201-500","500 & Above",null,null,null,null,"F-2",141,4,0.5,2,0]
["F. Commitment, Leadership and Management","F-2 Innovation",142,null,"Participation of college in District level campaigning/ activities organized by district administration (Total Number).",null,null,{"$f":"+F150","v":0},"",0.5,"",{"$f":"IF($H150<$S150,$L$5,\"\")","v":0},{"$f":"IF(AND($H150<$U150,$H150>$R150),$M$5,\"\")","v":""},{"$f":"IF(AND($H150<$W150,$H150>$T150),$N$5,\"\")","v":""},{"$f":"IF(AND($H150<$Y150,$H150>$V150),$O$5,\"\")","v":""},{"$f":"IF(AND($H150<Z150,H150>X150),$P$5,\"\")","v":""},0,0,1,2,3,4,5,6,7,10000,{"$f":"IF(OR(AND(AE150=\"YES\",AF150=\"PHYSICALLY VERIFIED\"),AND(AE150=\"YES\",AF150=\"DOCUMENT VERIFIED\"),AND(AE150=\"YES\",'Basic Details'!$D$31=\"Self Assessment\"),AND(AE150=\"YES\",'Basic Details'!$D$31=\"Draft\")),1*IF(BB150=\"ERROR INPUT\",0+1,1),0)","v":0},null,"",null,null,null,null,"Copies of formal letter / news / photographs / reports of activities (Make a list of such events)",null,null,null,null,null,null,null,null,null,null,null,null,null,null,null,null,null,null,null,null,null,0,"1-2","3-4","5-6","7 & Above",null,null,null,null,"F-2",142,4,0.5,2,0]
[null,null,143,null,"Feedback availability for stakeholders (Students/Parents/Teachers/Others).",null,null,{"$f":"+F151","v":0},{"$f":"IF(F151=\"\",\"\",SUM(L151:P151))","v":""},0.5,"",{"$f":"IF(OR(H151=\"\",H151=\"NO\"),$L$5,\"\")","v":""},{"$f":"IF(AND($H151<$U151%,$H151>$R151%),$M$5,\"\")","v":""},{"$f":"IF(AND($H151<$W151%,$H151>$T151%),$N$5,\"\")","v":""},{"$f":"IF(AND($H151<$Y151%,$H151>$V151%),$O$5,\"\")","v":""},{"$f":"IF(H151=\"YES\",$P$5,\"\")","v":""},null,null,null,null,null,null,null,null,null,null,{"$f":"IF(OR(AND(AE151=\"YES\",AF151=\"PHYSICALLY VERIFIED\"),AND(AE151=\"YES\",AF151=\"DOCUMENT VERIFIED\"),AND(AE151=\"YES\",'Basic Details'!$D$31=\"Self Assessment\"),AND(AE151=\"YES\",'Basic Details'!$D$31=\"Draft\")),1*IF(BB151=\"ERROR INPUT\",0+1,1),0)","v":0},null,"",null,null,null,null,"Copes of details of feedback system with followup",null,null,null,null,null,null,null,null,null,null,null,null,null,null,null,null,null,null,null,null,null,"No",null,null,null,"Yes",null,null,null,null,"F-2",143,4,0.5,2,0]
[null,null,144,null,"Percentage of active e-mail ID of Students.",null,{"$f":"IF(F152=\"\",\"\",+$F$7)","v":""},{"$f":"IF(F152=\"\",\"\",ROUND(F152/G152,4))","v":""},{"$f":"IF(OR(F152=\"\",G152=\"\",G152=0),\"\",SUM(L152:P152))","v":""},0.25,"",{"$f":"IF($H152<$S152%,$L$5,\"\")","v":""},{"$f":"IF(AND($H152<$U152%,$H152>$R152%),$M$5,\"\")","v":""},{"$f":"IF(AND($H152<$W152%,$H152>$T152%),$N$5,\"\")","v":""},{"$f":"IF(AND($H152<$Y152%,$H152>$V152%),$O$5,\"\")","v":""},{"$f":"IF(AND($H152<Z152%,H152>X152%),$P$5,\"\")","v":""},0,0,1E-4,25,25.00001,50,50.000100000000003,75,75.000100000000003,100000000,{"$f":"IF(OR(AND(AE152=\"YES\",AF152=\"PHYSICALLY VERIFIED\"),AND(AE152=\"YES\",AF152=\"DOCUMENT VERIFIED\"),AND(AE152=\"YES\",'Basic Details'!$D$31=\"Self Assessment\"),AND(AE152=\"YES\",'Basic Details'!$D$31=\"Draft\")),1*IF(BB152=\"ERROR INPUT\",0+1,1),0)","v":0},null,"",null,null,null,null,null,null,null,null,null,null,null,null,null,null,null,null,null,null,null,null,null,null,null,null,null,null,0,"More than 0 but upto 25","More than 25 but upto 50","More than 50 but upto 75","More than 75 ",null,null,null,null,"F-2",144,4,0.25,1,0,{"$f":"SUM(BP146:BP152)","v":2.5},{"$f":"SUM(BR146:BR152)","v":0},{"$f":"SUM(BQ146:BQ152)","v":10}]
[null,"F-3 Effective Implementatin of Govt. Schemes",145,null,"Implementation of Scholarships / Incentive schemes (distributional efficacy).",null,null,{"$f":"+F153","v":0},"",0.5,"",{"$f":"IF(OR(F153=\"\",F153=\"YES PENDENCY\"),$L$5,\"\")","v":0},{"$f":"IF(AND($H153<$U153%,$H153>$R153%),$M$5,\"\")","v":""},{"$f":"IF(AND($H153<$W153%,$H153>$T153%),$N$5,\"\")","v":""},{"$f":"IF(AND($H153<$Y153%,$H153>$V153%),$O$5,\"\")","v":""},{"$f":"IF(F153=\"NO PENDENCY\",$P$5,\"\")","v":""},null,null,null,null,null,null,null,null,null,null,{"$f":"IF(OR(AND(AE153=\"YES\",AF153=\"PHYSICALLY VERIFIED\"),AND(AE153=\"YES\",AF153=\"DOCUMENT VERIFIED\"),AND(AE153=\"YES\",'Basic Details'!$D$31=\"Self Assessment\"),AND(AE153=\"YES\",'Basic Details'!$D$31=\"Draft\")),1*IF(BB153=\"ERROR INPUT\",0+1,1),0)","v":0},null,"",null,null,null,null,"Copies of varifiable documents for various types of scholarships being disbrused by institute.",null,null,null,null,null,null,null,null,null,null,null,null,null,null,null,null,null,null,null,null,null,"Yes, Pendency",null,null,null,"No, Pendency",null,null,null,null,"F-3",145,4,{"$f":"+J153","v":0.5},{"$f":"+BO153*BP153","v":2},{"$f":"IF(K153=\"\",0,+K153)","v":0}]
[null,null,146,null,"Number of Innovative programe organised by college in association with CCE (Gyan Ganga/Gyan Sudha/Gyan Parakh/Gyan Doot etc.).",null,null,{"$f":"+F154","v":0},{"$f":"IF(OR(F154=\"\",F154=0),\"\",SUM(L154:P154))","v":""},0.5,"",{"$f":"IF($H154<$S154,$L$5,\"\")","v":0},{"$f":"IF(AND($H154<$U154,$H154>$R154),$M$5,\"\")","v":""},{"$f":"IF(AND($H154<$W154,$H154>$T154),$N$5,\"\")","v":""},{"$f":"IF(AND($H154<$Y154,$H154>$V154),$O$5,\"\")","v":""},{"$f":"IF(AND($H154<Z154,H154>X154),$P$5,\"\")","v":""},0,0,1,1.9999899999999999,2,2.9998999999999998,3,3.9999899999999999,4,10000,{"$f":"IF(OR(AND(AE154=\"YES\",AF154=\"PHYSICALLY VERIFIED\"),AND(AE154=\"YES\",AF154=\"DOCUMENT VERIFIED\"),AND(AE154=\"YES\",'Basic Details'!$D$31=\"Self Assessment\"),AND(AE154=\"YES\",'Basic Details'!$D$31=\"Draft\")),1*IF(BB154=\"ERROR INPUT\",0+1,1),0)","v":0},null,"",null,null,null,null,"Copies of signed lists of benefitted students ",null,null,null,null,null,null,null,null,null,null,null,null,null,null,null,null,null,null,null,"",null,0,1,2,3,"4 & Above",null,null,null,null,"F-3",146,4,0.5,2,0]
[null,null,null,null,null,null,null,null,null,null,null,null,null,null,null,null,null,null,null,null,null,null,null,null,null,null,null,null,null,null,null,null,null,null,null,null,null,null,null,null,null,null,null,null,null,null,null,null,null,null,null,null,null,null,null,null,null,null,null,null,null,null,null,null,"F-3",0,4,0,0,0]
[null,null,{"$f":"1+C154","v":147},null,"Whether any kind of extra/remedial classes provided by the college",null,null,{"$f":"+F156","v":0},{"$f":"IF(F156=\"\",\"\",SUM(L156:P156))","v":""},0.25,"",{"$f":"IF(OR(H156=\"\",H156=\"NO\"),$L$5,\"\")","v":""},{"$f":"IF(AND($H156<$U156%,$H156>$R156%),$M$5,\"\")","v":""},{"$f":"IF(AND($H156<$W156%,$H156>$T156%),$N$5,\"\")","v":""},{"$f":"IF(AND($H156<$Y156%,$H156>$V156%),$O$5,\"\")","v":""},{"$f":"IF(H156=\"YES\",$P$5,\"\")","v":""},null,null,null,null,null,null,null,null,null,null,{"$f":"IF(OR(AND(AE156=\"YES\",AF156=\"PHYSICALLY VERIFIED\"),AND(AE156=\"YES\",AF156=\"DOCUMENT VERIFIED\"),AND(AE156=\"YES\",'Basic Details'!$D$31=\"Self Assessment\"),AND(AE156=\"YES\",'Basic Details'!$D$31=\"Draft\")),1*IF(BB156=\"ERROR INPUT\",0+1,1),0)","v":0},null,"",null,null,null,null,"Copies of Complete list of classes organised AND time table AND attendance sheet",null,null,null,null,null,null,null,null,null,null,null,null,null,null,null,null,null,null,null,null,null,"0-20","20-40","40-60","60-80","80 & Above",null,null,null,null,"F-3",147,4,0.25,1,0]
["F. Commitment, Leadership and Management","F-3 Effective Implementatin of Govt. Schemes",148,null,"Whether the college has developed any supportive extra class system for regular students (online/offline).  excludiing IGNOU, BMOU, Non-collegeiate teaching.",null,null,0,"",0.25,{"$f":"IF(I157=\"\",\"\",+I157*J157*AA157)","v":""},{"$f":"IF(OR(H157=\"\",H157=\"NO\"),$L$5,\"\")","v":""},"","","",{"$f":"IF(H157=\"YES\",$P$5,\"\")","v":""},null,null,null,null,null,null,null,null,null,null,{"$f":"IF(OR(AND(AE157=\"YES\",AF157=\"PHYSICALLY VERIFIED\"),AND(AE157=\"YES\",AF157=\"DOCUMENT VERIFIED\"),AND(AE157=\"YES\",'Basic Details'!$D$31=\"Self Assessment\"),AND(AE157=\"YES\",'Basic Details'!$D$31=\"Draft\")),1*IF(BB157=\"ERROR INPUT\",0+1,1),0)","v":0},null,"",null,null,null,null,"Number of trees planted as given in spreadsheet to be verified physically by Peer Team",null,null,null,null,null,null,null,null,null,null,null,null,null,null,null,null,null,null,null,null,null,"No",null,null,null,"Yes",null,null,null,null,"F-3",148,4,0.25,1,0,{"$f":"SUM(BP153:BP157)","v":1.5},{"$f":"SUM(BR153:BR157)","v":0},{"$f":"SUM(BQ153:BQ157)","v":6}]
[null,"F-4 Strengthening the bond",149,null,"No. of Interactive sessions organised for students with motivational mentors/ excellent performers.",null,null,{"$f":"+F158","v":0},"",0.25,"",{"$f":"IF($H158<$S158,$L$5,\"\")","v":0},{"$f":"IF(AND($H158<$U158,$H158>$R158),$M$5,\"\")","v":""},{"$f":"IF(AND($H158<$W158,$H158>$T158),$N$5,\"\")","v":""},{"$f":"IF(AND($H158<$Y158,$H158>$V158),$O$5,\"\")","v":""},{"$f":"IF(AND($H158<Z158,H158>X158),$P$5,\"\")","v":""},0,0,1,1,2,2,3,3,4,10000,{"$f":"IF(OR(AND(AE158=\"YES\",AF158=\"PHYSICALLY VERIFIED\"),AND(AE158=\"YES\",AF158=\"DOCUMENT VERIFIED\"),AND(AE158=\"YES\",'Basic Details'!$D$31=\"Self Assessment\"),AND(AE158=\"YES\",'Basic Details'!$D$31=\"Draft\")),1*IF(BB158=\"ERROR INPUT\",0+1,1),0)","v":0},null,"",null,null,null,null,"Copies of meeting notices / news / photographs / reports  of events (Make a list such events)",null,null,null,null,null,null,null,null,null,null,null,null,null,null,null,null,null,null,null,null,null,0,1,2,3,"4 & Above",null,null,null,null,"F-4",149,4,0.25,1,0]
[null,null,150,null,"No. of Students- Principal interactions.",null,null,{"$f":"+F159","v":0},"",0.25,"",0,"","","","",0,0,1,1,2,2,3,3,4,10000,{"$f":"IF(OR(AND(AE159=\"YES\",AF159=\"PHYSICALLY VERIFIED\"),AND(AE159=\"YES\",AF159=\"DOCUMENT VERIFIED\"),AND(AE159=\"YES\",'Basic Details'!$D$31=\"Self Assessment\"),AND(AE159=\"YES\",'Basic Details'!$D$31=\"Draft\")),1*IF(BB159=\"ERROR INPUT\",0+1,1),0)","v":0},null,"",null,null,null,null,"Copies of meeting notices / news / photographs / reports  of events (Make a list such events)",null,null,null,null,null,null,null,null,null,null,null,null,null,null,null,null,null,null,null,null,null,0,1,2,3,"4 & Above",null,null,null,null,"F-4",150,4,0.25,1,0]
[null,null,151,null,"No. of Student- Teacher meetings other than class room  teaching.",null,null,{"$f":"+F160","v":0},"",0.25,"",0,"","","","",0,0,1,1,2,2,3,3,4,10000,{"$f":"IF(OR(AND(AE160=\"YES\",AF160=\"PHYSICALLY VERIFIED\"),AND(AE160=\"YES\",AF160=\"DOCUMENT VERIFIED\"),AND(AE160=\"YES\",'Basic Details'!$D$31=\"Self Assessment\"),AND(AE160=\"YES\",'Basic Details'!$D$31=\"Draft\")),1*IF(BB160=\"ERROR INPUT\",0+1,1),0)","v":0},null,"",null,null,null,null,"Copies of meeting notices / news / photographs / reports  of events (Make a list such events)",null,null,null,null,null,null,null,null,null,null,null,null,null,null,null,null,null,null,null,null,null,0,1,2,3,"4 & Above",null,null,null,null,"F-4",151,4,0.25,1,0]
[null,null,152,null,"No. of Staff Council and Development committee meetings held.",null,null,{"$f":"+F161","v":0},"",0.25,"",0,"","","","",0,0,1,1,2,2,3,3,4,10000,{"$f":"IF(OR(AND(AE161=\"YES\",AF161=\"PHYSICALLY VERIFIED\"),AND(AE161=\"YES\",AF161=\"DOCUMENT VERIFIED\"),AND(AE161=\"YES\",'Basic Details'!$D$31=\"Self Assessment\"),AND(AE161=\"YES\",'Basic Details'!$D$31=\"Draft\")),1*IF(BB161=\"ERROR INPUT\",0+1,1),0)","v":0},null,"",null,null,null,null,"Copies of meeting notices / news / photographs / reports / minutes of events (Make a list such events)",null,null,null,null,null,null,null,null,null,null,null,null,null,null,null,null,null,null,null,null,null,0,1,2,3,"4 & Above",null,null,null,null,"F-4",152,4,0.25,1,0]
[null,null,153,null,"No. of Parents- Teacher meetings.",null,null,{"$f":"+F162","v":0},"",0.25,"",0,"","","","",0,0,1,1,2,2,3,3,4,10000,{"$f":"IF(OR(AND(AE162=\"YES\",AF162=\"PHYSICALLY VERIFIED\"),AND(AE162=\"YES\",AF162=\"DOCUMENT VERIFIED\"),AND(AE162=\"YES\",'Basic Details'!$D$31=\"Self Assessment\"),AND(AE162=\"YES\",'Basic Details'!$D$31=\"Draft\")),1*IF(BB162=\"ERROR INPUT\",0+1,1),0)","v":0},null,"",null,null,null,null,"Copies of meeting notices / news / photographs / reports / minutes of events (Make a list such events)",null,null,null,null,null,null,null,null,null,null,null,null,null,null,null,null,null,null,null,null,null,0,1,2,3,"4 & Above",null,null,null,null,"F-4",153,4,0.25,1,0]
[null,null,154,null,"Alumni Association of college is formed /  Registered.",null,null,{"$f":"IF(F163=\"No\",0,IF(F163=\"yes Formed only\",1,IF(F163=\"yes formed & registered\",2,0)))","v":0},{"$f":"IF(F163=\"\",\"\",SUM(L163:P163))","v":""},0.25,"","","","","","",0,0,0,0,1,1,2,1,2,100,{"$f":"IF(OR(AND(AE163=\"YES\",AF163=\"PHYSICALLY VERIFIED\"),AND(AE163=\"YES\",AF163=\"DOCUMENT VERIFIED\"),AND(AE163=\"YES\",'Basic Details'!$D$31=\"Self Assessment\"),AND(AE163=\"YES\",'Basic Details'!$D$31=\"Draft\")),1*IF(BB163=\"ERROR INPUT\",0+1,1),0)","v":0},null,"",null,null,null,null,null,null,null,null,null,null,null,null,null,null,null,null,null,null,null,null,null,null,null,null,null,null,"No",null,"yes Formed only",null,"Yes Formed & Registered",null,null,null,null,"F-4",154,4,0.25,1,0]
[null,null,155,null,"No. of Alumni meetings held (last 2 years).",null,null,{"$f":"+F164","v":0},{"$f":"IF(F164=\"\",\"\",SUM(L164:P164))","v":""},0.25,"",0,"","","","",0,0,1,1,2,2,3,3,4,10000,{"$f":"IF(OR(AND(AE164=\"YES\",AF164=\"PHYSICALLY VERIFIED\"),AND(AE164=\"YES\",AF164=\"DOCUMENT VERIFIED\"),AND(AE164=\"YES\",'Basic Details'!$D$31=\"Self Assessment\"),AND(AE164=\"YES\",'Basic Details'!$D$31=\"Draft\")),1*IF(BB164=\"ERROR INPUT\",0+1,1),0)","v":0},null,"",null,null,null,null,"Copies of meeting notices / news / photographs / reports / minutes of events (Make a list such events)",null,null,null,null,null,null,null,null,null,null,null,null,null,null,null,null,null,null,null,null,null,0,1,2,3,"4 & Above",null,null,null,null,"F-4",155,4,0.25,1,0,{"$f":"SUM(BP158:BP164)","v":1.75},{"$f":"SUM(BR158:BR164)","v":0},{"$f":"SUM(BQ158:BQ164)","v":7}]
[null,"F-5 Institutional Distictiveness and Best Practice",156,null,"How many Waste Management System (Solid waste/Liquid Waste/E waste/Bio-waste) the college has.",null,null,{"$f":"+F165","v":0},"",0.5,"",0,"","","","",0,0,1,1,2,2,3,3,4,10000,{"$f":"IF(OR(AND(AE165=\"YES\",AF165=\"PHYSICALLY VERIFIED\"),AND(AE165=\"YES\",AF165=\"DOCUMENT VERIFIED\"),AND(AE165=\"YES\",'Basic Details'!$D$31=\"Self Assessment\"),AND(AE165=\"YES\",'Basic Details'!$D$31=\"Draft\")),1*IF(BB165=\"ERROR INPUT\",0+1,1),0)","v":0},null,"",null,null,null,null,null,null,null,null,null,null,null,null,null,null,null,null,null,null,null,null,null,null,null,null,null,null,0,1,2,3,4,null,null,null,null,"F-5",156,4,0.5,2,0]
["F. Commitment, Leadership and Management","F-5 Institutional Distictiveness and Best Practice",157,null,"Provide writeup of minimum two Best Practices in maximum 500 words (To be uploaded on web portal and provide the link below).",null,null,{"$f":"+F166","v":0},"",0.5,"",{"$f":"IF(OR(F166=\"\",F166=\"NO\"),$L$5,\"\")","v":0},{"$f":"IF(AND($H166<$U166%,$H166>$R166%),$M$5,\"\")","v":""},{"$f":"IF(AND($H166<$W166%,$H166>$T166%),$N$5,\"\")","v":""},{"$f":"IF(AND($H166<$Y166%,$H166>$V166%),$O$5,\"\")","v":""},{"$f":"IF(F166=\"YES\",$P$5,\"\")","v":""},null,null,null,null,null,null,null,null,null,null,{"$f":"IF(OR(AND(AE165=\"YES\",AF165=\"PHYSICALLY VERIFIED\"),AND(AE165=\"YES\",AF165=\"DOCUMENT VERIFIED\"),AND(AE165=\"YES\",'Basic Details'!$D$31=\"Self Assessment\"),AND(AE165=\"YES\",'Basic Details'!$D$31=\"Draft\")),1*IF(BB165=\"ERROR INPUT\",0+1,1),0)","v":0},null,{"$f":"IF(AB166=\"\",\"\",\"-\")","v":""},null,null,null,null,null,null,null,null,null,null,null,null,null,null,null,null,null,null,null,null,null,null,null,null,null,null,"No",null,null,null,"Yes",null,null,null,null,"F-5",157,4,0.5,2,0]
[null,null,158,null,null,null,null,null,null,null,null,null,null,null,null,null,null,null,null,null,null,null,null,null,null,null,null,null,null,null,null,null,null,null,null,null,null,null,null,null,null,null,null,null,null,null,null,null,null,null,null,null,null,null,null,null,null,null,null,null,null,null,null,null,null,141]
[null,null,{"$f":"1+C166","v":158},null,"Provide writeup of Institutional Distinctiveness in maximum 1000 words (To be uploaded on web portal and provide the link below).",null,null,{"$f":"+F168","v":0},{"$f":"IF(F168=\"\",\"\",SUM(L168:P168))","v":""},0.5,"",{"$f":"IF(OR(F168=\"\",F168=\"NO\"),$L$5,\"\")","v":0},"","","",{"$f":"IF(F168=\"YES\",$P$5,\"\")","v":""},null,null,null,null,null,null,null,null,null,null,{"$f":"IF(OR(AND(AE167=\"YES\",AF167=\"PHYSICALLY VERIFIED\"),AND(AE167=\"YES\",AF167=\"DOCUMENT VERIFIED\"),AND(AE167=\"YES\",'Basic Details'!$D$31=\"Self Assessment\"),AND(AE167=\"YES\",'Basic Details'!$D$31=\"Draft\")),1*IF(BB167=\"ERROR INPUT\",0+1,1),0)","v":0},null,{"$f":"IF(AB168=\"\",\"\",\"-\")","v":""},null,null,null,null,null,null,null,null,null,null,null,null,null,null,null,null,null,null,null,null,null,null,null,null,null,null,"No",null,null,null,"Yes",null,null,null,null,"F-5",158,4,{"$f":"+J168","v":0.5},{"$f":"+BO168*BP168","v":2},{"$f":"IF(K168=\"\",0,+K168)","v":0}]
[null,null,159,null,null,null,null,null,null,null,null,null,null,null,null,null,null,null,null,null,null,null,null,null,null,null,null,null,null,null,null,null,null,null,null,null,null,null,null,null,null,null,null,null,null,null,null,null,null,null,null,null,null,null,null,null,null,null,null,null,null,null,null,null,null,142]
[null,null,{"$f":"1+C168","v":159},null,"Energy Conservation (Solar/Wind/Bio-Gas).",null,null,{"$f":"+F170","v":0},{"$f":"IF(F170=\"\",\"\",SUM(L170:P170))","v":""},0.25,{"$f":"IF(I170=\"\",\"\",+I170*J170*AA170)","v":""},{"$f":"IF(OR(H170=\"\",H170=\"NO\"),$L$5,\"\")","v":""},{"$f":"IF(AND($H170<$U170%,$H170>$R170%),$M$5,\"\")","v":""},{"$f":"IF(AND($H170<$W170%,$H170>$T170%),$N$5,\"\")","v":""},{"$f":"IF(AND($H170<$Y170%,$H170>$V170%),$O$5,\"\")","v":""},{"$f":"IF(H170=\"YES\",$P$5,\"\")","v":""},null,null,null,null,null,null,null,null,null,null,{"$f":"IF(OR(AND(AE170=\"YES\",AF170=\"PHYSICALLY VERIFIED\"),AND(AE170=\"YES\",AF170=\"DOCUMENT VERIFIED\"),AND(AE170=\"YES\",'Basic Details'!$D$31=\"Self Assessment\"),AND(AE170=\"YES\",'Basic Details'!$D$31=\"Draft\")),1*IF(BB170=\"ERROR INPUT\",0+1,1),0)","v":0},null,{"$f":"IF(AB170=\"\",\"\",\"-\")","v":""},null,null,null,null,null,null,null,null,null,null,null,null,null,null,null,null,null,null,null,null,null,null,null,null,null,null,"No",null,null,null,"Yes",null,null,null,null,"F-5",159,4,0.25,1,0]
[null,null,160,null,"Green campus initiatives (like water conservation, water harvesting system, air purifier, green compost, herbal garden etc.).",null,null,0,"",0.5,"",{"$f":"IF(OR(H171=\"\",H171=\"NO\"),$L$5,\"\")","v":""},"","","",{"$f":"IF(H171=\"YES\",$P$5,\"\")","v":""},null,null,null,null,null,null,null,null,null,null,{"$f":"IF(OR(AND(AE171=\"YES\",AF171=\"PHYSICALLY VERIFIED\"),AND(AE171=\"YES\",AF171=\"DOCUMENT VERIFIED\"),AND(AE171=\"YES\",'Basic Details'!$D$31=\"Self Assessment\"),AND(AE171=\"YES\",'Basic Details'!$D$31=\"Draft\")),1*IF(BB171=\"ERROR INPUT\",0+1,1),0)","v":0},null,"",null,null,null,null,null,null,null,null,null,null,null,null,null,null,null,null,null,null,null,null,null,null,null,null,null,null,"No",null,null,null,"Yes",null,null,null,null,"F-5",160,4,0.5,2,0]
[null,null,161,null,"Green Audit.",null,null,0,"",0.5,"",{"$f":"IF(OR(H172=\"\",H172=\"NO\"),$L$5,\"\")","v":""},"","","",{"$f":"IF(H172=\"YES\",$P$5,\"\")","v":""},null,null,null,null,null,null,null,null,null,null,{"$f":"IF(OR(AND(AE172=\"YES\",AF172=\"PHYSICALLY VERIFIED\"),AND(AE172=\"YES\",AF172=\"DOCUMENT VERIFIED\"),AND(AE172=\"YES\",'Basic Details'!$D$31=\"Self Assessment\"),AND(AE172=\"YES\",'Basic Details'!$D$31=\"Draft\")),1*IF(BB172=\"ERROR INPUT\",0+1,1),0)","v":0},null,"",null,null,null,null,null,null,null,null,null,null,null,null,null,null,null,null,null,null,null,null,null,null,null,null,null,null,"No",null,null,null,"Yes",null,null,null,null,"F-5",161,4,0.5,2,0]
["F. Commitment, Leadership and Management","F-5 Institutional Distictiveness and Best Practice",162,null,"Display of Code of conduct (Duties and Responsibilities) on College Web Page - Student, Teacher, Others.",null,null,0,"",0.25,"",{"$f":"IF(OR(H173=\"\",H173=\"NO\"),$L$5,\"\")","v":""},"","","",{"$f":"IF(H173=\"YES\",$P$5,\"\")","v":""},null,null,null,null,null,null,null,null,null,null,{"$f":"IF(OR(AND(AE173=\"YES\",AF173=\"PHYSICALLY VERIFIED\"),AND(AE173=\"YES\",AF173=\"DOCUMENT VERIFIED\"),AND(AE173=\"YES\",'Basic Details'!$D$31=\"Self Assessment\"),AND(AE173=\"YES\",'Basic Details'!$D$31=\"Draft\")),1*IF(BB173=\"ERROR INPUT\",0+1,1),0)","v":0},null,"",null,null,null,null,null,null,null,null,null,null,null,null,null,null,null,null,null,null,null,null,null,null,null,null,null,null,"No",null,null,null,"Yes",null,null,null,null,"F-5",162,4,0.25,1,0]
[null,null,163,null,"Percentage of Students passed in Competitive Exams.",null,{"$f":"IF(F174=\"\",\"\",+$F$7)","v":""},{"$f":"IF(F174=\"\",\"\",ROUND(F174/G174,4))","v":""},{"$f":"IF(OR(F174=\"\",G174=\"\",G174=0),\"\",SUM(L174:P174))","v":""},0.5,"",{"$f":"IF($H174<$S174%,$L$5,\"\")","v":""},{"$f":"IF(AND($H174<$U174%,$H174>$R174%),$M$5,\"\")","v":""},{"$f":"IF(AND($H174<$W174%,$H174>$T174%),$N$5,\"\")","v":""},{"$f":"IF(AND($H174<$Y174%,$H174>$V174%),$O$5,\"\")","v":""},{"$f":"IF(AND($H174<Z174%,H174>X174%),$P$5,\"\")","v":""},0,0,1E-4,2,2.0000100000000001,5,5.0000099999999996,10,10.0001,1000000,{"$f":"IF(OR(AND(AE174=\"YES\",AF174=\"PHYSICALLY VERIFIED\"),AND(AE174=\"YES\",AF174=\"DOCUMENT VERIFIED\"),AND(AE174=\"YES\",'Basic Details'!$D$31=\"Self Assessment\"),AND(AE174=\"YES\",'Basic Details'!$D$31=\"Draft\")),1*IF(BB174=\"ERROR INPUT\",0+1,1),0)","v":0},null,"",null,null,null,null,null,null,null,null,null,null,null,null,null,null,null,null,null,null,null,null,null,null,null,null,null,null,0,"More than 0 but upto 2","More than 2 but upto 5","More than 5 but upto 10","More than 10 ",null,null,null,null,"F-5",163,4,0.5,2,0]
[null,null,164,null,"Organised Blood Donation Camp.",null,null,{"$f":"+F175","v":0},{"$f":"IF(F175=\"\",\"\",SUM(L175:P175))","v":""},0.5,"",{"$f":"IF(OR(H175=\"\",H175=\"NO\"),$L$5,\"\")","v":""},{"$f":"IF(AND($H175<$U175%,$H175>$R175%),$M$5,\"\")","v":""},{"$f":"IF(AND($H175<$W175%,$H175>$T175%),$N$5,\"\")","v":""},{"$f":"IF(AND($H175<$Y175%,$H175>$V175%),$O$5,\"\")","v":""},{"$f":"IF(H175=\"YES\",$P$5,\"\")","v":""},null,null,null,null,null,null,null,null,null,null,{"$f":"IF(OR(AND(AE175=\"YES\",AF175=\"PHYSICALLY VERIFIED\"),AND(AE175=\"YES\",AF175=\"DOCUMENT VERIFIED\"),AND(AE175=\"YES\",'Basic Details'!$D$31=\"Self Assessment\"),AND(AE175=\"YES\",'Basic Details'!$D$31=\"Draft\")),1*IF(BB175=\"ERROR INPUT\",0+1,1),0)","v":0},null,"",null,null,null,null,null,null,null,null,null,null,null,null,null,null,null,null,null,null,null,null,null,null,null,null,null,null,"No",null,null,null,"Yes",null,null,null,null,"F-5",164,4,0.5,2,0]
[null,null,165,null,"Health Awarness Camps are orgranised by College.",null,null,0,"",0.25,"",{"$f":"IF(OR(H176=\"\",H176=\"NO\"),$L$5,\"\")","v":""},"","","",{"$f":"IF(H176=\"YES\",$P$5,\"\")","v":""},null,null,null,null,null,null,null,null,null,null,{"$f":"IF(OR(AND(AE176=\"YES\",AF176=\"PHYSICALLY VERIFIED\"),AND(AE176=\"YES\",AF176=\"DOCUMENT VERIFIED\"),AND(AE176=\"YES\",'Basic Details'!$D$31=\"Self Assessment\"),AND(AE176=\"YES\",'Basic Details'!$D$31=\"Draft\")),1*IF(BB176=\"ERROR INPUT\",0+1,1),0)","v":0},null,"",null,null,null,null,null,null,null,null,null,null,null,null,null,null,null,null,null,null,null,null,null,null,null,null,null,null,"No",null,null,null,"Yes",null,null,null,null,"F-5",165,4,0.25,1,0]
[null,null,166,null,"Celebration of National/International Days (No.)",null,null,{"$f":"+F177","v":0},"",0.25,"",{"$f":"IF($H177<$S177,$L$5,\"\")","v":0},{"$f":"IF(AND($H177<$U177,$H177>$R177),$M$5,\"\")","v":""},{"$f":"IF(AND($H177<$W177,$H177>$T177),$N$5,\"\")","v":""},{"$f":"IF(AND($H177<$Y177,$H177>$V177),$O$5,\"\")","v":""},{"$f":"IF(AND($H177<Z177,H177>X177),$P$5,\"\")","v":""},0,0,1E-4,0.99999000000000005,1,9,10,9,10,10000,{"$f":"IF(OR(AND(AE177=\"YES\",AF177=\"PHYSICALLY VERIFIED\"),AND(AE177=\"YES\",AF177=\"DOCUMENT VERIFIED\"),AND(AE177=\"YES\",'Basic Details'!$D$31=\"Self Assessment\"),AND(AE177=\"YES\",'Basic Details'!$D$31=\"Draft\")),1*IF(BB177=\"ERROR INPUT\",0+1,1),0)","v":0},null,"",null,null,null,null,null,null,null,null,null,null,null,null,null,null,null,null,null,null,null,null,null,null,null,null,null,null,0,null,"1-9",null,"10 & Above",null,null,null,null,"F-5",166,4,0.25,1,0]
[null,null,167,null,"Percentage of  Departments/Faculty having its own association.",null,null,{"$f":"IF(F178=\"\",\"\",ROUND(F178/G178,4))","v":""},{"$f":"IF(OR(F178=\"\",G178=\"\",G178=0),\"\",SUM(L178:P178))","v":""},0.25,"",{"$f":"IF($H178<$S178%,$L$5,\"\")","v":""},{"$f":"IF(AND($H178<$U178%,$H178>$R178%),$M$5,\"\")","v":""},{"$f":"IF(AND($H178<$W178%,$H178>$T178%),$N$5,\"\")","v":""},{"$f":"IF(AND($H178<$Y178%,$H178>$V178%),$O$5,\"\")","v":""},{"$f":"IF(AND($H178<Z178%,H178>X178%),$P$5,\"\")","v":""},0,0,1E-4,25,25.00001,50,50.000100000000003,75,75.000100000000003,100000000,{"$f":"IF(OR(AND(AE178=\"YES\",AF178=\"PHYSICALLY VERIFIED\"),AND(AE178=\"YES\",AF178=\"DOCUMENT VERIFIED\"),AND(AE178=\"YES\",'Basic Details'!$D$31=\"Self Assessment\"),AND(AE178=\"YES\",'Basic Details'!$D$31=\"Draft\")),1*IF(BB178=\"ERROR INPUT\",0+1,1),0)","v":0},null,"",null,null,null,null,null,null,null,null,null,null,null,null,null,null,null,null,null,null,null,null,null,null,null,null,null,null,0,"More than 0 but upto 25","More than 25 but upto 50","More than 50 but upto 75","More than 75 ",null,null,null,null,"F-5",167,4,0.25,1,0]
[null,null,168,null,"No. of trees planted and Survived in the college campus.",null,null,{"$f":"+F179","v":0},{"$f":"IF(F179=\"\",\"\",SUM(L179:P179))","v":""},0.5,"",{"$f":"IF($H179<$S179,$L$5,\"\")","v":0},{"$f":"IF(AND($H179<$U179,$H179>$R179),$M$5,\"\")","v":""},{"$f":"IF(AND($H179<$W179,$H179>$T179),$N$5,\"\")","v":""},{"$f":"IF(AND($H179<$Y179,$H179>$V179),$O$5,\"\")","v":""},{"$f":"IF(AND($H179<Z179,H179>X179),$P$5,\"\")","v":""},0,10,11,50,51,100,101,200,201,10000,{"$f":"IF(OR(AND(AE179=\"YES\",AF179=\"PHYSICALLY VERIFIED\"),AND(AE179=\"YES\",AF179=\"DOCUMENT VERIFIED\"),AND(AE179=\"YES\",'Basic Details'!$D$31=\"Self Assessment\"),AND(AE179=\"YES\",'Basic Details'!$D$31=\"Draft\")),1*IF(BB179=\"ERROR INPUT\",0+1,1),0)","v":0},null,"",null,null,null,null,"Number of trees planted as given in spreadsheet to be verified physically by Peer Team",null,null,null,null,null,null,null,null,null,null,null,null,null,null,null,null,null,null,null,null,null,"0-10","11-50","51-100","101-200","201 & Above",null,null,null,null,"F-5",168,4,0.5,2,0]
[null,null,169,null,"Percentage of students placed through Employment Fairs/Placement Camps/Campus Recruitment Drives organised by the college.",null,{"$f":"IF(F180=\"\",\"\",+$F$7)","v":""},{"$f":"IF(F180=\"\",\"\",ROUND(F180/G180,4))","v":""},{"$f":"IF(OR(F180=\"\",G180=\"\",G180=0),\"\",SUM(L180:P180))","v":""},0.5,"",{"$f":"IF($H180<$S180%,$L$5,\"\")","v":""},{"$f":"IF(AND($H180<$U180%,$H180>$R180%),$M$5,\"\")","v":""},{"$f":"IF(AND($H180<$W180%,$H180>$T180%),$N$5,\"\")","v":""},{"$f":"IF(AND($H180<$Y180%,$H180>$V180%),$O$5,\"\")","v":""},{"$f":"IF(AND($H180<Z180%,H180>X180%),$P$5,\"\")","v":""},0,0,1E-4,1.9999,2,3.9998999999999998,4,5.9999000000000002,6,10000,{"$f":"IF(OR(AND(AE180=\"YES\",AF180=\"PHYSICALLY VERIFIED\"),AND(AE180=\"YES\",AF180=\"DOCUMENT VERIFIED\"),AND(AE180=\"YES\",'Basic Details'!$D$31=\"Self Assessment\"),AND(AE180=\"YES\",'Basic Details'!$D$31=\"Draft\")),1*IF(BB180=\"ERROR INPUT\",0+1,1),0)","v":0},null,"",null,null,null,null,"Copies of orders / news / photographs / reports AND list of students who have been placed through such fairs",null,null,null,null,null,null,null,null,null,null,null,null,null,null,null,null,null,null,null,{"$f":"IF(F180>G180,\"ERROR INPUT\",\"\")","v":""},null,0,"More than 0 but less than 2","2-4","4-6","6 & Above",null,null,null,null,"F-5",169,4,0.5,2,0]
[null,null,170,null,"No. of years for which Placement Data is maintained.",null,null,{"$f":"+F181","v":0},{"$f":"IF(F181=\"\",\"\",SUM(L181:P181))","v":""},0.25,"",{"$f":"IF($H181<$S181,$L$5,\"\")","v":0},{"$f":"IF(AND($H181<$U181,$H181>$R181),$M$5,\"\")","v":""},{"$f":"IF(AND($H181<$W181,$H181>$T181),$N$5,\"\")","v":""},{"$f":"IF(AND($H181<$Y181,$H181>$V181),$O$5,\"\")","v":""},{"$f":"IF(AND($H181<Z181,H181>X181),$P$5,\"\")","v":""},0,0,1,1,2,2,3,3,4,10000,{"$f":"IF(OR(AND(AE181=\"YES\",AF181=\"PHYSICALLY VERIFIED\"),AND(AE181=\"YES\",AF181=\"DOCUMENT VERIFIED\"),AND(AE181=\"YES\",'Basic Details'!$D$31=\"Self Assessment\"),AND(AE181=\"YES\",'Basic Details'!$D$31=\"Draft\")),1*IF(BB181=\"ERROR INPUT\",0+1,1),0)","v":0},null,"",null,null,null,null,"Copies of orders / news / photographs / reports AND list of students who have been placed through such fairs",null,null,null,null,null,null,null,null,null,null,null,null,null,null,null,null,null,null,null,"",null,0,1,2,3,"4 & Above",null,null,null,null,"F-5",170,4,0.25,1,0]
[null,null,171,null,"Gender Equity Programes organised by College.",null,null,{"$f":"+F182","v":0},"",0.25,"",{"$f":"IF(OR(H182=\"\",H182=\"NO\"),$L$5,\"\")","v":""},{"$f":"IF(AND($H182<$U182%,$H182>$R182%),$M$5,\"\")","v":""},{"$f":"IF(AND($H182<$W182%,$H182>$T182%),$N$5,\"\")","v":""},{"$f":"IF(AND($H182<$Y182%,$H182>$V182%),$O$5,\"\")","v":""},{"$f":"IF(H182=\"YES\",$P$5,\"\")","v":""},null,null,null,null,null,null,null,null,null,null,{"$f":"IF(OR(AND(AE182=\"YES\",AF182=\"PHYSICALLY VERIFIED\"),AND(AE182=\"YES\",AF182=\"DOCUMENT VERIFIED\"),AND(AE182=\"YES\",'Basic Details'!$D$31=\"Self Assessment\"),AND(AE182=\"YES\",'Basic Details'!$D$31=\"Draft\")),1*IF(BB182=\"ERROR INPUT\",0+1,1),0)","v":0},null,"",null,null,null,null,null,null,null,null,null,null,null,null,null,null,null,null,null,null,null,null,null,null,null,null,null,null,"No",null,null,null,"Yes",null,null,null,null,"F-5",171,4,0.25,1,0]
["F. Commitment, Leadership and Management","F-5 Institutional Distictiveness and Best Practice",172,null,"Security and Safety Programes for Women organised by College.",null,null,0,"",0.25,"",{"$f":"IF(OR(H183=\"\",H183=\"NO\"),$L$5,\"\")","v":""},"","","",{"$f":"IF(H183=\"YES\",$P$5,\"\")","v":""},null,null,null,null,null,null,null,null,null,null,{"$f":"IF(OR(AND(AE183=\"YES\",AF183=\"PHYSICALLY VERIFIED\"),AND(AE183=\"YES\",AF183=\"DOCUMENT VERIFIED\"),AND(AE183=\"YES\",'Basic Details'!$D$31=\"Self Assessment\"),AND(AE183=\"YES\",'Basic Details'!$D$31=\"Draft\")),1*IF(BB183=\"ERROR INPUT\",0+1,1),0)","v":0},null,"",null,null,null,null,null,null,null,null,null,null,null,null,null,null,null,null,null,null,null,null,null,null,null,null,null,null,"No",null,null,null,"Yes",null,null,null,null,"F-5",172,4,0.25,1,0]
[null,null,173,null,"Whether Sanitary Napkin distribution facility is available in the College.",null,null,0,"",0.25,"",{"$f":"IF(OR(H184=\"\",H184=\"NO\"),$L$5,\"\")","v":""},"","","",{"$f":"IF(H184=\"YES\",$P$5,\"\")","v":""},null,null,null,null,null,null,null,null,null,null,{"$f":"IF(OR(AND(AE184=\"YES\",AF184=\"PHYSICALLY VERIFIED\"),AND(AE184=\"YES\",AF184=\"DOCUMENT VERIFIED\"),AND(AE184=\"YES\",'Basic Details'!$D$31=\"Self Assessment\"),AND(AE184=\"YES\",'Basic Details'!$D$31=\"Draft\")),1*IF(BB184=\"ERROR INPUT\",0+1,1),0)","v":0},null,"",null,null,null,null,null,null,null,null,null,null,null,null,null,null,null,null,null,null,null,null,null,null,null,null,null,null,"No",null,null,null,"Yes",null,null,null,null,"F-5",173,4,0.25,1,0]
[null,null,174,null,"Whether the college prepares Institutional Development Plan.",null,null,{"$f":"IF(F185=\"No\",0,IF(F185=\"annual\",1,IF(F185=\"5-Yearly\",2,0)))","v":0},{"$f":"IF(F185=\"\",\"\",SUM(L185:P185))","v":""},0.5,"",{"$f":"IF($H185<$S185,$L$5,\"\")","v":""},{"$f":"IF(AND($H185<$U185,$H185>$R185),$M$5,\"\")","v":""},{"$f":"IF(AND($H185<$W185,$H185>$T185),$N$5,\"\")","v":""},{"$f":"IF(AND($H185<$Y185,$H185>$V185),$O$5,\"\")","v":""},{"$f":"IF(AND($H185<Z185,H185>X185),$P$5,\"\")","v":""},0,0,0,0,1,1,2,1,2,100,{"$f":"IF(OR(AND(AE185=\"YES\",AF185=\"PHYSICALLY VERIFIED\"),AND(AE185=\"YES\",AF185=\"DOCUMENT VERIFIED\"),AND(AE185=\"YES\",'Basic Details'!$D$31=\"Self Assessment\"),AND(AE185=\"YES\",'Basic Details'!$D$31=\"Draft\")),1*IF(BB185=\"ERROR INPUT\",0+1,1),0)","v":0},null,"",null,null,null,null,null,null,null,null,null,null,null,null,null,null,null,null,null,null,null,null,null,null,null,null,null,null,"No",null,"Annual",null,"5-Yearly",null,null,null,null,"F-5",174,4,0.5,2,0]
[null,null,175,null,"Whether minutes of meetings of IQAC and ATR are uploaded on website.",null,null,{"$f":"+F186","v":0},{"$f":"IF(F186=\"\",\"\",SUM(L186:P186))","v":""},0.25,"",{"$f":"IF(OR(H186=\"\",H186=\"NO\"),$L$5,\"\")","v":""},{"$f":"IF(AND($H186<$U186%,$H186>$R186%),$M$5,\"\")","v":""},{"$f":"IF(AND($H186<$W186%,$H186>$T186%),$N$5,\"\")","v":""},{"$f":"IF(AND($H186<$Y186%,$H186>$V186%),$O$5,\"\")","v":""},{"$f":"IF(H186=\"YES\",$P$5,\"\")","v":""},null,null,null,null,null,null,null,null,null,null,{"$f":"IF(OR(AND(AE186=\"YES\",AF186=\"PHYSICALLY VERIFIED\"),AND(AE186=\"YES\",AF186=\"DOCUMENT VERIFIED\")),1*IF(BB186=\"ERROR INPUT\",0,1),0)","v":0},null,"",null,null,null,null,null,null,null,null,null,null,null,null,null,null,null,null,null,null,null,null,null,null,null,null,null,null,"No",null,null,null,"Yes",null,null,null,null,"F-5",175,4,0.25,1,0]
[null,null,176,null,"Whether Course Outcomes (COs), Programme Outcomes (POs), Programme Specific Outcomes (PSOs) are displayed and learning outcomes are maintained annually.",null,null,0,"",0.25,"",{"$f":"IF(OR(H187=\"\",H187=\"NO\"),$L$5,\"\")","v":""},"","","",{"$f":"IF(H187=\"YES\",$P$5,\"\")","v":""},null,null,null,null,null,null,null,null,null,null,0,null,"",null,null,null,null,null,null,null,null,null,null,null,null,null,null,null,null,null,null,null,null,null,null,null,null,null,null,"No",null,null,null,"Yes",null,null,null,null,"F-5",176,4,0.25,1,0,{"$f":"SUM(BP165:BP187)","v":7.75},{"$f":"SUM(BR165:BR187)","v":0},{"$f":"SUM(BQ165:BQ187)","v":31},{"$f":"SUM(BS142:BS187)","v":14.25},{"$f":"SUM(BT142:BT187)","v":0},{"$f":"SUM(BU142:BU187)","v":57}]
[]
[{"$f":"+'Result KeyFactorwise AAP'!A26:C26","v":"1. , Principal, , , Mobile No. : "},null,null,null,null,{"$f":"+'Result KeyFactorwise AAP'!D26","v":"Team Leader"}]
[{"$f":"+'Result KeyFactorwise AAP'!A27:C27","v":"2. , Associate Professor, , , Mobile No. : "},null,null,null,null,"Co-in-Charge"]
[{"$f":"+'Result KeyFactorwise AAP'!A28:C28","v":"3. , Assistant Professor, , , Mobile No. : "},null,null,null,null,{"$f":"+'Result KeyFactorwise AAP'!D28","v":"Member"}]
["Despatch No. and Date :"]
[{"$f":"+'Result KeyFactorwise AAP'!A30:D30","v":", Principal, ,  Mobile No. : "}]